000
CXUS56 KTFX 272203
CF6HVR
PRELIMINARY LOCAL CLIMATOLOGICAL DATA (WS FORM: F-6)
STATION: HAVRE MT
MONTH: MARCH
YEAR: 2024
LATITUDE: 48 32 N
LONGITUDE: 109 46 W
TEMPERATURE IN F: :PCPN: SNOW: WIND :SUNSHINE: SKY :PK WND
================================================================================
1 2 3 4 5 6A 6B 7 8 9 10 11 12 13 14 15 16 17 18
12Z AVG MX 2MIN
DY MAX MIN AVG DEP HDD CDD WTR SNW DPTH SPD SPD DIR MIN PSBL S-S WX SPD DR
================================================================================
1 42 22 32 7 33 0 0.00 0.0 0 9.6 23 310 M M 2 1 33 230
2 32 11 22 -4 43 0 0.07 3.0 0 15.5 25 300 M M 8 129 33 310
3 12 -3 5 -21 60 0 0.04 1.1 4 18.0 26 290 M M 3 1 33 290
4 12 -7 3 -23 62 0 0.00 0.0 3 6.8 14 310 M M M 17 320
5 22 -2 10 -17 55 0 0.00 0.0 2 9.0 18 70 M M 1 1 22 70
6 22 3 13 -14 52 0 0.03 0.8 3 5.2 12 90 M M 6 18 16 330
7 28 -5 12 -16 53 0 0.00 0.0 2 3.8 9 90 M M 0 11 90
8 45 2 24 -4 41 0 0.00 0.0 1 10.8 25 230 M M 0 32 230
9 54 27 41 12 24 0 0.00 0.0 0 8.9 16 210 M M 0 21 230
10 55 32 44 15 21 0 0.00 0.0 0 11.7 22 230 M M 1 29 240
11 52 33 43 13 22 0 0.00 0.0 0 10.8 22 240 M M 1 29 210
12 57 30 44 14 21 0 0.01 0.0 0 9.7 23 280 M M 3 30 290
13 52 29 41 10 24 0 0.00 0.0 0 10.0 17 20 M M 2 22 20
14 49 29 39 8 26 0 0.00 0.0 0 5.6 10 170 M M 6 14 260
15 58 28 43 11 22 0 0.00 0.0 0 11.1 24 220 M M 1 31 300
16 55 35 45 13 20 0 0.00 0.0 0 5.6 15 70 M M 5 18 70
17 53 28 41 8 24 0 0.00 0.0 0 7.6 17 80 M M 0 22 80
18 67 25 46 13 19 0 0.00 0.0 0 8.1 23 230 M M 0 33 230
19 52 27 40 6 25 0 0.00 0.0 0 10.6 24 80 M M 5 32 90
20 37 22 30 -4 35 0 T T 0 20.0 26 80 M M 8 33 80
21 24 20 22 -12 43 0 0.16 3.2 0 12.0 20 80 M M 10 128 25 60
22 27 17 22 -13 43 0 T 0.1 3 13.6 22 90 M M 10 1 28 90
23 24 20 22 -13 43 0 0.08 2.3 2 18.4 28 90 M M 10 18 36 90
24 24 13 19 -17 46 0 0.04 1.6 6 13.4 20 80 M M 9 18 24 90
25 30 8 19 -17 46 0 0.00 0.0 4 11.9 17 80 M M 4 23 80
26 30 9 20 -17 45 0 T T 2 7.6 15 80 M M 7 19 80
================================================================================
SM 1015 453 948 0 0.43 12.1 275.3 M 102
================================================================================
AV 39.0 17.4 10.6 FASTST M M 4 MAX(MPH)
MISC ----> 28 90 36 90
================================================================================
NOTES:
# LAST OF SEVERAL OCCURRENCES
COLUMN 17 PEAK WIND IN M.P.H.
PRELIMINARY LOCAL CLIMATOLOGICAL DATA (WS FORM: F-6) , PAGE 2
STATION: HAVRE MT
MONTH: MARCH
YEAR: 2024
LATITUDE: 48 32 N
LONGITUDE: 109 46 W
[TEMPERATURE DATA] [PRECIPITATION DATA] SYMBOLS USED IN COLUMN 16
AVERAGE MONTHLY: 28.2 TOTAL FOR MONTH: 0.43 1 = FOG OR MIST
DPTR FM NORMAL: -2.7 DPTR FM NORMAL: 0.04 2 = FOG REDUCING VISIBILITY
HIGHEST: 67 ON 18 GRTST 24HR 0.16 ON 21-21 TO 1/4 MILE OR LESS
LOWEST: -7 ON 4 3 = THUNDER
SNOW, ICE PELLETS, HAIL 4 = ICE PELLETS
TOTAL MONTH: 12.1 INCHES 5 = HAIL
GRTST 24HR 3.2 ON 21-21 6 = FREEZING RAIN OR DRIZZLE
GRTST DEPTH: 6 ON 24 7 = DUSTSTORM OR SANDSTORM:
VSBY 1/2 MILE OR LESS
8 = SMOKE OR HAZE
[NO. OF DAYS WITH] [WEATHER - DAYS WITH] 9 = BLOWING SNOW
X = TORNADO
MAX 32 OR BELOW: 12 0.01 INCH OR MORE: 7
MAX 90 OR ABOVE: 0 0.10 INCH OR MORE: 1
MIN 32 OR BELOW: 24 0.50 INCH OR MORE: 0
MIN 0 OR BELOW: 4 1.00 INCH OR MORE: 0
[HDD (BASE 65) ]
TOTAL THIS MO. 948 CLEAR (SCALE 0-3) 12
DPTR FM NORMAL 62 PTCLDY (SCALE 4-7) 8
TOTAL FM JUL 1 6421 CLOUDY (SCALE 8-10) 6
DPTR FM NORMAL -503
[CDD (BASE 65) ]
TOTAL THIS MO. 0
DPTR FM NORMAL 0 [PRESSURE DATA]
TOTAL FM JAN 1 0 HIGHEST SLP M ON M
DPTR FM NORMAL 0 LOWEST SLP 29.44 ON 1
[REMARKS]