000
CXUS56 KMTR 010900
CF6HWD
PRELIMINARY LOCAL CLIMATOLOGICAL DATA (WS FORM: F-6)
STATION: HAYWARD AIRPORT
MONTH: SEPTEMBER
YEAR: 2023
LATITUDE: 37 39 N
LONGITUDE: 122 7 W
TEMPERATURE IN F: :PCPN: SNOW: WIND :SUNSHINE: SKY :PK WND
================================================================================
1 2 3 4 5 6A 6B 7 8 9 10 11 12 13 14 15 16 17 18
12Z AVG MX 2MIN
DY MAX MIN AVG DEP HDD CDD WTR SNW DPTH SPD SPD DIR MIN PSBL S-S WX SPD DR
================================================================================
1 73 63 68 0 0 3 0.00 M M 10.4 17 280 M M 9 22 280
2 73 63 68 0 0 3 0.00 M M 4.7 13 300 M M 9 15 300
3 74 64 69 1 0 4 0.00 M M 8.5 17 290 M M 7 23 260
4 75 62 69 1 0 4 0.00 M M 8.3 18 280 M M 6 22 300
5 81 59 70 2 0 5 0.00 M M 5.8 18 290 M M 1 23 290
6 77 58 68 0 0 3 0.00 M M 6.6 16 310 M M 2 24 300
7 76 58 67 -1 0 2 0.00 M M 6.1 16 290 M M 4 21 270
8 83 58 71 3 0 6 0.00 M M 5.9 15 290 M M 0 23 250
9 80 56 68 0 0 3 0.00 M M 5.3 13 290 M M 0 17 300
10 80 59 70 2 0 5 0.00 M M 5.3 16 280 M M 4 8 19 280
11 78 56 67 -1 0 2 0.00 M M 6.2 16 250 M M 2 25 240
12 77 60 69 1 0 4 0.00 M M 5.8 15 280 M M 4 20 290
13 78 58 68 0 0 3 0.00 M M 5.3 14 290 M M 2 17 290
14 77 58 68 0 0 3 0.00 M M 6.6 15 300 M M 5 1 M M
15 74 64 69 1 0 4 0.00 M M 8.1 17 290 M M 8 24 290
16 73 64 69 2 0 4 0.00 M M 8.9 16 270 M M 8 22 290
17 74 61 68 1 0 3 0.00 M M 9.2 20 300 M M 4 25 290
18 75 63 69 2 0 4 0.00 M M 7.9 18 290 M M 3 23 280
19 72 61 67 0 0 2 0.00 M M 7.4 17 280 M M 6 18 22 270
20 74 61 68 1 0 3 0.00 M M 6.6 17 290 M M 5 18 21 290
21 76 57 67 0 0 2 0.00 M M 6.7 16 290 M M 1 8 20 290
22 73 56 65 -2 0 0 0.00 M M 6.7 17 280 M M 2 18 21 290
23 71 56 64 -3 1 0 0.00 M M 6.1 15 300 M M 5 8 20 290
24 72 57 65 -2 0 0 0.00 M M 6.2 18 280 M M 4 24 290
25 76 55 66 -1 0 1 0.00 M M 7.8 16 270 M M 2 23 260
26 76 60 68 2 0 3 0.05 M M 7.7 20 290 M M 5 18 25 280
27 76 56 66 0 0 1 0.00 M M 7.9 22 280 M M 2 28 280
28 76 58 67 1 0 2 0.00 M M 6.1 16 280 M M 2 21 290
29 68 59 64 -2 1 0 T M M 9.9 18 260 M M 7 24 260
30 67 58 63 -3 2 0 0.02 M M 8.0 18 280 M M 8 1 24 270
================================================================================
SM 2255 1778 4 79 0.07 M 212.0 M 127
================================================================================
AV 75.2 59.3 7.1 FASTST M M 4 MAX(MPH)
MISC ----> 22 280 28 280
================================================================================
NOTES:
# LAST OF SEVERAL OCCURRENCES
COLUMN 17 PEAK WIND IN M.P.H.
PRELIMINARY LOCAL CLIMATOLOGICAL DATA (WS FORM: F-6) , PAGE 2
STATION: HAYWARD AIRPORT
MONTH: SEPTEMBER
YEAR: 2023
LATITUDE: 37 39 N
LONGITUDE: 122 7 W
[TEMPERATURE DATA] [PRECIPITATION DATA] SYMBOLS USED IN COLUMN 16
AVERAGE MONTHLY: 67.2 TOTAL FOR MONTH: 0.07 1 = FOG OR MIST
DPTR FM NORMAL: -0.1 DPTR FM NORMAL: -0.01 2 = FOG REDUCING VISIBILITY
HIGHEST: 83 ON 8 GRTST 24HR 0.05 ON 26-26 TO 1/4 MILE OR LESS
LOWEST: 55 ON 25 3 = THUNDER
SNOW, ICE PELLETS, HAIL 4 = ICE PELLETS
TOTAL MONTH: M 5 = HAIL
GRTST 24HR M ON M 6 = FREEZING RAIN OR DRIZZLE
GRTST DEPTH: M ON M 7 = DUSTSTORM OR SANDSTORM:
VSBY 1/2 MILE OR LESS
8 = SMOKE OR HAZE
[NO. OF DAYS WITH] [WEATHER - DAYS WITH] 9 = BLOWING SNOW
X = TORNADO
MAX 32 OR BELOW: 0 0.01 INCH OR MORE: 2
MAX 90 OR ABOVE: 0 0.10 INCH OR MORE: 0
MIN 32 OR BELOW: 0 0.50 INCH OR MORE: 0
MIN 0 OR BELOW: 0 1.00 INCH OR MORE: 0
[HDD (BASE 65) ]
TOTAL THIS MO. 4 CLEAR (SCALE 0-3) 11
DPTR FM NORMAL -21 PTCLDY (SCALE 4-7) 17
TOTAL FM JUL 1 27 CLOUDY (SCALE 8-10) 2
DPTR FM NORMAL -42
[CDD (BASE 65) ]
TOTAL THIS MO. 79
DPTR FM NORMAL -15 [PRESSURE DATA]
TOTAL FM JAN 1 355 HIGHEST SLP M ON M
DPTR FM NORMAL 30 LOWEST SLP 29.79 ON 1
[REMARKS]
#FINAL-09-23#