000
CXUS54 KEWX 011010
CF6HYI
PRELIMINARY LOCAL CLIMATOLOGICAL DATA (WS FORM: F-6)
STATION: SAN MARCOS
MONTH: OCTOBER
YEAR: 2021
LATITUDE: 29 53 N
LONGITUDE: 97 52 W
TEMPERATURE IN F: :PCPN: SNOW: WIND :SUNSHINE: SKY :PK WND
================================================================================
1 2 3 4 5 6A 6B 7 8 9 10 11 12 13 14 15 16 17 18
12Z AVG MX 2MIN
DY MAX MIN AVG DEP HDD CDD WTR SNW DPTH SPD SPD DIR MIN PSBL S-S WX SPD DR
================================================================================
1 87 68 78 M 0 13 0.00 M M 6.0 23 350 M M 5 1 28 350
2 86 69 78 M 0 13 0.00 M M 2.4 7 10 M M 6 M M
3 90 70 80 M 0 15 0.00 M M 5.7 13 50 M M 2 M M
4 90 62 76 M 0 11 0.00 M M 6.9 12 30 M M 1 8 20 60
5 90 57 74 M 0 9 0.00 M M 7.9 17 20 M M 0 8 21 10
6 89 56 73 M 0 8 0.00 M M 4.4 8 320 M M 2 M M
7 89 59 74 M 0 9 0.00 M M 4.2 12 190 M M 0 M M
8 90 60 75 M 0 10 0.00 M M 4.4 12 190 M M 0 1 M M
9 88 57 73 M 0 8 0.00 M M 6.3 15 190 M M 2 12 20 210
10 92 66 79 M 0 14 0.00 M M 13.2 28 310 M M 9 1 45 310
11 83 62 73 M 0 8 0.00 M M 6.5 18 340 M M 5 18 25 340
12 88 72 80 M 0 15 0.00 M M 10.4 22 170 M M 8 1 29 170
13 89 69 79 M 0 14 0.00 M M 13.4 22 170 M M 9 123 25 180
14 81 68 75 M 0 10 0.00 M M 4.7 16 20 M M 7 13 21 340
15 90 64 77 M 0 12 0.00 M M 7.4 21 360 M M 5 12 31 10
16 73 50 62 M 3 0 0.00 M M 11.6 18 10 M M 0 23 20
17 74 47 61 M 4 0 0.00 M M 4.9 9 110 M M 0 M M
18 78 45 62 M 3 0 0.00 M M 6.1 12 140 M M 0 M M
19 84 55 70 M 0 5 0.00 M M 6.6 15 160 M M 1 18 170
20 83 62 73 M 0 8 0.00 M M 2.0 7 210 M M 5 1 M M
21 85 61 73 M 0 8 0.00 M M 4.4 8 20 M M 2 M M
22 86 62 74 M 0 9 0.00 M M 4.4 9 140 M M 2 M M
23 88 66 77 M 0 12 0.00 M M 7.7 15 140 M M 6 1 18 190
24 87 69 78 M 0 13 0.00 M M 5.8 10 200 M M 7 12 16 180
25 88 67 78 M 0 13 0.00 M M 4.8 14 150 M M 4 12 M M
26 88 68 78 M 0 13 0.00 M M 10.0 18 170 M M 7 12 30 160
27 79 55 67 M 0 2 0.00 M M 12.9 26 310 M M 4 13 43 310
28 80 50 65 M 0 0 0.00 M M 13.6 33 320 M M 0 45 320
29 75 45 60 M 5 0 0.00 M M 11.1 25 320 M M 0 31 340
30 79 42 61 M 4 0 0.00 M M 6.0 9 210 M M 0 M M
31 M M M M M M 0.00 M M M M M M M M M M
================================================================================
SM 2549 1803 19 252 0.00 M 215.7 M 99
================================================================================
AV 85.0 60.1 7.2 FASTST M M 3 MAX(MPH)
MISC ----> 33 320 45 320
================================================================================
NOTES:
# LAST OF SEVERAL OCCURRENCES
COLUMN 17 PEAK WIND IN M.P.H.
PRELIMINARY LOCAL CLIMATOLOGICAL DATA (WS FORM: F-6) , PAGE 2
STATION: SAN MARCOS
MONTH: OCTOBER
YEAR: 2021
LATITUDE: 29 53 N
LONGITUDE: 97 52 W
[TEMPERATURE DATA] [PRECIPITATION DATA] SYMBOLS USED IN COLUMN 16
AVERAGE MONTHLY: 72.5 TOTAL FOR MONTH: 0.00 1 = FOG OR MIST
DPTR FM NORMAL: 0.0 DPTR FM NORMAL: M 2 = FOG REDUCING VISIBILITY
HIGHEST: 92 ON 10 GRTST 24HR 0.00 ON 1- 1 TO 1/4 MILE OR LESS
LOWEST: 42 ON 30 3 = THUNDER
SNOW, ICE PELLETS, HAIL 4 = ICE PELLETS
TOTAL MONTH: M 5 = HAIL
GRTST 24HR M ON M 6 = FREEZING RAIN OR DRIZZLE
GRTST DEPTH: M ON M 7 = DUSTSTORM OR SANDSTORM:
VSBY 1/2 MILE OR LESS
8 = SMOKE OR HAZE
[NO. OF DAYS WITH] [WEATHER - DAYS WITH] 9 = BLOWING SNOW
X = TORNADO
MAX 32 OR BELOW: 0 0.01 INCH OR MORE: 0
MAX 90 OR ABOVE: 6 0.10 INCH OR MORE: 0
MIN 32 OR BELOW: 0 0.50 INCH OR MORE: 0
MIN 0 OR BELOW: 0 1.00 INCH OR MORE: 0
[HDD (BASE 65) ]
TOTAL THIS MO. 19 CLEAR (SCALE 0-3) 16
DPTR FM NORMAL M PTCLDY (SCALE 4-7) 12
TOTAL FM JUL 1 19 CLOUDY (SCALE 8-10) 3
DPTR FM NORMAL M
[CDD (BASE 65) ]
TOTAL THIS MO. 252
DPTR FM NORMAL M [PRESSURE DATA]
TOTAL FM JAN 1 2900 HIGHEST SLP M ON M
DPTR FM NORMAL M LOWEST SLP M ON M
[REMARKS]
#FINAL-10-21#