000
CXUS53 KUNR 011030
CF6ICR
PRELIMINARY LOCAL CLIMATOLOGICAL DATA (WS FORM: F-6)
STATION: WINNER REGIONAL AIRPORT SD
MONTH: JANUARY
YEAR: 2021
LATITUDE: 43 23 N
LONGITUDE: 99 50 W
TEMPERATURE IN F: :PCPN: SNOW: WIND :SUNSHINE: SKY :PK WND
================================================================================
1 2 3 4 5 6A 6B 7 8 9 10 11 12 13 14 15 16 17 18
12Z AVG MX 2MIN
DY MAX MIN AVG DEP HDD CDD WTR SNW DPTH SPD SPD DIR MIN PSBL S-S WX SPD DR
================================================================================
1 42 21 32 8 33 0 0.00 M M 7.0 12 300 M M 0 15 300
2 48 27 38 14 27 0 0.00 M M 11.3 18 210 M M 0 26 200
3 48 28 38 14 27 0 0.00 M M 7.5 15 270 M M 0 19 270
4 49 28 39 15 26 0 0.00 M M 10.8 26 300 M M 1 36 310
5 43 28 36 12 29 0 T M M 13.8 28 160 M M 4 37 150
6 36 31 34 10 31 0 T M M 13.5 24 320 M M 8 1268 33 310
7 36 32 34 10 31 0 T M M 7.7 15 130 M M 10 126 18 140
8 36 32 34 9 31 0 0.00 M M 3.4 12 160 M M 10 15 160
9 34 31 33 8 32 0 T M M 4.2 9 360 M M 10 168 10 360
10 41 30 36 11 29 0 0.00 M M 7.8 17 200 M M 5 1 24 210
11 50 27 39 14 26 0 0.00 M M 12.2 22 290 M M 0 30 270
12 60 29 45 20 20 0 0.00 M M 10.0 17 270 M M 0 23 270
13 62 37 50 25 15 0 0.01 M M 11.5 44 310 M M 3 61 310
14 43 31 37 12 28 0 0.01 M M 38.1 51 320 M M 7 74 330
15 32 16 24 -1 41 0 T M M 24.8 48 320 M M 8 67 310
16 42 15 29 4 36 0 0.00 M M 11.4 26 320 M M 2 34 300
17 43 25 34 9 31 0 0.00 M M 10.9 22 290 M M 3 30 300
18 39 26 33 8 32 0 0.02 M M 10.4 23 320 M M 10 18 32 330
19 35 24 30 5 35 0 T M M 16.2 35 320 M M 6 43 310
20 51 27 39 14 26 0 0.00 M M 16.3 33 320 M M 0 45 310
21 41 23 32 7 33 0 0.00 M M 12.6 30 310 M M 3 39 300
22 33 21 27 2 38 0 T M M 6.5 17 180 M M 9 8 24 180
23 28 24 26 1 39 0 0.01 M M 12.6 25 180 M M 9 18 36 180
24 28 16 22 -3 43 0 0.00 M M 9.7 20 160 M M 9 128 24 170
25 25 16 21 -4 44 0 0.03 M M 10.9 17 140 M M 10 128 23 140
26 16 3 10 -15 55 0 T M M 4.0 10 120 M M 10 18 12 120
27 23 8 16 -9 49 0 T M M 14.3 32 190 M M 3 42 200
28 32 17 25 0 40 0 0.00 M M 17.8 36 200 M M 0 8 48 200
29 34 16 25 0 40 0 0.00 M M 9.7 22 130 M M 2 18 28 120
30 29 25 27 2 38 0 T M M 13.9 26 320 M M 10 1268 34 320
31 42 22 32 7 33 0 T M M 9.8 18 310 M M 6 1268 24 300
================================================================================
SM 1201 736 1038 0 0.08 M 370.6 M 158
================================================================================
AV 38.7 23.7 12.0 FASTST M M 5 MAX(MPH)
MISC ----> 51 320 74 330
================================================================================
NOTES:
# LAST OF SEVERAL OCCURRENCES
COLUMN 17 PEAK WIND IN M.P.H.
PRELIMINARY LOCAL CLIMATOLOGICAL DATA (WS FORM: F-6) , PAGE 2
STATION: WINNER REGIONAL AIRPORT SD
MONTH: JANUARY
YEAR: 2021
LATITUDE: 43 23 N
LONGITUDE: 99 50 W
[TEMPERATURE DATA] [PRECIPITATION DATA] SYMBOLS USED IN COLUMN 16
AVERAGE MONTHLY: 31.2 TOTAL FOR MONTH: 0.08 1 = FOG OR MIST
DPTR FM NORMAL: 6.5 DPTR FM NORMAL: -0.17 2 = FOG REDUCING VISIBILITY
HIGHEST: 62 ON 13 GRTST 24HR 0.09 ON 17-18 TO 1/4 MILE OR LESS
LOWEST: 3 ON 26 3 = THUNDER
SNOW, ICE PELLETS, HAIL 4 = ICE PELLETS
TOTAL MONTH: M 5 = HAIL
GRTST 24HR M ON M 6 = FREEZING RAIN OR DRIZZLE
GRTST DEPTH: M ON M 7 = DUSTSTORM OR SANDSTORM:
VSBY 1/2 MILE OR LESS
8 = SMOKE OR HAZE
[NO. OF DAYS WITH] [WEATHER - DAYS WITH] 9 = BLOWING SNOW
X = TORNADO
MAX 32 OR BELOW: 8 0.01 INCH OR MORE: 5
MAX 90 OR ABOVE: 0 0.10 INCH OR MORE: 0
MIN 32 OR BELOW: 30 0.50 INCH OR MORE: 0
MIN 0 OR BELOW: 0 1.00 INCH OR MORE: 0
[HDD (BASE 65) ]
TOTAL THIS MO. 1038 CLEAR (SCALE 0-3) 13
DPTR FM NORMAL -211 PTCLDY (SCALE 4-7) 8
TOTAL FM JUL 1 3354 CLOUDY (SCALE 8-10) 10
DPTR FM NORMAL -597
[CDD (BASE 65) ]
TOTAL THIS MO. 0
DPTR FM NORMAL 0 [PRESSURE DATA]
TOTAL FM JAN 1 0 HIGHEST SLP 30.47 ON 9
DPTR FM NORMAL 0 LOWEST SLP 29.50 ON 13
[REMARKS]
#FINAL-01-21#