000
CXUS53 KUNR 011526
CLMICR
CLIMATE REPORT
NATIONAL WEATHER SERVICE RAPID CITY SD
926 AM MDT SAT APR 01 2023
...................................
...THE WINNER REGIONAL AIRPORT SD CLIMATE SUMMARY FOR THE MONTH OF MARCH 2023...
CLIMATE NORMAL PERIOD 1991 TO 2020
CLIMATE RECORD PERIOD 9999 TO 9999
WEATHER OBSERVED NORMAL DEPART LAST YEAR`S
VALUE DATE(S) VALUE FROM VALUE DATE(S)
NORMAL
................................................................
TEMPERATURE (F)
HIGHEST 62 03/15 76 03/20
LOWEST 8 03/13 4 03/11
03/18
AVG. MAXIMUM 38.4 49.8 -11.4 50.1
AVG. MINIMUM 20.5 26.4 -5.9 23.4
MEAN 29.4 38.1 -8.7 36.7
DAYS MAX >= 90 0 0
DAYS MAX <= 32 11 6
DAYS MIN <= 32 31 26
DAYS MIN <= 0 0 0
PRECIPITATION (INCHES)
TOTALS 0.28 0.84 -0.56 0.05
DAILY AVG. 0.01 0.03 -0.02 0.00
DAYS >= .01 3 3
DAYS >= .10 1 0
DAYS >= .50 0 0
DAYS >= 1.00 0 0
GREATEST
24 HR. TOTAL 0.18 03/21 TO 03/21 0.04
DEGREE DAYS
HEATING TOTAL 1095 835 260 870
SINCE 7/1 6198 5644 554 MM
COOLING TOTAL 0 1 -1 0
SINCE 1/1 0 1 -1 MM
................................................................
WIND (MPH)
AVERAGE WIND SPEED 12.7
HIGHEST WIND SPEED/DIRECTION 38/320 DATE 03/17
HIGHEST GUST SPEED/DIRECTION 49/300 DATE 03/12
49/310 03/17
AVERAGE RH (PERCENT) 74
WEATHER CONDITIONS. NUMBER OF DAYS WITH
THUNDERSTORM 0 MIXED PRECIP 0
HEAVY RAIN 0 RAIN 0
LIGHT RAIN 0 FREEZING RAIN 1
LT FREEZING RAIN 5 HAIL 0
HEAVY SNOW 0 SNOW 3
LIGHT SNOW 15 SLEET 0
FOG 20 FOG W/VIS <= 1/4 MILE 7
HAZE 2
- INDICATES NEGATIVE NUMBERS.
R INDICATES RECORD WAS SET OR TIED.
MM INDICATES DATA IS MISSING.
T INDICATES TRACE AMOUNT.
$$