000
CXUS53 KICT 010800
CF6ICT
PRELIMINARY LOCAL CLIMATOLOGICAL DATA (WS FORM: F-6)
STATION: WICHITA EISENHOWER NATIONAL
MONTH: MARCH
YEAR: 2020
LATITUDE: 37 39 N
LONGITUDE: 97 25 W
TEMPERATURE IN F: :PCPN: SNOW: WIND :SUNSHINE: SKY :PK WND
================================================================================
1 2 3 4 5 6A 6B 7 8 9 10 11 12 13 14 15 16 17 18
12Z AVG MX 2MIN
DY MAX MIN AVG DEP HDD CDD WTR SNW DPTH SPD SPD DIR MIN PSBL S-S WX SPD DR
================================================================================
1 68 48 58 16 7 0 0.00 0.0 0 9.5 18 30 M M 5 25 30
2 58 36 47 5 18 0 0.00 0.0 0 9.8 26 20 M M 3 36 20
3 64 31 48 6 17 0 0.00 0.0 0 4.1 13 210 M M 2 16 240
4 61 36 49 6 16 0 0.00 0.0 0 7.5 23 310 M M 6 30 340
5 62 30 46 3 19 0 0.00 0.0 0 13.8 31 340 M M 1 40 340
6 61 28 45 2 20 0 0.00 0.0 0 8.7 20 150 M M 1 25 150
7 69 36 53 9 12 0 0.00 0.0 0 18.5 35 180 M M 7 44 190
8 66 45 56 12 9 0 0.35 0.0 0 22.9 39 190 M M 5 1 53 180
9 63 38 51 7 14 0 0.15 0.0 0 15.8 29 330 M M 8 18 39 340
10 59 35 47 2 18 0 0.00 0.0 0 7.4 17 160 M M 7 128 24 160
11 71 48 60 15 5 0 T 0.0 0 8.1 26 40 M M 6 3 33 30
12 68 48 58 13 7 0 0.00 0.0 0 16.1 33 350 M M 8 43 340
13 49 38 44 -2 21 0 0.09 0.0 0 16.7 24 70 M M 10 34 80
14 43 37 40 -6 25 0 0.30 0.0 0 11.5 25 80 M M 10 1 33 80
15 42 36 39 -7 26 0 0.06 0.0 0 8.9 20 110 M M 10 1 24 110
16 49 40 45 -1 20 0 0.04 0.0 0 6.2 14 30 M M 9 1 17 40
17 53 42 48 1 17 0 0.01 0.0 0 11.3 21 130 M M 9 1 27 120
18 67 51 59 12 6 0 0.03 0.0 0 7.4 14 170 M M 10 18 16 170
19 76 48 62 15 3 0 0.40 M 0 16.7 36 340 M M 6 13 48 340
20 48 29 39 -9 26 0 T M 0 19.9 33 330 0 0 0 48 340
21 51 26 39 -9 26 0 0.05 M 0 9.0 15 140 M M 4 21 160
22 50 40 45 -3 20 0 0.16 0.0 0 6.9 14 140 M M 10 1 18 90
23 59 37 48 -1 17 0 T 0.0 0 6.7 16 150 M M 9 128 20 140
24 58 43 51 2 14 0 0.75 0.0 0 8.1 30 120 M M 7 13 38 110
25 78 43 61 12 4 0 0.00 0.0 0 13.3 25 190 M M 5 12 33 210
26 74 50 62 12 3 0 0.00 0.0 0 8.5 20 350 M M 5 128 26 340
27 66 50 58 8 7 0 T 0.0 0 7.1 16 320 M M 9 128 19 320
28 65 41 53 3 12 0 0.00 0.0 0 19.0 35 250 M M 6 18 46 260
29 71 39 55 5 10 0 0.00 0.0 0 10.5 22 290 M M 1 29 280
30 66 45 56 5 9 0 0.32 M 0 8.5 22 190 M M 6 1 30 170
31 66 42 54 3 11 0 0.04 M 0 7.5 16 210 M M 5 1 20 210
================================================================================
SM 1901 1236 439 0 2.75 0.0 345.9 0 190
================================================================================
AV 61.3 39.9 11.2 FASTST 0 0 6 MAX(MPH)
MISC ----> # 39 190 # 53 180
================================================================================
NOTES:
# LAST OF SEVERAL OCCURRENCES
COLUMN 17 PEAK WIND IN M.P.H.
PRELIMINARY LOCAL CLIMATOLOGICAL DATA (WS FORM: F-6) , PAGE 2
STATION: WICHITA EISENHOWER NATIONAL
MONTH: MARCH
YEAR: 2020
LATITUDE: 37 39 N
LONGITUDE: 97 25 W
[TEMPERATURE DATA] [PRECIPITATION DATA] SYMBOLS USED IN COLUMN 16
AVERAGE MONTHLY: 50.6 TOTAL FOR MONTH: 2.75 1 = FOG OR MIST
DPTR FM NORMAL: 4.1 DPTR FM NORMAL: 0.06 2 = FOG REDUCING VISIBILITY
HIGHEST: 78 ON 25 GRTST 24HR 0.75 ON 24-24 TO 1/4 MILE OR LESS
LOWEST: 26 ON 21 3 = THUNDER
SNOW, ICE PELLETS, HAIL 4 = ICE PELLETS
TOTAL MONTH: 0.0 INCH 5 = HAIL
GRTST 24HR 0.0 6 = FREEZING RAIN OR DRIZZLE
GRTST DEPTH: 0 7 = DUSTSTORM OR SANDSTORM:
VSBY 1/2 MILE OR LESS
8 = SMOKE OR HAZE
[NO. OF DAYS WITH] [WEATHER - DAYS WITH] 9 = BLOWING SNOW
X = TORNADO
MAX 32 OR BELOW: 0 0.01 INCH OR MORE: 14
MAX 90 OR ABOVE: 0 0.10 INCH OR MORE: 7
MIN 32 OR BELOW: 5 0.50 INCH OR MORE: 1
MIN 0 OR BELOW: 0 1.00 INCH OR MORE: 0
[HDD (BASE 65) ]
TOTAL THIS MO. 439 CLEAR (SCALE 0-3) 6
DPTR FM NORMAL -138 PTCLDY (SCALE 4-7) 14
TOTAL FM JUL 1 3892 CLOUDY (SCALE 8-10) 11
DPTR FM NORMAL -325
[CDD (BASE 65) ]
TOTAL THIS MO. 0
DPTR FM NORMAL -2 [PRESSURE DATA]
TOTAL FM JAN 1 0 HIGHEST SLP 0.00 ON 20
DPTR FM NORMAL -2 LOWEST SLP 0.00 ON 20
[REMARKS]
#FINAL-03-20#