000
CDUS43 KICT 200644
CLIICT


CLIMATE REPORT
NATIONAL WEATHER SERVICE WICHITA KS
1244 AM CST MON NOV 20 2017


...................................

...THE WICHITA EISENHOWER NATIONAL CLIMATE SUMMARY FOR NOVEMBER 19 2017...

CLIMATE NORMAL PERIOD 1981 TO 2010
CLIMATE RECORD PERIOD 1888 TO 2017


WEATHER ITEM   OBSERVED TIME   RECORD YEAR NORMAL DEPARTURE LAST
                VALUE   (LST)  VALUE       VALUE  FROM      YEAR
                                                  NORMAL
..................................................................
TEMPERATURE (F)
 YESTERDAY
  MAXIMUM         59    148 PM  79    2007  54      5       49
  MINIMUM         24    649 AM  10    1937  33     -9       24
  AVERAGE         42                        44     -2       37

PRECIPITATION (IN)
  YESTERDAY        0.00          1.30 1994   0.03  -0.03     0.00
  MONTH TO DATE    0.12                      0.97  -0.85     0.14
  SINCE SEP 1      6.06                      6.89  -0.83    13.48
  SINCE JAN 1     33.41                     30.98   2.43    49.82

SNOWFALL (IN)
  YESTERDAY        0.0           6.1  1906   0.0    0.0      0.0
  MONTH TO DATE    0.0                       0.4   -0.4      0.0
  SINCE SEP 1      0.0                       0.5   -0.5      0.0
  SINCE JUL 1      0.0                       0.5   -0.5      0.0
  SNOW DEPTH       0

DEGREE DAYS
 HEATING
  YESTERDAY       23                        21      2       28
  MONTH TO DATE  331                       321     10      172
  SINCE SEP 1    555                       606    -51      262
  SINCE JUL 1    555                       607    -52      262

 COOLING
  YESTERDAY        0                         0      0        0
  MONTH TO DATE    2                         0      2       11
  SINCE SEP 1    346                       257     89      382
  SINCE JAN 1   1785                      1684    101     2054
..................................................................


WIND (MPH)
  HIGHEST WIND SPEED    21   HIGHEST WIND DIRECTION    SW (220)
  HIGHEST GUST SPEED    25   HIGHEST GUST DIRECTION    SW (220)
  AVERAGE WIND SPEED     8.3


SKY COVER
  POSSIBLE SUNSHINE  MM
  AVERAGE SKY COVER 0.2


WEATHER CONDITIONS
 THE FOLLOWING WEATHER WAS RECORDED YESTERDAY.
  NO SIGNIFICANT WEATHER WAS OBSERVED.


RELATIVE HUMIDITY (PERCENT)
 HIGHEST    85           800 AM
 LOWEST     24           100 PM
 AVERAGE    55

..........................................................


THE WICHITA EISENHOWER NATIONAL CLIMATE NORMALS FOR TODAY
                         NORMAL    RECORD    YEAR
 MAXIMUM TEMPERATURE (F)   54        83      1897
 MINIMUM TEMPERATURE (F)   33        13      1937


SUNRISE AND SUNSET
NOVEMBER 20 2017......SUNRISE   715 AM CST   SUNSET   515 PM CST
NOVEMBER 21 2017......SUNRISE   716 AM CST   SUNSET   515 PM CST


-  INDICATES NEGATIVE NUMBERS.
R  INDICATES RECORD WAS SET OR TIED.
MM INDICATES DATA IS MISSING.
T  INDICATES TRACE AMOUNT.




$$
