000
CDUS43 KICT 040803
CLIICT

CLIMATE REPORT
NATIONAL WEATHER SERVICE WICHITA KS
302 AM CDT FRI SEP 4 2015


...................................

...THE WICHITA EISENHOWER NATIONAL CLIMATE SUMMARY FOR SEPTEMBER 3 2015...

CLIMATE NORMAL PERIOD 1981 TO 2010
CLIMATE RECORD PERIOD 1888 TO 2015


WEATHER ITEM   OBSERVED TIME   RECORD YEAR NORMAL DEPARTURE LAST
                VALUE   (LST)  VALUE       VALUE  FROM      YEAR
                                                  NORMAL
..................................................................
TEMPERATURE (F)
 YESTERDAY
  MAXIMUM         95    251 PM 108    1947  88      7       98
  MINIMUM         71    613 AM  46    1974  65      6       72
  AVERAGE         83                        76      7       85

PRECIPITATION (IN)
  YESTERDAY        0.00          3.00 1942   0.11  -0.11     0.00
  MONTH TO DATE    0.00                      0.34  -0.34     0.05
  SINCE SEP 1      0.00                      0.34  -0.34     0.05
  SINCE JAN 1     32.42                     24.43   7.99    22.03

SNOWFALL (IN)
  YESTERDAY        0.0           0.0  2007   0.0    0.0      0.0
  MONTH TO DATE    0.0                       0.0    0.0      0.0
  SINCE SEP 1      0.0                       0.0    0.0      0.0
  SINCE JUL 1      0.0                       0.0    0.0      0.0
  SNOW DEPTH       0

DEGREE DAYS
 HEATING
  YESTERDAY        0                         0      0        0
  MONTH TO DATE    0                         0      0        0
  SINCE SEP 1      0                         0      0        0
  SINCE JUL 1      0                         1     -1        1

 COOLING
  YESTERDAY       18                        11      7       20
  MONTH TO DATE   52                        35     17       48
  SINCE SEP 1     52                        35     17       48
  SINCE JAN 1   1543                      1462     81     1544
..................................................................


WIND (MPH)
  HIGHEST WIND SPEED    26   HIGHEST WIND DIRECTION     S (190)
  HIGHEST GUST SPEED    32   HIGHEST GUST DIRECTION     S (190)
  AVERAGE WIND SPEED    14.8


SKY COVER
  POSSIBLE SUNSHINE  MM
  AVERAGE SKY COVER 0.6


WEATHER CONDITIONS
 THE FOLLOWING WEATHER WAS RECORDED YESTERDAY.
  NO SIGNIFICANT WEATHER WAS OBSERVED.


RELATIVE HUMIDITY (PERCENT)
 HIGHEST    73           400 AM
 LOWEST     36           100 PM
 AVERAGE    55

..........................................................


THE WICHITA EISENHOWER NATIONAL CLIMATE NORMALS FOR TODAY
                         NORMAL    RECORD    YEAR
 MAXIMUM TEMPERATURE (F)   87       102      1978
 MINIMUM TEMPERATURE (F)   65        47      1974


SUNRISE AND SUNSET
SEPTEMBER  4 2015.....SUNRISE   702 AM CDT   SUNSET   755 PM CDT
SEPTEMBER  5 2015.....SUNRISE   703 AM CDT   SUNSET   753 PM CDT


-  INDICATES NEGATIVE NUMBERS.
R  INDICATES RECORD WAS SET OR TIED.
MM INDICATES DATA IS MISSING.
T  INDICATES TRACE AMOUNT.




$$
