000
CDUS43 KICT 182305
CLIICT


CLIMATE REPORT
NATIONAL WEATHER SERVICE WICHITA KS
505 PM CST THU JAN 18 2018


...................................

...THE WICHITA EISENHOWER NATIONAL CLIMATE SUMMARY FOR JANUARY 18 2018...
VALID TODAY AS OF 500 PM LOCAL TIME.

CLIMATE NORMAL PERIOD 1981 TO 2010
CLIMATE RECORD PERIOD 1888 TO 2018


WEATHER ITEM   OBSERVED TIME   RECORD YEAR NORMAL DEPARTURE LAST
                VALUE   (LST)  VALUE       VALUE  FROM      YEAR
                                                  NORMAL
..................................................................
TEMPERATURE (F)
 TODAY
  MAXIMUM         53    258 PM  65    2015  43     10       55
                                      1951
  MINIMUM         16    550 AM -12    1930  22     -6       28
  AVERAGE         35                        32      3       42

PRECIPITATION (IN)
  TODAY            0.00          0.87 1979   0.03  -0.03     0.00
  MONTH TO DATE    0.20                      0.43  -0.23     2.55
  SINCE DEC 1      0.23                      1.63  -1.40     3.21
  SINCE JAN 1      0.20                      0.43  -0.23     2.55

SNOWFALL (IN)
  TODAY            0.0          12.0  1962   0.1   -0.1      0.0
  MONTH TO DATE    0.3                       1.9   -1.6       T
  SINCE DEC 1      0.3                       6.1   -5.8      2.0
  SINCE JUL 1      0.3                       7.5   -7.2      2.0
  SNOW DEPTH       0

DEGREE DAYS
 HEATING
  TODAY           30                        33     -3       23
  MONTH TO DATE  667                       594     73      578
  SINCE DEC 1   1533                      1561    -28     1565
  SINCE JUL 1   2263                      2437   -174     2018

 COOLING
  TODAY            0                         0      0        0
  MONTH TO DATE    0                         0      0        0
  SINCE DEC 1      0                         0      0        0
  SINCE JAN 1      0                         0      0        0
..................................................................


WIND (MPH)
  HIGHEST WIND SPEED    25   HIGHEST WIND DIRECTION    SW (210)
  HIGHEST GUST SPEED    31   HIGHEST GUST DIRECTION     S (190)
  AVERAGE WIND SPEED    13.9


SKY COVER
  POSSIBLE SUNSHINE  MM
  AVERAGE SKY COVER 0.1


WEATHER CONDITIONS
 THE FOLLOWING WEATHER WAS RECORDED TODAY.
  NO SIGNIFICANT WEATHER WAS OBSERVED.


RELATIVE HUMIDITY (PERCENT)
 HIGHEST    62          1200 AM
 LOWEST     22           200 PM
 AVERAGE    42

..........................................................


THE WICHITA EISENHOWER NATIONAL CLIMATE NORMALS FOR TOMORROW
                         NORMAL    RECORD    YEAR
 MAXIMUM TEMPERATURE (F)   43        73      2015
 MINIMUM TEMPERATURE (F)   22       -14      1892


SUNRISE AND SUNSET
JANUARY 18 2018.......SUNRISE   742 AM CST   SUNSET   538 PM CST
JANUARY 19 2018.......SUNRISE   742 AM CST   SUNSET   539 PM CST


-  INDICATES NEGATIVE NUMBERS.
R  INDICATES RECORD WAS SET OR TIED.
MM INDICATES DATA IS MISSING.
T  INDICATES TRACE AMOUNT.




$$
