000
CDUS43 KICT 220630
CLIICT


CLIMATE REPORT
NATIONAL WEATHER SERVICE WICHITA KS
130 AM CDT TUE APR 22 2014


...................................

...THE WICHITA MID CONTINENT KS CLIMATE SUMMARY FOR APRIL 21 2014...

CLIMATE NORMAL PERIOD 1981 TO 2010
CLIMATE RECORD PERIOD 1888 TO 2014


WEATHER ITEM   OBSERVED TIME   RECORD YEAR NORMAL DEPARTURE LAST
                VALUE   (LST)  VALUE       VALUE  FROM      YEAR
                                                  NORMAL
..................................................................
TEMPERATURE (F)
 YESTERDAY
  MAXIMUM         81    503 PM  92    1963  69     12       69
  MINIMUM         52    349 AM  28    1966  46      6       49
  AVERAGE         67                        58      9       59

PRECIPITATION (IN)
  YESTERDAY        T             1.07 1908   0.09  -0.09      T
  MONTH TO DATE    0.45                      1.65  -1.20     1.96
  SINCE MAR 1      0.94                      4.34  -3.40     4.07
  SINCE JAN 1      1.93                      6.35  -4.42     7.09

SNOWFALL (IN)
  YESTERDAY        0.0           T    1931   0.0    0.0      0.0
  MONTH TO DATE    0.3                       0.2    0.1       T
  SINCE MAR 1      3.5                       2.5    1.0      5.3
  SINCE JUL 1     23.0                      14.9    8.1     29.8
  SNOW DEPTH       0

DEGREE DAYS
 HEATING
  YESTERDAY        0                         8     -8        6
  MONTH TO DATE  214                       231    -17      322
  SINCE MAR 1    891                       808     83      988
  SINCE JUL 1   4810                      4448    362     4259

 COOLING
  YESTERDAY        2                         1      1        0
  MONTH TO DATE   12                        14     -2        3
  SINCE MAR 1     12                        16     -4        3
  SINCE JAN 1     12                        16     -4        3
..................................................................


WIND (MPH)
  HIGHEST WIND SPEED    23   HIGHEST WIND DIRECTION     N (340)
  HIGHEST GUST SPEED    28   HIGHEST GUST DIRECTION     N (10)
  AVERAGE WIND SPEED     8.6


SKY COVER
  POSSIBLE SUNSHINE  MM
  AVERAGE SKY COVER 0.6


WEATHER CONDITIONS
 THE FOLLOWING WEATHER WAS RECORDED YESTERDAY.
  LIGHT RAIN
  FOG
  HAZE


RELATIVE HUMIDITY (PERCENT)
 HIGHEST    93           300 AM
 LOWEST     27           800 PM
 AVERAGE    60

..........................................................


THE WICHITA MID CONTINENT KS CLIMATE NORMALS FOR TODAY
                         NORMAL    RECORD    YEAR
 MAXIMUM TEMPERATURE (F)   70        91      2006
                                             1955
 MINIMUM TEMPERATURE (F)   47        32      1959


SUNRISE AND SUNSET
APRIL 22 2014.........SUNRISE   645 AM CDT   SUNSET   812 PM CDT
APRIL 23 2014.........SUNRISE   644 AM CDT   SUNSET   813 PM CDT


-  INDICATES NEGATIVE NUMBERS.
R  INDICATES RECORD WAS SET OR TIED.
MM INDICATES DATA IS MISSING.
T  INDICATES TRACE AMOUNT.




$$
