000
CDUS43 KICT 272307
CLIICT


CLIMATE REPORT
NATIONAL WEATHER SERVICE WICHITA KS
506 PM CST SAT DEC 27 2014


...................................

...THE WICHITA MID CONTINENT CLIMATE SUMMARY FOR DECEMBER 27 2014...
VALID TODAY AS OF 0500 PM LOCAL TIME.

CLIMATE NORMAL PERIOD 1981 TO 2010
CLIMATE RECORD PERIOD 1888 TO 2014


WEATHER ITEM   OBSERVED TIME   RECORD YEAR NORMAL DEPARTURE LAST
                VALUE   (LST)  VALUE       VALUE  FROM      YEAR
                                                  NORMAL
..................................................................
TEMPERATURE (F)
 TODAY
  MAXIMUM         37    358 PM  68    1946  42     -5       48
  MINIMUM         27    924 AM  -3    1924  22      5       19
  AVERAGE         32                        32      0       34

PRECIPITATION (IN)
  TODAY            0.00          1.07 1942   0.04  -0.04     0.00
  MONTH TO DATE    1.22                      1.09   0.13     0.60
  SINCE DEC 1      1.22                      1.09   0.13     0.60
  SINCE JAN 1     25.53                     32.53  -7.00    40.45

SNOWFALL (IN)
  TODAY            0.0           7.6  1943   0.2   -0.2      0.0
  MONTH TO DATE    2.7                       3.7   -1.0      3.4
  SINCE DEC 1      2.7                       3.7   -1.0      3.4
  SINCE JUL 1      4.5                       5.1   -0.6      3.4
  SNOW DEPTH       0

DEGREE DAYS
 HEATING
  TODAY           33                        33      0       31
  MONTH TO DATE  655                       835   -180      938
  SINCE DEC 1    655                       835   -180      938
  SINCE JUL 1   1535                      1711   -176     1823

 COOLING
  TODAY            0                         0      0        0
  MONTH TO DATE    0                         0      0        0
  SINCE DEC 1      0                         0      0        0
  SINCE JAN 1   1849                      1686    163     1778
..................................................................


WIND (MPH)
  HIGHEST WIND SPEED    22   HIGHEST WIND DIRECTION     N (340)
  HIGHEST GUST SPEED    26   HIGHEST GUST DIRECTION     N (340)
  AVERAGE WIND SPEED    14.4


SKY COVER
  POSSIBLE SUNSHINE  MM
  AVERAGE SKY COVER 0.7


WEATHER CONDITIONS
 THE FOLLOWING WEATHER WAS RECORDED TODAY.
  NO SIGNIFICANT WEATHER WAS OBSERVED.


RELATIVE HUMIDITY (PERCENT)
 HIGHEST    78           300 AM
 LOWEST     47           100 PM
 AVERAGE    63

..........................................................


THE WICHITA MID CONTINENT CLIMATE NORMALS FOR TOMORROW
                         NORMAL    RECORD    YEAR
 MAXIMUM TEMPERATURE (F)   41        71      1889
 MINIMUM TEMPERATURE (F)   22       -10      1894


SUNRISE AND SUNSET
DECEMBER 27 2014......SUNRISE   744 AM CST   SUNSET   518 PM CST
DECEMBER 28 2014......SUNRISE   744 AM CST   SUNSET   519 PM CST


-  INDICATES NEGATIVE NUMBERS.
R  INDICATES RECORD WAS SET OR TIED.
MM INDICATES DATA IS MISSING.
T  INDICATES TRACE AMOUNT.




$$
