000
CDUS43 KICT 290627
CLIICT

CLIMATE REPORT
NATIONAL WEATHER SERVICE WICHITA KS
126 AM CDT SUN MAY 29 2016


...................................

...THE WICHITA EISENHOWER NATIONAL CLIMATE SUMMARY FOR MAY 28 2016...

CLIMATE NORMAL PERIOD 1981 TO 2010
CLIMATE RECORD PERIOD 1888 TO 2016


WEATHER ITEM   OBSERVED TIME   RECORD YEAR NORMAL DEPARTURE LAST
                VALUE   (LST)  VALUE       VALUE  FROM      YEAR
                                                  NORMAL
..................................................................
TEMPERATURE (F)
 YESTERDAY
  MAXIMUM         83    536 PM  96    1974  80      3       80
  MINIMUM         56    433 AM  39    1947  59     -3       63
  AVERAGE         70                        70      0       72

PRECIPITATION (IN)
  YESTERDAY        0.00          2.17 1975   0.16  -0.16     0.54
  MONTH TO DATE    6.70                      4.05   2.65    11.72
  SINCE MAR 1     14.46                      9.33   5.13    14.62
  SINCE JAN 1     15.20                     11.34   3.86    16.39

SNOWFALL (IN)
  YESTERDAY        0.0           0.0  2007   0.0    0.0      0.0
                                      2001
  MONTH TO DATE    0.0                       0.0    0.0      0.0
  SINCE MAR 1      3.5                       2.5    1.0      1.1
  SINCE JUL 1      4.3                      14.9  -10.6     18.0
  SNOW DEPTH       0

DEGREE DAYS
 HEATING
  YESTERDAY        0                         1     -1        0
  MONTH TO DATE   91                        77     14       74
  SINCE MAR 1    654                       945   -291      711
  SINCE JUL 1   3504                      4585  -1081     4276

 COOLING
  YESTERDAY        5                         6     -1        7
  MONTH TO DATE   70                        92    -22       76
  SINCE MAR 1    107                       118    -11      104
  SINCE JAN 1    107                       118    -11      104
..................................................................


WIND (MPH)
  HIGHEST WIND SPEED    17   HIGHEST WIND DIRECTION     S (160)
  HIGHEST GUST SPEED    21   HIGHEST GUST DIRECTION     S (170)
  AVERAGE WIND SPEED     7.1


SKY COVER
  POSSIBLE SUNSHINE  MM
  AVERAGE SKY COVER 0.4


WEATHER CONDITIONS
 THE FOLLOWING WEATHER WAS RECORDED YESTERDAY.
  NO SIGNIFICANT WEATHER WAS OBSERVED.


RELATIVE HUMIDITY (PERCENT)
 HIGHEST    93           500 AM
 LOWEST     37           400 PM
 AVERAGE    65

..........................................................


THE WICHITA EISENHOWER NATIONAL CLIMATE NORMALS FOR TODAY
                         NORMAL    RECORD    YEAR
 MAXIMUM TEMPERATURE (F)   81       100      1913
 MINIMUM TEMPERATURE (F)   60        37      1947


SUNRISE AND SUNSET
MAY 29 2016...........SUNRISE   611 AM CDT   SUNSET   844 PM CDT
MAY 30 2016...........SUNRISE   610 AM CDT   SUNSET   845 PM CDT


-  INDICATES NEGATIVE NUMBERS.
R  INDICATES RECORD WAS SET OR TIED.
MM INDICATES DATA IS MISSING.
T  INDICATES TRACE AMOUNT.




$$
