000
CDUS43 KICT 300720
CLIICT

CLIMATE REPORT
NATIONAL WEATHER SERVICE WICHITA KS
113 AM CST WED NOV 30 2016

...................................

...THE WICHITA EISENHOWER NATIONAL CLIMATE SUMMARY FOR NOVEMBER 29 2016...

CLIMATE NORMAL PERIOD 1981 TO 2010
CLIMATE RECORD PERIOD 1888 TO 2016


WEATHER ITEM   OBSERVED TIME   RECORD YEAR NORMAL DEPARTURE LAST
                VALUE   (LST)  VALUE       VALUE  FROM      YEAR
                                                  NORMAL
..................................................................
TEMPERATURE (F)
 YESTERDAY
  MAXIMUM         55    150 PM  76    1933  49      6       36
  MINIMUM         33   1120 PM   6    1976  29      4       32
  AVERAGE         44                        39      5       34

PRECIPITATION (IN)
  YESTERDAY        0.00          1.06 1913   0.04  -0.04     0.50
  MONTH TO DATE    0.26                      1.39  -1.13     3.86
  SINCE SEP 1     13.60                      7.31   6.29     7.07
  SINCE JAN 1     49.94                     31.40  18.54    39.49

SNOWFALL (IN)
  YESTERDAY        0.0           1.8  1923   0.1   -0.1      0.0
  MONTH TO DATE    0.0                       1.2   -1.2      0.3
  SINCE SEP 1      0.0                       1.3   -1.3      0.3
  SINCE JUL 1      0.0                       1.3   -1.3      0.3
  SNOW DEPTH       0

DEGREE DAYS
 HEATING
  YESTERDAY       21                        26     -5       31
  MONTH TO DATE  336                       561   -225      413
  SINCE SEP 1    426                       846   -420      538
  SINCE JUL 1    426                       847   -421      538

 COOLING
  YESTERDAY        0                         0      0        0
  MONTH TO DATE   11                         0     11        2
  SINCE SEP 1    382                       257    125      416
  SINCE JAN 1   2054                      1684    370     1907
..................................................................


WIND (MPH)
  HIGHEST WIND SPEED    25   HIGHEST WIND DIRECTION     N (340)
  HIGHEST GUST SPEED    30   HIGHEST GUST DIRECTION     W (290)
  AVERAGE WIND SPEED    11.4


SKY COVER
  POSSIBLE SUNSHINE  MM
  AVERAGE SKY COVER 0.4


WEATHER CONDITIONS
 THE FOLLOWING WEATHER WAS RECORDED YESTERDAY.
  NO SIGNIFICANT WEATHER WAS OBSERVED.


RELATIVE HUMIDITY (PERCENT)
 HIGHEST    70           100 AM
 LOWEST     32           300 PM
 AVERAGE    51

..........................................................


THE WICHITA EISENHOWER NATIONAL CLIMATE NORMALS FOR TODAY
                         NORMAL    RECORD    YEAR
 MAXIMUM TEMPERATURE (F)   49        73      1995
 MINIMUM TEMPERATURE (F)   28        10      1964
                                             1896


SUNRISE AND SUNSET
NOVEMBER 30 2016......SUNRISE   725 AM CST   SUNSET   511 PM CST
DECEMBER  1 2016......SUNRISE   726 AM CST   SUNSET   511 PM CST


-  INDICATES NEGATIVE NUMBERS.
R  INDICATES RECORD WAS SET OR TIED.
MM INDICATES DATA IS MISSING.
T  INDICATES TRACE AMOUNT.

$$
