000
CDUS43 KICT 202205
CLIICT

CLIMATE REPORT
NATIONAL WEATHER SERVICE WICHITA KS
504 PM CDT WED AUG 20 2014

...................................

...THE WICHITA MID CONTINENT CLIMATE SUMMARY FOR AUGUST 20 2014...
VALID TODAY AS OF 500 PM LOCAL TIME.

CLIMATE NORMAL PERIOD 1981 TO 2010
CLIMATE RECORD PERIOD 1888 TO 2014


WEATHER ITEM   OBSERVED TIME   RECORD YEAR NORMAL DEPARTURE LAST
                VALUE   (LST)  VALUE       VALUE  FROM      YEAR
                                                  NORMAL
..................................................................
TEMPERATURE (F)
 TODAY
  MAXIMUM         96    343 PM 106    2001  91      5       90
                                      1896
  MINIMUM         72    529 AM  47    1950  69      3       66
  AVERAGE         84                        80      4       78

PRECIPITATION (IN)
  TODAY            0.00          3.45 1933   0.12  -0.12     0.00
  MONTH TO DATE    2.11                      2.35  -0.24    10.63
  SINCE JUN 1     15.64                     10.87   4.77    20.15
  SINCE JAN 1     21.71                     22.73  -1.02    34.17

SNOWFALL (IN)
  TODAY            0.0           0.0  2007   0.0    0.0      0.0
  MONTH TO DATE    0.0                       0.0    0.0      0.0
  SINCE JUN 1      0.0                       0.0    0.0      0.0
  SINCE JUL 1      0.0                       0.0    0.0      0.0
  SNOW DEPTH       0

DEGREE DAYS
 HEATING
  TODAY            0                         0      0        0
  MONTH TO DATE    0                         0      0        0
  SINCE JUN 1      1                         6     -5        4
  SINCE JUL 1      1                         0      1        1

 COOLING
  TODAY           19                        15      4       13
  MONTH TO DATE  297                       314    -17      220
  SINCE JUN 1   1022                      1140   -118     1081
  SINCE JAN 1   1289                      1276     13     1219
..................................................................


WIND (MPH)
  HIGHEST WIND SPEED    28   HIGHEST WIND DIRECTION     S (170)
  HIGHEST GUST SPEED    35   HIGHEST GUST DIRECTION     S (170)
  AVERAGE WIND SPEED    15.1


SKY COVER
  POSSIBLE SUNSHINE  MM
  AVERAGE SKY COVER 0.3


WEATHER CONDITIONS
 THE FOLLOWING WEATHER WAS RECORDED TODAY.
  NO SIGNIFICANT WEATHER WAS OBSERVED.


RELATIVE HUMIDITY (PERCENT)
 HIGHEST    79           200 AM
 LOWEST     40           200 PM
 AVERAGE    60

..........................................................


THE WICHITA MID CONTINENT CLIMATE NORMALS FOR TOMORROW
                         NORMAL    RECORD    YEAR
 MAXIMUM TEMPERATURE (F)   91       105      1896
 MINIMUM TEMPERATURE (F)   69        48      1956


SUNRISE AND SUNSET
AUGUST 20 2014........SUNRISE   650 AM CDT   SUNSET   816 PM CDT
AUGUST 21 2014........SUNRISE   651 AM CDT   SUNSET   814 PM CDT


-  INDICATES NEGATIVE NUMBERS.
R  INDICATES RECORD WAS SET OR TIED.
MM INDICATES DATA IS MISSING.
T  INDICATES TRACE AMOUNT.

$$
