000
CDUS43 KICT 172307
CLIICT


CLIMATE REPORT
NATIONAL WEATHER SERVICE WICHITA KS
507 PM CST FRI FEB 17 2017


...................................

...THE WICHITA EISENHOWER NATIONAL CLIMATE SUMMARY FOR FEBRUARY 17 2017...
VALID TODAY AS OF 0500 PM LOCAL TIME.

CLIMATE NORMAL PERIOD 1981 TO 2010
CLIMATE RECORD PERIOD 1888 TO 2017


WEATHER ITEM   OBSERVED TIME   RECORD YEAR NORMAL DEPARTURE LAST
                VALUE   (LST)  VALUE       VALUE  FROM      YEAR
                                                  NORMAL
..................................................................
TEMPERATURE (F)
 TODAY
  MAXIMUM         73    305 PM  78    2011  49     24       70
  MINIMUM         36    627 AM  -4    1903  27      9       29
  AVERAGE         55                        38     17       50

PRECIPITATION (IN)
  TODAY            0.00          1.05 2000   0.04  -0.04     0.00
  MONTH TO DATE    0.03                      0.66  -0.63     0.55
  SINCE DEC 1      3.48                      2.69   0.79     2.96
  SINCE JAN 1      2.82                      1.49   1.33     0.74

SNOWFALL (IN)
  TODAY            0.0           1.9  1979   0.1   -0.1      0.0
  MONTH TO DATE    0.0                       2.3   -2.3      0.0
  SINCE DEC 1      2.0                      10.1   -8.1      0.5
  SINCE JUL 1      2.0                      11.5   -9.5      0.8
  SNOW DEPTH       0

DEGREE DAYS
 HEATING
  TODAY           10                        27    -17       15
  MONTH TO DATE  359                       500   -141      417
  SINCE DEC 1   2218                      2484   -266     2099
  SINCE JUL 1   2671                      3360   -689     2668

 COOLING
  TODAY            0                         0      0        0
  MONTH TO DATE    0                         0      0        0
  SINCE DEC 1      0                         0      0        0
  SINCE JAN 1      0                         0      0        0
..................................................................


WIND (MPH)
  HIGHEST WIND SPEED    23   HIGHEST WIND DIRECTION     S (180)
  HIGHEST GUST SPEED    32   HIGHEST GUST DIRECTION     S (190)
  AVERAGE WIND SPEED    12.4


SKY COVER
  POSSIBLE SUNSHINE  MM
  AVERAGE SKY COVER 0.1


WEATHER CONDITIONS
 THE FOLLOWING WEATHER WAS RECORDED TODAY.
  NO SIGNIFICANT WEATHER WAS OBSERVED.


RELATIVE HUMIDITY (PERCENT)
 HIGHEST    85           300 AM
 LOWEST     27           300 PM
 AVERAGE    56

..........................................................


THE WICHITA EISENHOWER NATIONAL CLIMATE NORMALS FOR TOMORROW
                         NORMAL    RECORD    YEAR
 MAXIMUM TEMPERATURE (F)   49        77      2016
 MINIMUM TEMPERATURE (F)   27        -2      1889


SUNRISE AND SUNSET
FEBRUARY 17 2017......SUNRISE   716 AM CST   SUNSET   611 PM CST
FEBRUARY 18 2017......SUNRISE   715 AM CST   SUNSET   612 PM CST


-  INDICATES NEGATIVE NUMBERS.
R  INDICATES RECORD WAS SET OR TIED.
MM INDICATES DATA IS MISSING.
T  INDICATES TRACE AMOUNT.




$$
