000
CDUS43 KICT 232205
CLIICT


CLIMATE REPORT
NATIONAL WEATHER SERVICE WICHITA KS
505 PM CDT SAT JUL 23 2016


...................................

...THE WICHITA EISENHOWER NATIONAL CLIMATE SUMMARY FOR JULY 23 2016...
VALID TODAY AS OF 0500 PM LOCAL TIME.

CLIMATE NORMAL PERIOD 1981 TO 2010
CLIMATE RECORD PERIOD 1888 TO 2016


WEATHER ITEM   OBSERVED TIME   RECORD YEAR NORMAL DEPARTURE LAST
                VALUE   (LST)  VALUE       VALUE  FROM      YEAR
                                                  NORMAL
..................................................................
TEMPERATURE (F)
 TODAY
  MAXIMUM        105    303 PM 109    1936  93     12       95
  MINIMUM         74    543 AM  55    1970  70      4       73
  AVERAGE         90                        81      9       84

PRECIPITATION (IN)
  TODAY            0.00          2.61 1951   0.09  -0.09     0.00
  MONTH TO DATE    8.40                      2.57   5.83     5.60
  SINCE JUN 1     11.23                      7.77   3.46     7.80
  SINCE JAN 1     26.79                     19.63   7.16    24.24

SNOWFALL (IN)
  TODAY            0.0           0.0  2007   0.0    0.0      0.0
  MONTH TO DATE    0.0                       0.0    0.0      0.0
  SINCE JUN 1      0.0                       0.0    0.0      0.0
  SINCE JUL 1      0.0                       0.0    0.0      0.0
  SNOW DEPTH       0

DEGREE DAYS
 HEATING
  TODAY            0                         0      0        0
  MONTH TO DATE    0                         0      0        0
  SINCE JUN 1      0                         6     -6        0
  SINCE JUL 1      0                         0      0        0

 COOLING
  TODAY           25                        16      9       19
  MONTH TO DATE  443                       363     80      383
  SINCE JUN 1    929                       692    237      842
  SINCE JAN 1   1059                       828    231      955
..................................................................


WIND (MPH)
  HIGHEST WIND SPEED    23   HIGHEST WIND DIRECTION     S (190)
  HIGHEST GUST SPEED    30   HIGHEST GUST DIRECTION     S (200)
  AVERAGE WIND SPEED    11.1


SKY COVER
  POSSIBLE SUNSHINE  MM
  AVERAGE SKY COVER 0.6


WEATHER CONDITIONS
 THE FOLLOWING WEATHER WAS RECORDED TODAY.
  NO SIGNIFICANT WEATHER WAS OBSERVED.


RELATIVE HUMIDITY (PERCENT)
 HIGHEST    74           400 AM
 LOWEST     26           300 PM
 AVERAGE    50

..........................................................


THE WICHITA EISENHOWER NATIONAL CLIMATE NORMALS FOR TOMORROW
                         NORMAL    RECORD    YEAR
 MAXIMUM TEMPERATURE (F)   93       109      1981
                                             1936
 MINIMUM TEMPERATURE (F)   70        58      1911


SUNRISE AND SUNSET
JULY 23 2016..........SUNRISE   627 AM CDT   SUNSET   845 PM CDT
JULY 24 2016..........SUNRISE   627 AM CDT   SUNSET   845 PM CDT


-  INDICATES NEGATIVE NUMBERS.
R  INDICATES RECORD WAS SET OR TIED.
MM INDICATES DATA IS MISSING.
T  INDICATES TRACE AMOUNT.




$$
