000
CDUS43 KICT 272206
CLIICT


CLIMATE REPORT
NATIONAL WEATHER SERVICE WICHITA KS
506 PM CDT MON OCT 27 2014


...................................

...THE WICHITA MID CONTINENT CLIMATE SUMMARY FOR OCTOBER 27 2014...
VALID TODAY AS OF 0500 PM LOCAL TIME.

CLIMATE NORMAL PERIOD 1981 TO 2010
CLIMATE RECORD PERIOD 1888 TO 2014


WEATHER ITEM   OBSERVED TIME   RECORD YEAR NORMAL DEPARTURE LAST
                VALUE   (LST)  VALUE       VALUE  FROM      YEAR
                                                  NORMAL
..................................................................
TEMPERATURE (F)
 TODAY
  MAXIMUM         72    328 PM  86    1922  66      6       67
  MINIMUM         66   1047 AM  23    1957  43     23       29
  AVERAGE         69                        54     15       48

PRECIPITATION (IN)
  TODAY            0.00          1.09 2002   0.07  -0.07     0.00
  MONTH TO DATE    1.41                      2.50  -1.09     1.02
  SINCE SEP 1      1.88                      5.64  -3.76     3.05
  SINCE JAN 1     23.86                     29.73  -5.87    37.22

SNOWFALL (IN)
  TODAY            0.0           0.0  2007   0.0    0.0      0.0
  MONTH TO DATE    0.0                       0.1   -0.1       T
  SINCE SEP 1      0.0                       0.1   -0.1       T
  SINCE JUL 1      0.0                       0.1   -0.1       T
  SNOW DEPTH      MM

DEGREE DAYS
 HEATING
  TODAY            0                        11    -11       17
  MONTH TO DATE   91                       195   -104      227
  SINCE SEP 1    111                       237   -126      231
  SINCE JUL 1    112                       238   -126      232

 COOLING
  TODAY            4                         0      4        0
  MONTH TO DATE   82                        35     47       51
  SINCE SEP 1    357                       257    100      365
  SINCE JAN 1   1853                      1684    169     1778
..................................................................


WIND (MPH)
  HIGHEST WIND SPEED    23   HIGHEST WIND DIRECTION     N (350)
  HIGHEST GUST SPEED    28   HIGHEST GUST DIRECTION     N (350)
  AVERAGE WIND SPEED    14.0


SKY COVER
  POSSIBLE SUNSHINE  MM
  AVERAGE SKY COVER 0.8


WEATHER CONDITIONS
 THE FOLLOWING WEATHER WAS RECORDED TODAY.
  NO SIGNIFICANT WEATHER WAS OBSERVED.


RELATIVE HUMIDITY (PERCENT)
 HIGHEST    57           800 AM
 LOWEST     38           200 PM
 AVERAGE    48

..........................................................


THE WICHITA MID CONTINENT CLIMATE NORMALS FOR TOMORROW
                         NORMAL    RECORD    YEAR
 MAXIMUM TEMPERATURE (F)   65        83      1938
 MINIMUM TEMPERATURE (F)   43        19      1925


SUNRISE AND SUNSET
OCTOBER 27 2014.......SUNRISE   750 AM CDT   SUNSET   637 PM CDT
OCTOBER 28 2014.......SUNRISE   751 AM CDT   SUNSET   636 PM CDT


-  INDICATES NEGATIVE NUMBERS.
R  INDICATES RECORD WAS SET OR TIED.
MM INDICATES DATA IS MISSING.
T  INDICATES TRACE AMOUNT.




$$
