000
CDUS43 KICT 282213
CLIICT


CLIMATE REPORT
NATIONAL WEATHER SERVICE WICHITA KS
512 PM CDT THU APR 28 2016


...................................

...THE WICHITA EISENHOWER NATIONAL CLIMATE SUMMARY FOR APRIL 28 2016...
VALID TODAY AS OF 0500 PM LOCAL TIME.

CLIMATE NORMAL PERIOD 1981 TO 2010
CLIMATE RECORD PERIOD 1888 TO 2016


WEATHER ITEM   OBSERVED TIME   RECORD YEAR NORMAL DEPARTURE LAST
                VALUE   (LST)  VALUE       VALUE  FROM      YEAR
                                                  NORMAL
..................................................................
TEMPERATURE (F)
 TODAY
  MAXIMUM         69    402 PM  90    1910  72     -3       71
                                      1899
  MINIMUM         47    619 AM  32    1965  49     -2       46
  AVERAGE         58                        60     -2       59

PRECIPITATION (IN)
  TODAY            0.00          2.10 1912   0.10  -0.10     0.00
  MONTH TO DATE    5.50                      2.37   3.13     2.62
  SINCE MAR 1      7.03                      5.06   1.97     2.90
  SINCE JAN 1      7.77                      7.07   0.70     4.67

SNOWFALL (IN)
  TODAY            0.0           0.0  2007   0.0    0.0      0.0
  MONTH TO DATE    0.0                       0.2   -0.2      0.0
  SINCE MAR 1      3.5                       2.5    1.0      1.1
  SINCE JUL 1      4.3                      14.9  -10.6     18.0
  SNOW DEPTH       0

DEGREE DAYS
 HEATING
  TODAY            7                         6      1        6
  MONTH TO DATE  151                       279   -128      157
  SINCE MAR 1    540                       856   -316      631
  SINCE JUL 1   3390                      4496  -1106     4196

 COOLING
  TODAY            0                         1     -1        0
  MONTH TO DATE   30                        21      9       28
  SINCE MAR 1     37                        23     14       28
  SINCE JAN 1     37                        23     14       28
..................................................................


WIND (MPH)
  HIGHEST WIND SPEED    20   HIGHEST WIND DIRECTION    NW (330)
  HIGHEST GUST SPEED    25   HIGHEST GUST DIRECTION     N (350)
  AVERAGE WIND SPEED    10.0


SKY COVER
  POSSIBLE SUNSHINE  MM
  AVERAGE SKY COVER 0.5


WEATHER CONDITIONS
 THE FOLLOWING WEATHER WAS RECORDED TODAY.
  NO SIGNIFICANT WEATHER WAS OBSERVED.


RELATIVE HUMIDITY (PERCENT)
 HIGHEST    82           300 AM
 LOWEST     42           400 PM
 AVERAGE    62

..........................................................


THE WICHITA EISENHOWER NATIONAL CLIMATE NORMALS FOR TOMORROW
                         NORMAL    RECORD    YEAR
 MAXIMUM TEMPERATURE (F)   72        96      1910
 MINIMUM TEMPERATURE (F)   49        30      1903


SUNRISE AND SUNSET
APRIL 28 2016.........SUNRISE   637 AM CDT   SUNSET   818 PM CDT
APRIL 29 2016.........SUNRISE   636 AM CDT   SUNSET   819 PM CDT


-  INDICATES NEGATIVE NUMBERS.
R  INDICATES RECORD WAS SET OR TIED.
MM INDICATES DATA IS MISSING.
T  INDICATES TRACE AMOUNT.




$$
