000
CDUS43 KICT 210630
CLIICT


CLIMATE REPORT
NATIONAL WEATHER SERVICE WICHITA KS
130 AM CDT MON APR 21 2014


...................................

...THE WICHITA MID CONTINENT KS CLIMATE SUMMARY FOR APRIL 20 2014...

CLIMATE NORMAL PERIOD 1981 TO 2010
CLIMATE RECORD PERIOD 1888 TO 2014


WEATHER ITEM   OBSERVED TIME   RECORD YEAR NORMAL DEPARTURE LAST
                VALUE   (LST)  VALUE       VALUE  FROM      YEAR
                                                  NORMAL
..................................................................
TEMPERATURE (F)
 YESTERDAY
  MAXIMUM         73    603 PM  93    1961  69      4       62
  MINIMUM         58   1149 PM  31    1978  46     12       39
                                      1966
                                      1918
  AVERAGE         66                        58      8       51

PRECIPITATION (IN)
  YESTERDAY        T             2.20 1974   0.08  -0.08     0.00
  MONTH TO DATE    0.45                      1.56  -1.11     1.96
  SINCE MAR 1      0.94                      4.25  -3.31     4.07
  SINCE JAN 1      1.93                      6.26  -4.33     7.09

SNOWFALL (IN)
  YESTERDAY        0.0           0.1  1918   0.0    0.0      0.0
  MONTH TO DATE    0.3                       0.2    0.1       T
  SINCE MAR 1      3.5                       2.5    1.0      5.3
  SINCE JUL 1     23.0                      14.9    8.1     29.8
  SNOW DEPTH       0

DEGREE DAYS
 HEATING
  YESTERDAY        0                         8     -8       14
  MONTH TO DATE  214                       223     -9      316
  SINCE MAR 1    891                       800     91      982
  SINCE JUL 1   4810                      4440    370     4253

 COOLING
  YESTERDAY        1                         1      0        0
  MONTH TO DATE   10                        13     -3        3
  SINCE MAR 1     10                        15     -5        3
  SINCE JAN 1     10                        15     -5        3
..................................................................


WIND (MPH)
  HIGHEST WIND SPEED    22   HIGHEST WIND DIRECTION     S (180)
  HIGHEST GUST SPEED    27   HIGHEST GUST DIRECTION     S (170)
  AVERAGE WIND SPEED    12.5


SKY COVER
  POSSIBLE SUNSHINE  MM
  AVERAGE SKY COVER 0.8


WEATHER CONDITIONS
 THE FOLLOWING WEATHER WAS RECORDED YESTERDAY.
  LIGHT RAIN
  FOG
  HAZE


RELATIVE HUMIDITY (PERCENT)
 HIGHEST    81           200 PM
 LOWEST     53           500 PM
 AVERAGE    67

..........................................................


THE WICHITA MID CONTINENT KS CLIMATE NORMALS FOR TODAY
                         NORMAL    RECORD    YEAR
 MAXIMUM TEMPERATURE (F)   69        92      1963
 MINIMUM TEMPERATURE (F)   46        28      1966


SUNRISE AND SUNSET
APRIL 21 2014.........SUNRISE   647 AM CDT   SUNSET   811 PM CDT
APRIL 22 2014.........SUNRISE   645 AM CDT   SUNSET   812 PM CDT


-  INDICATES NEGATIVE NUMBERS.
R  INDICATES RECORD WAS SET OR TIED.
MM INDICATES DATA IS MISSING.
T  INDICATES TRACE AMOUNT.




$$
