000
CDUS43 KICT 250704
CLIICT

CLIMATE REPORT
NATIONAL WEATHER SERVICE WICHITA KS
204 AM CDT THU MAY 25 2017


...................................

...THE WICHITA EISENHOWER NATIONAL CLIMATE SUMMARY FOR MAY 24 2017...

CLIMATE NORMAL PERIOD 1981 TO 2010
CLIMATE RECORD PERIOD 1888 TO 2017


WEATHER ITEM   OBSERVED TIME   RECORD YEAR NORMAL DEPARTURE LAST
                VALUE   (LST)  VALUE       VALUE  FROM      YEAR
                                                  NORMAL
..................................................................
TEMPERATURE (F)
 YESTERDAY
  MAXIMUM         68    515 PM  97    1967  79    -11       83
  MINIMUM         47    552 AM  41    1924  58    -11       62
  AVERAGE         58                        68    -10       73

PRECIPITATION (IN)
  YESTERDAY        0.00          3.19 1891   0.15  -0.15     1.29
  MONTH TO DATE    4.30                      3.43   0.87     4.87
  SINCE MAR 1     15.08                      8.71   6.37    12.63
  SINCE JAN 1     18.70                     10.72   7.98    13.37

SNOWFALL (IN)
  YESTERDAY        0.0           T    2004   0.0    0.0      0.0
  MONTH TO DATE    0.0                       0.0    0.0      0.0
  SINCE MAR 1      T                         2.5   -2.5      3.5
  SINCE JUL 1      2.0                      14.9  -12.9      4.3
  SNOW DEPTH       0

DEGREE DAYS
 HEATING
  YESTERDAY        7                         1      6        0
  MONTH TO DATE   75                        73      2       91
  SINCE MAR 1    740                       941   -201      654
  SINCE JUL 1   3584                      4581   -997     3504

 COOLING
  YESTERDAY        0                         5     -5        8
  MONTH TO DATE   62                        70     -8       41
  SINCE MAR 1    107                        96     11       78
  SINCE JAN 1    107                        96     11       78
..................................................................


WIND (MPH)
  HIGHEST WIND SPEED    18   HIGHEST WIND DIRECTION    NW (310)
  HIGHEST GUST SPEED    25   HIGHEST GUST DIRECTION     N (350)
  AVERAGE WIND SPEED     8.7


SKY COVER
  POSSIBLE SUNSHINE  MM
  AVERAGE SKY COVER 0.4


WEATHER CONDITIONS
 THE FOLLOWING WEATHER WAS RECORDED YESTERDAY.
  NO SIGNIFICANT WEATHER WAS OBSERVED.


RELATIVE HUMIDITY (PERCENT)
 HIGHEST    86           200 AM
 LOWEST     42           500 PM
 AVERAGE    64

..........................................................


THE WICHITA EISENHOWER NATIONAL CLIMATE NORMALS FOR TODAY
                         NORMAL    RECORD    YEAR
 MAXIMUM TEMPERATURE (F)   79       100      1962
 MINIMUM TEMPERATURE (F)   58        42      1925


SUNRISE AND SUNSET
MAY 25 2017...........SUNRISE   613 AM CDT   SUNSET   841 PM CDT
MAY 26 2017...........SUNRISE   612 AM CDT   SUNSET   842 PM CDT


-  INDICATES NEGATIVE NUMBERS.
R  INDICATES RECORD WAS SET OR TIED.
MM INDICATES DATA IS MISSING.
T  INDICATES TRACE AMOUNT.




$$
