000
CDUS43 KICT 080623
CLIICT

CLIMATE REPORT
NATIONAL WEATHER SERVICE WICHITA KS
122 AM CDT TUE JUL 8 2014


...................................

...THE WICHITA MID CONTINENT KS CLIMATE SUMMARY FOR JULY 7 2014...

CLIMATE NORMAL PERIOD 1981 TO 2010
CLIMATE RECORD PERIOD 1888 TO 2014


WEATHER ITEM   OBSERVED TIME   RECORD YEAR NORMAL DEPARTURE LAST
                VALUE   (LST)  VALUE       VALUE  FROM      YEAR
                                                  NORMAL
..................................................................
TEMPERATURE (F)
 YESTERDAY
  MAXIMUM         98    442 PM 106    1980  92      6      100
  MINIMUM         69    600 AM  55    1908  69      0       75
  AVERAGE         84                        81      3       88

PRECIPITATION (IN)
  YESTERDAY        0.00          2.45 1899   0.12  -0.12     0.01
  MONTH TO DATE    1.12                      0.87   0.25     0.03
  SINCE JUN 1     11.58                      6.07   5.51     1.86
  SINCE JAN 1     17.65                     17.93  -0.28    15.88

SNOWFALL (IN)
  YESTERDAY        0.0           0.0  2007   0.0    0.0      0.0
  MONTH TO DATE    0.0                       0.0    0.0      0.0
  SINCE JUN 1      0.0                       0.0    0.0      0.0
  SINCE JUL 1      0.0                       0.0    0.0      0.0
  SNOW DEPTH       0

DEGREE DAYS
 HEATING
  YESTERDAY        0                         0      0        0
  MONTH TO DATE    0                         0      0        0
  SINCE JUN 1      0                         6     -6        3
  SINCE JUL 1      0                         0      0        0

 COOLING
  YESTERDAY       19                        16      3       23
  MONTH TO DATE   85                       107    -22       85
  SINCE JUN 1    427                       436     -9      487
  SINCE JAN 1    694                       572    122      625
..................................................................


WIND (MPH)
  HIGHEST WIND SPEED    24   HIGHEST WIND DIRECTION     S (200)
  HIGHEST GUST SPEED    31   HIGHEST GUST DIRECTION    SW (210)
  AVERAGE WIND SPEED    11.2


SKY COVER
  POSSIBLE SUNSHINE  MM
  AVERAGE SKY COVER 0.4


WEATHER CONDITIONS
 THE FOLLOWING WEATHER WAS RECORDED YESTERDAY.
  NO SIGNIFICANT WEATHER WAS OBSERVED.


RELATIVE HUMIDITY (PERCENT)
 HIGHEST    84           400 AM
 LOWEST     30           600 PM
 AVERAGE    57

..........................................................


THE WICHITA MID CONTINENT KS CLIMATE NORMALS FOR TODAY
                         NORMAL    RECORD    YEAR
 MAXIMUM TEMPERATURE (F)   92       108      1980
 MINIMUM TEMPERATURE (F)   70        55      1952


SUNRISE AND SUNSET
JULY  8 2014..........SUNRISE   616 AM CDT   SUNSET   854 PM CDT
JULY  9 2014..........SUNRISE   616 AM CDT   SUNSET   853 PM CDT


-  INDICATES NEGATIVE NUMBERS.
R  INDICATES RECORD WAS SET OR TIED.
MM INDICATES DATA IS MISSING.
T  INDICATES TRACE AMOUNT.




$$
