000
CDUS43 KICT 280627
CLIICT


CLIMATE REPORT
NATIONAL WEATHER SERVICE WICHITA KS
127 AM CDT SUN SEP 28 2014


...................................

...THE WICHITA MID CONTINENT KS CLIMATE SUMMARY FOR SEPTEMBER 27 2014...

CLIMATE NORMAL PERIOD 1981 TO 2010
CLIMATE RECORD PERIOD 1888 TO 2014


WEATHER ITEM   OBSERVED TIME   RECORD YEAR NORMAL DEPARTURE LAST
                VALUE   (LST)  VALUE       VALUE  FROM      YEAR
                                                  NORMAL
..................................................................
TEMPERATURE (F)
 YESTERDAY
  MAXIMUM         86    254 PM  98    1898  77      9       89
  MINIMUM         60    618 AM  32    1942  54      6       65
  AVERAGE         73                        66      7       77

PRECIPITATION (IN)
  YESTERDAY        0.00          2.47 1945   0.10  -0.10     0.00
  MONTH TO DATE    0.47                      2.86  -2.39     1.58
  SINCE SEP 1      0.47                      2.86  -2.39     1.58
  SINCE JAN 1     22.45                     26.95  -4.50    35.75

SNOWFALL (IN)
  YESTERDAY        0.0           0.0  2007   0.0    0.0      0.0
  MONTH TO DATE    0.0                       0.0    0.0      0.0
  SINCE SEP 1      0.0                       0.0    0.0      0.0
  SINCE JUL 1      0.0                       0.0    0.0      0.0
  SNOW DEPTH       0

DEGREE DAYS
 HEATING
  YESTERDAY        0                         3     -3        0
  MONTH TO DATE   20                        30    -10        0
  SINCE SEP 1     20                        30    -10        0
  SINCE JUL 1     21                        31    -10        1

 COOLING
  YESTERDAY        8                         4      4       12
  MONTH TO DATE  247                       209     38      313
  SINCE SEP 1    247                       209     38      313
  SINCE JAN 1   1743                      1636    107     1726
..................................................................


WIND (MPH)
  HIGHEST WIND SPEED    20   HIGHEST WIND DIRECTION    SE (140)
  HIGHEST GUST SPEED    28   HIGHEST GUST DIRECTION    SE (140)
  AVERAGE WIND SPEED    10.6


SKY COVER
  POSSIBLE SUNSHINE  MM
  AVERAGE SKY COVER 0.1


WEATHER CONDITIONS
 THE FOLLOWING WEATHER WAS RECORDED YESTERDAY.
  NO SIGNIFICANT WEATHER WAS OBSERVED.


RELATIVE HUMIDITY (PERCENT)
 HIGHEST    84           400 AM
 LOWEST     32           200 PM
 AVERAGE    58

..........................................................


THE WICHITA MID CONTINENT KS CLIMATE NORMALS FOR TODAY
                         NORMAL    RECORD    YEAR
 MAXIMUM TEMPERATURE (F)   77       103      1953
 MINIMUM TEMPERATURE (F)   54        35      1967


SUNRISE AND SUNSET
SEPTEMBER 28 2014.....SUNRISE   723 AM CDT   SUNSET   717 PM CDT
SEPTEMBER 29 2014.....SUNRISE   723 AM CDT   SUNSET   716 PM CDT


-  INDICATES NEGATIVE NUMBERS.
R  INDICATES RECORD WAS SET OR TIED.
MM INDICATES DATA IS MISSING.
T  INDICATES TRACE AMOUNT.




$$
