000
CDUS43 KICT 260619
CLIICT


CLIMATE REPORT
NATIONAL WEATHER SERVICE WICHITA KS
119 AM CDT MON SEP 26 2016


...................................

...THE WICHITA EISENHOWER NATIONAL CLIMATE SUMMARY FOR SEPTEMBER 25 2016...

CLIMATE NORMAL PERIOD 1981 TO 2010
CLIMATE RECORD PERIOD 1888 TO 2016


WEATHER ITEM   OBSERVED TIME   RECORD YEAR NORMAL DEPARTURE LAST
                VALUE   (LST)  VALUE       VALUE  FROM      YEAR
                                                  NORMAL
..................................................................
TEMPERATURE (F)
 YESTERDAY
  MAXIMUM         69    508 PM  96    1904  78     -9       86
                                      1898
  MINIMUM         55   1159 PM  39    2000  55      0       61
                                      1926
                                      1912
  AVERAGE         62                        67     -5       74

PRECIPITATION (IN)
  YESTERDAY        1.07          2.26 1955   0.11   0.96     0.76
  MONTH TO DATE   11.30                      2.65   8.65     2.01
  SINCE SEP 1     11.30                      2.65   8.65     2.01
  SINCE JAN 1     47.64                     26.74  20.90    34.43

SNOWFALL (IN)
  YESTERDAY        0.0           0.0  2007   0.0    0.0      0.0
  MONTH TO DATE    0.0                       0.0    0.0      0.0
  SINCE SEP 1      0.0                       0.0    0.0      0.0
  SINCE JUL 1      0.0                       0.0    0.0      0.0
  SNOW DEPTH       0

DEGREE DAYS
 HEATING
  YESTERDAY        3                         3      0        0
  MONTH TO DATE    3                        24    -21        0
  SINCE SEP 1      3                        24    -21        0
  SINCE JUL 1      3                        25    -22        0

 COOLING
  YESTERDAY        0                         4     -4        9
  MONTH TO DATE  277                       201     76      317
  SINCE SEP 1    277                       201     76      317
  SINCE JAN 1   1949                      1628    321     1808
..................................................................


WIND (MPH)
  HIGHEST WIND SPEED    26   HIGHEST WIND DIRECTION    NW (330)
  HIGHEST GUST SPEED    32   HIGHEST GUST DIRECTION     N (350)
  AVERAGE WIND SPEED    10.0


SKY COVER
  POSSIBLE SUNSHINE  MM
  AVERAGE SKY COVER 0.8


WEATHER CONDITIONS
 THE FOLLOWING WEATHER WAS RECORDED YESTERDAY.
  THUNDERSTORM
  HEAVY RAIN
  RAIN
  LIGHT RAIN
  FOG
  HAZE


RELATIVE HUMIDITY (PERCENT)
 HIGHEST   100          1200 AM
 LOWEST     53           300 PM
 AVERAGE    77

..........................................................


THE WICHITA EISENHOWER NATIONAL CLIMATE NORMALS FOR TODAY
                         NORMAL    RECORD    YEAR
 MAXIMUM TEMPERATURE (F)   78        97      1904
 MINIMUM TEMPERATURE (F)   55        36      1942


SUNRISE AND SUNSET
SEPTEMBER 26 2016.....SUNRISE   721 AM CDT   SUNSET   720 PM CDT
SEPTEMBER 27 2016.....SUNRISE   722 AM CDT   SUNSET   718 PM CDT


-  INDICATES NEGATIVE NUMBERS.
R  INDICATES RECORD WAS SET OR TIED.
MM INDICATES DATA IS MISSING.
T  INDICATES TRACE AMOUNT.




$$
