000
CDUS43 KICT 170633
CLIICT


CLIMATE REPORT
NATIONAL WEATHER SERVICE WICHITA KS
131 AM CDT TUE OCT 17 2017


...................................

...THE WICHITA EISENHOWER NATIONAL CLIMATE SUMMARY FOR OCTOBER 16 2017...

CLIMATE NORMAL PERIOD 1981 TO 2010
CLIMATE RECORD PERIOD 1888 TO 2017


WEATHER ITEM   OBSERVED TIME   RECORD YEAR NORMAL DEPARTURE LAST
                VALUE   (LST)  VALUE       VALUE  FROM      YEAR
                                                  NORMAL
..................................................................
TEMPERATURE (F)
 YESTERDAY
  MAXIMUM         69    354 PM  90    2016  70     -1       90
  MINIMUM         39    657 AM  27    1966  47     -8       66
  AVERAGE         54                        58     -4       78

PRECIPITATION (IN)
  YESTERDAY        0.00          2.04 1968   0.09  -0.09     0.00
  MONTH TO DATE    3.01                      1.56   1.45     1.12
  SINCE SEP 1      5.35                      4.70   0.65    12.42
  SINCE JAN 1     32.70                     28.79   3.91    48.76

SNOWFALL (IN)
  YESTERDAY       MM             0.0  2007   0.0   MM        0.0
  MONTH TO DATE    0.0                       0.0    0.0      0.0
  SINCE SEP 1      0.0                       0.0    0.0      0.0
  SINCE JUL 1      0.0                       0.0    0.0      0.0
  SNOW DEPTH       0

DEGREE DAYS
 HEATING
  YESTERDAY       11                         8      3        0
  MONTH TO DATE   58                        92    -34       43
  SINCE SEP 1     64                       134    -70       57
  SINCE JUL 1     64                       135    -71       57

 COOLING
  YESTERDAY        0                         1     -1       13
  MONTH TO DATE   64                        29     35       47
  SINCE SEP 1    340                       251     89      327
  SINCE JAN 1   1779                      1678    101     1999
..................................................................


WIND (MPH)
  HIGHEST WIND SPEED    20   HIGHEST WIND DIRECTION     S (180)
  HIGHEST GUST SPEED    24   HIGHEST GUST DIRECTION     S (170)
  AVERAGE WIND SPEED     8.7


SKY COVER
  POSSIBLE SUNSHINE  MM
  AVERAGE SKY COVER 0.1


WEATHER CONDITIONS
 THE FOLLOWING WEATHER WAS RECORDED YESTERDAY.
  FOG


RELATIVE HUMIDITY (PERCENT)
 HIGHEST   100           500 AM
 LOWEST     32           400 PM
 AVERAGE    66

..........................................................


THE WICHITA EISENHOWER NATIONAL CLIMATE NORMALS FOR TODAY
                         NORMAL    RECORD    YEAR
 MAXIMUM TEMPERATURE (F)   69        91      2016
 MINIMUM TEMPERATURE (F)   47        29      1976


SUNRISE AND SUNSET
OCTOBER 17 2017.......SUNRISE   740 AM CDT   SUNSET   649 PM CDT
OCTOBER 18 2017.......SUNRISE   741 AM CDT   SUNSET   648 PM CDT


-  INDICATES NEGATIVE NUMBERS.
R  INDICATES RECORD WAS SET OR TIED.
MM INDICATES DATA IS MISSING.
T  INDICATES TRACE AMOUNT.




$$
