000
CDUS43 KICT 100704
CLIICT

CLIMATE REPORT
NATIONAL WEATHER SERVICE WICHITA KS
103 AM CST WED FEB 10 2016

...................................

...THE WICHITA EISENHOWER NATIONAL CLIMATE SUMMARY FOR FEBRUARY 9 2016...

CLIMATE NORMAL PERIOD 1981 TO 2010
CLIMATE RECORD PERIOD 1888 TO 2016


WEATHER ITEM   OBSERVED TIME   RECORD YEAR NORMAL DEPARTURE LAST
                VALUE   (LST)  VALUE       VALUE  FROM      YEAR
                                                  NORMAL
..................................................................
TEMPERATURE (F)
 YESTERDAY
  MAXIMUM         43    302 PM  84    1976  47     -4       56
  MINIMUM         27   1153 PM  -9    2011  24      3       33
                                      1899
  AVERAGE         35                        35      0       45

PRECIPITATION (IN)
  YESTERDAY        0.00          1.59 1898   0.04  -0.04     0.00
  MONTH TO DATE    0.55                      0.32   0.23     0.03
  SINCE DEC 1      2.96                      2.35   0.61     2.43
  SINCE JAN 1      0.74                      1.15  -0.41     1.14

SNOWFALL (IN)
  YESTERDAY        0.0           3.5  1986   0.2   -0.2      0.0
  MONTH TO DATE    0.0                       1.3   -1.3      0.1
  SINCE DEC 1      0.5                       9.1   -8.6      8.3
  SINCE JUL 1      0.8                      10.5   -9.7     10.1
  SNOW DEPTH       0

DEGREE DAYS
 HEATING
  YESTERDAY       30                        30      0       20
  MONTH TO DATE  239                       274    -35      254
  SINCE DEC 1   1921                      2258   -337     2028
  SINCE JUL 1   2490                      3134   -644     2908

 COOLING
  YESTERDAY        0                         0      0        0
  MONTH TO DATE    0                         0      0        0
  SINCE DEC 1      0                         0      0        0
  SINCE JAN 1      0                         0      0        0
..................................................................


WIND (MPH)
  HIGHEST WIND SPEED    28   HIGHEST WIND DIRECTION     N (340)
  HIGHEST GUST SPEED    33   HIGHEST GUST DIRECTION     N (350)
  AVERAGE WIND SPEED    14.7


SKY COVER
  POSSIBLE SUNSHINE  MM
  AVERAGE SKY COVER 0.6


WEATHER CONDITIONS
 THE FOLLOWING WEATHER WAS RECORDED YESTERDAY.
  NO SIGNIFICANT WEATHER WAS OBSERVED.


RELATIVE HUMIDITY (PERCENT)
 HIGHEST    69           100 AM
 LOWEST     33           200 PM
 AVERAGE    51

..........................................................


THE WICHITA EISENHOWER NATIONAL CLIMATE NORMALS FOR TODAY
                         NORMAL    RECORD    YEAR
 MAXIMUM TEMPERATURE (F)   47        76      1922
 MINIMUM TEMPERATURE (F)   25       -17      2011


SUNRISE AND SUNSET
FEBRUARY 10 2016......SUNRISE   725 AM CST   SUNSET   603 PM CST
FEBRUARY 11 2016......SUNRISE   724 AM CST   SUNSET   604 PM CST


-  INDICATES NEGATIVE NUMBERS.
R  INDICATES RECORD WAS SET OR TIED.
MM INDICATES DATA IS MISSING.
T  INDICATES TRACE AMOUNT.

$$
