154
CDUS43 KICT 220633
CLIICT


CLIMATE REPORT
NATIONAL WEATHER SERVICE WICHITA KS
1232 AM CST SUN JAN 22 2017


...................................

...THE WICHITA EISENHOWER NATIONAL CLIMATE SUMMARY FOR JANUARY 21 2017...

CLIMATE NORMAL PERIOD 1981 TO 2010
CLIMATE RECORD PERIOD 1888 TO 2017


WEATHER ITEM   OBSERVED TIME   RECORD YEAR NORMAL DEPARTURE LAST
                VALUE   (LST)  VALUE       VALUE  FROM      YEAR
                                                  NORMAL
..................................................................
TEMPERATURE (F)
 YESTERDAY
  MAXIMUM         50    240 PM  69    1964  43      7       34
  MINIMUM         28    737 AM  -7    1935  22      6       28
  AVERAGE         39                        32      7       31

PRECIPITATION (IN)
  YESTERDAY        0.05          0.57 1973   0.03   0.02     0.01
  MONTH TO DATE    2.60                      0.51   2.09     0.19
  SINCE DEC 1      3.26                      1.71   1.55     2.41
  SINCE JAN 1      2.60                      0.51   2.09     0.19

SNOWFALL (IN)
  YESTERDAY       MM             6.0  1973   0.1   MM        0.0
  MONTH TO DATE    T                         2.3   -2.3      0.1
  SINCE DEC 1      2.0                       6.5   -4.5      0.5
  SINCE JUL 1      2.0                       7.9   -5.9      0.8
  SNOW DEPTH       0

DEGREE DAYS
 HEATING
  YESTERDAY       26                        33     -7       34
  MONTH TO DATE  646                       693    -47      701
  SINCE DEC 1   1633                      1660    -27     1431
  SINCE JUL 1   2086                      2536   -450     2000

 COOLING
  YESTERDAY        0                         0      0        0
  MONTH TO DATE    0                         0      0        0
  SINCE DEC 1      0                         0      0        0
  SINCE JAN 1      0                         0      0        0
..................................................................


WIND (MPH)
  HIGHEST WIND SPEED    15   HIGHEST WIND DIRECTION    NE (40)
  HIGHEST GUST SPEED    17   HIGHEST GUST DIRECTION    NE (50)
  AVERAGE WIND SPEED     7.3


SKY COVER
  POSSIBLE SUNSHINE  MM
  AVERAGE SKY COVER 0.5


WEATHER CONDITIONS
 THE FOLLOWING WEATHER WAS RECORDED YESTERDAY.
  LIGHT RAIN
  FOG


RELATIVE HUMIDITY (PERCENT)
 HIGHEST   100           100 AM
 LOWEST     61           200 PM
 AVERAGE    81

..........................................................


THE WICHITA EISENHOWER NATIONAL CLIMATE NORMALS FOR TODAY
                         NORMAL    RECORD    YEAR
 MAXIMUM TEMPERATURE (F)   43        75      1967
 MINIMUM TEMPERATURE (F)   22        -6      1930


SUNRISE AND SUNSET
JANUARY 22 2017.......SUNRISE   740 AM CST   SUNSET   543 PM CST
JANUARY 23 2017.......SUNRISE   740 AM CST   SUNSET   544 PM CST


-  INDICATES NEGATIVE NUMBERS.
R  INDICATES RECORD WAS SET OR TIED.
MM INDICATES DATA IS MISSING.
T  INDICATES TRACE AMOUNT.




$$
