000
CDUS43 KICT 270636
CLIICT


CLIMATE REPORT
NATIONAL WEATHER SERVICE WICHITA KS
136 AM CDT MON OCT 27 2014


...................................

...THE WICHITA MID CONTINENT KS CLIMATE SUMMARY FOR OCTOBER 26 2014...

CLIMATE NORMAL PERIOD 1981 TO 2010
CLIMATE RECORD PERIOD 1888 TO 2014


WEATHER ITEM   OBSERVED TIME   RECORD YEAR NORMAL DEPARTURE LAST
                VALUE   (LST)  VALUE       VALUE  FROM      YEAR
                                                  NORMAL
..................................................................
TEMPERATURE (F)
 YESTERDAY
  MAXIMUM         90R   304 PM  90    1950  66     24       68
  MINIMUM         61    535 AM  25    1957  43     18       37
  AVERAGE         76                        55     21       53

PRECIPITATION (IN)
  YESTERDAY        0.00          1.55 1971   0.08  -0.08     0.01
  MONTH TO DATE    1.41                      2.43  -1.02     1.02
  SINCE SEP 1      1.88                      5.57  -3.69     3.05
  SINCE JAN 1     23.86                     29.66  -5.80    37.22

SNOWFALL (IN)
  YESTERDAY        0.0           0.5  1913   0.0    0.0      0.0
  MONTH TO DATE    0.0                       0.1   -0.1       T
  SINCE SEP 1      0.0                       0.1   -0.1       T
  SINCE JUL 1      0.0                       0.1   -0.1       T
  SNOW DEPTH       0

DEGREE DAYS
 HEATING
  YESTERDAY        0                        11    -11       12
  MONTH TO DATE   91                       184    -93      210
  SINCE SEP 1    111                       226   -115      214
  SINCE JUL 1    112                       227   -115      215

 COOLING
  YESTERDAY       11                         0     11        0
  MONTH TO DATE   78                        35     43       51
  SINCE SEP 1    353                       257     96      365
  SINCE JAN 1   1849                      1684    165     1778
..................................................................


WIND (MPH)
  HIGHEST WIND SPEED    35   HIGHEST WIND DIRECTION     S (190)
  HIGHEST GUST SPEED    43   HIGHEST GUST DIRECTION     S (190)
  AVERAGE WIND SPEED    17.5


SKY COVER
  POSSIBLE SUNSHINE  MM
  AVERAGE SKY COVER 0.2


WEATHER CONDITIONS
 THE FOLLOWING WEATHER WAS RECORDED YESTERDAY.
  NO SIGNIFICANT WEATHER WAS OBSERVED.


RELATIVE HUMIDITY (PERCENT)
 HIGHEST    84          1200 AM
 LOWEST     27           400 PM
 AVERAGE    56

..........................................................


THE WICHITA MID CONTINENT KS CLIMATE NORMALS FOR TODAY
                         NORMAL    RECORD    YEAR
 MAXIMUM TEMPERATURE (F)   66        86      1922
 MINIMUM TEMPERATURE (F)   43        23      1957


SUNRISE AND SUNSET
OCTOBER 27 2014.......SUNRISE   750 AM CDT   SUNSET   637 PM CDT
OCTOBER 28 2014.......SUNRISE   751 AM CDT   SUNSET   636 PM CDT


-  INDICATES NEGATIVE NUMBERS.
R  INDICATES RECORD WAS SET OR TIED.
MM INDICATES DATA IS MISSING.
T  INDICATES TRACE AMOUNT.




$$
