000
CDUS43 KICT 130640
CLIICT


CLIMATE REPORT
NATIONAL WEATHER SERVICE WICHITA KS
140 AM CDT FRI OCT 13 2017


...................................

...THE WICHITA EISENHOWER NATIONAL CLIMATE SUMMARY FOR OCTOBER 12 2017...

CLIMATE NORMAL PERIOD 1981 TO 2010
CLIMATE RECORD PERIOD 1888 TO 2017


WEATHER ITEM   OBSERVED TIME   RECORD YEAR NORMAL DEPARTURE LAST
                VALUE   (LST)  VALUE       VALUE  FROM      YEAR
                                                  NORMAL
..................................................................
TEMPERATURE (F)
 YESTERDAY
  MAXIMUM         82    312 PM  91    1975  71     11       67
  MINIMUM         51    650 AM  27    1917  48      3       48
  AVERAGE         67                        60      7       58

PRECIPITATION (IN)
  YESTERDAY        0.00          1.52 1997   0.09  -0.09     0.02
  MONTH TO DATE    2.85                      1.20   1.65     1.12
  SINCE SEP 1      5.19                      4.34   0.85    12.42
  SINCE JAN 1     32.54                     28.43   4.11    48.76

SNOWFALL (IN)
  YESTERDAY        0.0           0.0  2007   0.0    0.0      0.0
  MONTH TO DATE    0.0                       0.0    0.0      0.0
  SINCE SEP 1      0.0                       0.0    0.0      0.0
  SINCE JUL 1      0.0                       0.0    0.0      0.0
  SNOW DEPTH       0

DEGREE DAYS
 HEATING
  YESTERDAY        0                         7     -7        7
  MONTH TO DATE   35                        63    -28       29
  SINCE SEP 1     41                       105    -64       43
  SINCE JUL 1     41                       106    -65       43

 COOLING
  YESTERDAY        2                         1      1        0
  MONTH TO DATE   50                        25     25       25
  SINCE SEP 1    326                       247     79      305
  SINCE JAN 1   1765                      1674     91     1977
..................................................................


WIND (MPH)
  HIGHEST WIND SPEED    29   HIGHEST WIND DIRECTION     S (180)
  HIGHEST GUST SPEED    37   HIGHEST GUST DIRECTION     S (180)
  AVERAGE WIND SPEED    16.1


SKY COVER
  POSSIBLE SUNSHINE  MM
  AVERAGE SKY COVER 0.1


WEATHER CONDITIONS
 THE FOLLOWING WEATHER WAS RECORDED YESTERDAY.
  NO SIGNIFICANT WEATHER WAS OBSERVED.


RELATIVE HUMIDITY (PERCENT)
 HIGHEST    96           100 AM
 LOWEST     49           200 PM
 AVERAGE    73

..........................................................


THE WICHITA EISENHOWER NATIONAL CLIMATE NORMALS FOR TODAY
                         NORMAL    RECORD    YEAR
 MAXIMUM TEMPERATURE (F)   71        90      1966
                                             1954
 MINIMUM TEMPERATURE (F)   48        33      1969


SUNRISE AND SUNSET
OCTOBER 13 2017.......SUNRISE   736 AM CDT   SUNSET   655 PM CDT
OCTOBER 14 2017.......SUNRISE   737 AM CDT   SUNSET   653 PM CDT


-  INDICATES NEGATIVE NUMBERS.
R  INDICATES RECORD WAS SET OR TIED.
MM INDICATES DATA IS MISSING.
T  INDICATES TRACE AMOUNT.




$$
