391
CDUS43 KICT 190631
CLIICT


CLIMATE REPORT
NATIONAL WEATHER SERVICE WICHITA KS
1230 AM CST MON FEB 19 2018


...................................

...THE WICHITA EISENHOWER NATIONAL CLIMATE SUMMARY FOR FEBRUARY 18 2018...

CLIMATE NORMAL PERIOD 1981 TO 2010
CLIMATE RECORD PERIOD 1888 TO 2018


WEATHER ITEM   OBSERVED TIME   RECORD YEAR NORMAL DEPARTURE LAST
                VALUE   (LST)  VALUE       VALUE  FROM      YEAR
                                                  NORMAL
..................................................................
TEMPERATURE (F)
 YESTERDAY
  MAXIMUM         59    246 PM  77    2016  49     10       73
  MINIMUM         31   1216 AM  -2    1889  27      4       38
  AVERAGE         45                        38      7       56

PRECIPITATION (IN)
  YESTERDAY        0.00          1.46 1915   0.05  -0.05     0.00
  MONTH TO DATE    T                         0.71  -0.71     0.03
  SINCE DEC 1      0.23                      2.74  -2.51     3.48
  SINCE JAN 1      0.20                      1.54  -1.34     2.82

SNOWFALL (IN)
  YESTERDAY        0.0           6.0  1938   0.1   -0.1      0.0
  MONTH TO DATE    T                         2.4   -2.4      0.0
  SINCE DEC 1      0.3                      10.2   -9.9      2.0
  SINCE JUL 1      0.3                      11.6  -11.3      2.0
  SNOW DEPTH       0

DEGREE DAYS
 HEATING
  YESTERDAY       20                        27     -7        9
  MONTH TO DATE  542                       527     15      368
  SINCE DEC 1   2359                      2511   -152     2227
  SINCE JUL 1   3089                      3387   -298     2680

 COOLING
  YESTERDAY        0                         0      0        0
  MONTH TO DATE    0                         0      0        0
  SINCE DEC 1      0                         0      0        0
  SINCE JAN 1      0                         0      0        0
..................................................................


WIND (MPH)
  HIGHEST WIND SPEED    37   HIGHEST WIND DIRECTION     S (170)
  HIGHEST GUST SPEED    43   HIGHEST GUST DIRECTION     S (180)
  AVERAGE WIND SPEED    21.3


SKY COVER
  POSSIBLE SUNSHINE  MM
  AVERAGE SKY COVER 0.6


WEATHER CONDITIONS
 THE FOLLOWING WEATHER WAS RECORDED YESTERDAY.
  NO SIGNIFICANT WEATHER WAS OBSERVED.


RELATIVE HUMIDITY (PERCENT)
 HIGHEST    93          1000 PM
 LOWEST     38          1200 AM
 AVERAGE    66

..........................................................


THE WICHITA EISENHOWER NATIONAL CLIMATE NORMALS FOR TODAY
                         NORMAL    RECORD    YEAR
 MAXIMUM TEMPERATURE (F)   49        74      1996
                                             1930
 MINIMUM TEMPERATURE (F)   27         2      1975
                                             1903


SUNRISE AND SUNSET
FEBRUARY 19 2018......SUNRISE   714 AM CST   SUNSET   613 PM CST
FEBRUARY 20 2018......SUNRISE   713 AM CST   SUNSET   614 PM CST


-  INDICATES NEGATIVE NUMBERS.
R  INDICATES RECORD WAS SET OR TIED.
MM INDICATES DATA IS MISSING.
T  INDICATES TRACE AMOUNT.




$$
