753
CDUS43 KICT 250634
CLIICT

CLIMATE REPORT
NATIONAL WEATHER SERVICE WICHITA KS
133 AM CDT SAT MAR 25 2017

...................................

...THE WICHITA EISENHOWER NATIONAL CLIMATE SUMMARY FOR MARCH 24 2017...

CLIMATE NORMAL PERIOD 1981 TO 2010
CLIMATE RECORD PERIOD 1888 TO 2017


WEATHER ITEM   OBSERVED TIME   RECORD YEAR NORMAL DEPARTURE LAST
                VALUE   (LST)  VALUE       VALUE  FROM      YEAR
                                                  NORMAL
..................................................................
TEMPERATURE (F)
 YESTERDAY
  MAXIMUM         76   1254 PM  85    1929  61     15       56
                                      1907
  MINIMUM         47   1159 PM  10    1974  37     10       30
  AVERAGE         62                        49     13       43

PRECIPITATION (IN)
  YESTERDAY        0.44          1.95 1904   0.09   0.35      T
  MONTH TO DATE    0.46                      2.00  -1.54     0.91
  SINCE MAR 1      0.46                      2.00  -1.54     0.91
  SINCE JAN 1      4.08                      4.01   0.07     1.65

SNOWFALL (IN)
  YESTERDAY        T             5.5  1912   0.1   -0.1      0.0
  MONTH TO DATE    T                         1.9   -1.9       T
  SINCE MAR 1      T                         1.9   -1.9       T
  SINCE JUL 1      2.0                      14.3  -12.3      0.8
  SNOW DEPTH       0

DEGREE DAYS
 HEATING
  YESTERDAY        3                        16    -13       22
  MONTH TO DATE  320                       471   -151      300
  SINCE MAR 1    320                       471   -151      300
  SINCE JUL 1   3164                      4111   -947     3150

 COOLING
  YESTERDAY        0                         0      0        0
  MONTH TO DATE   18                         0     18        3
  SINCE MAR 1     18                         0     18        3
  SINCE JAN 1     18                         0     18        3
..................................................................


WIND (MPH)
  HIGHEST WIND SPEED    29   HIGHEST WIND DIRECTION     S (180)
  HIGHEST GUST SPEED    39   HIGHEST GUST DIRECTION     S (180)
  AVERAGE WIND SPEED    17.0


SKY COVER
  POSSIBLE SUNSHINE  MM
  AVERAGE SKY COVER 0.6


WEATHER CONDITIONS
 THE FOLLOWING WEATHER WAS RECORDED YESTERDAY.
  THUNDERSTORM
  HEAVY RAIN
  RAIN
  LIGHT RAIN
  HAIL
  FOG
  HAZE


RELATIVE HUMIDITY (PERCENT)
 HIGHEST    83           900 PM
 LOWEST     29          1200 PM
 AVERAGE    56

..........................................................


THE WICHITA EISENHOWER NATIONAL CLIMATE NORMALS FOR TODAY
                         NORMAL    RECORD    YEAR
 MAXIMUM TEMPERATURE (F)   61        89      1956
                                             1910
                                             1907
 MINIMUM TEMPERATURE (F)   38         8      1955


SUNRISE AND SUNSET
MARCH 25 2017.........SUNRISE   725 AM CDT   SUNSET   746 PM CDT
MARCH 26 2017.........SUNRISE   724 AM CDT   SUNSET   747 PM CDT


-  INDICATES NEGATIVE NUMBERS.
R  INDICATES RECORD WAS SET OR TIED.
MM INDICATES DATA IS MISSING.
T  INDICATES TRACE AMOUNT.

$$
