000
CDUS43 KICT 052308
CLIICT


CLIMATE REPORT
NATIONAL WEATHER SERVICE WICHITA KS
508 PM CST MON DEC 5 2016


...................................

...THE WICHITA EISENHOWER NATIONAL CLIMATE SUMMARY FOR DECEMBER 5 2016...
VALID TODAY AS OF 0500 PM LOCAL TIME.

CLIMATE NORMAL PERIOD 1981 TO 2010
CLIMATE RECORD PERIOD 1888 TO 2016


WEATHER ITEM   OBSERVED TIME   RECORD YEAR NORMAL DEPARTURE LAST
                VALUE   (LST)  VALUE       VALUE  FROM      YEAR
                                                  NORMAL
..................................................................
TEMPERATURE (F)
 TODAY
  MAXIMUM         54    317 PM  73    2001  46      8       54
  MINIMUM         28    717 AM   3    1964  26      2       37
  AVERAGE         41                        36      5       46

PRECIPITATION (IN)
  TODAY            0.00          0.76 1913   0.04  -0.04     0.00
  MONTH TO DATE    0.37                      0.22   0.15     0.00
  SINCE DEC 1      0.37                      0.22   0.15     0.00
  SINCE JAN 1     50.31                     31.66  18.65    39.80

SNOWFALL (IN)
  TODAY            0.0           8.0  1942   0.1   -0.1      0.0
  MONTH TO DATE    0.0                       0.6   -0.6      0.0
  SINCE DEC 1      0.0                       0.6   -0.6      0.0
  SINCE JUL 1      0.0                       2.0   -2.0      0.3
  SNOW DEPTH       0

DEGREE DAYS
 HEATING
  TODAY           24                        29     -5       19
  MONTH TO DATE  120                       140    -20      117
  SINCE DEC 1    120                       140    -20      117
  SINCE JUL 1    573                      1016   -443      686

 COOLING
  TODAY            0                         0      0        0
  MONTH TO DATE    0                         0      0        0
  SINCE DEC 1      0                         0      0        0
  SINCE JAN 1   2054                      1686    368     1907
..................................................................


WIND (MPH)
  HIGHEST WIND SPEED    29   HIGHEST WIND DIRECTION     S (180)
  HIGHEST GUST SPEED    37   HIGHEST GUST DIRECTION     S (170)
  AVERAGE WIND SPEED    13.8


SKY COVER
  POSSIBLE SUNSHINE  MM
  AVERAGE SKY COVER 0.1


WEATHER CONDITIONS
 THE FOLLOWING WEATHER WAS RECORDED TODAY.
  FOG


RELATIVE HUMIDITY (PERCENT)
 HIGHEST   100           200 AM
 LOWEST     50           200 PM
 AVERAGE    75

..........................................................


THE WICHITA EISENHOWER NATIONAL CLIMATE NORMALS FOR TOMORROW
                         NORMAL    RECORD    YEAR
 MAXIMUM TEMPERATURE (F)   46        74      1939
 MINIMUM TEMPERATURE (F)   26        -1      1950


SUNRISE AND SUNSET
DECEMBER  5 2016......SUNRISE   730 AM CST   SUNSET   511 PM CST
DECEMBER  6 2016......SUNRISE   731 AM CST   SUNSET   511 PM CST


-  INDICATES NEGATIVE NUMBERS.
R  INDICATES RECORD WAS SET OR TIED.
MM INDICATES DATA IS MISSING.
T  INDICATES TRACE AMOUNT.




$$
