000
CDUS43 KICT 110631
CLIICT


CLIMATE REPORT
NATIONAL WEATHER SERVICE WICHITA KS
130 AM CDT WED OCT 11 2017


...................................

...THE WICHITA EISENHOWER NATIONAL CLIMATE SUMMARY FOR OCTOBER 10 2017...

CLIMATE NORMAL PERIOD 1981 TO 2010
CLIMATE RECORD PERIOD 1888 TO 2017


WEATHER ITEM   OBSERVED TIME   RECORD YEAR NORMAL DEPARTURE LAST
                VALUE   (LST)  VALUE       VALUE  FROM      YEAR
                                                  NORMAL
..................................................................
TEMPERATURE (F)
 YESTERDAY
  MAXIMUM         52    513 PM  94    1965  72    -20       74
  MINIMUM         40   1159 PM  29    2000  49     -9       56
  AVERAGE         46                        60    -14       65

PRECIPITATION (IN)
  YESTERDAY        T             2.72 1897   0.09  -0.09     0.47
  MONTH TO DATE    2.85                      1.02   1.83     1.10
  SINCE SEP 1      5.19                      4.16   1.03    12.40
  SINCE JAN 1     32.54                     28.25   4.29    48.74

SNOWFALL (IN)
  YESTERDAY        0.0           0.0  2007   0.0    0.0      0.0
  MONTH TO DATE    0.0                       0.0    0.0      0.0
  SINCE SEP 1      0.0                       0.0    0.0      0.0
  SINCE JUL 1      0.0                       0.0    0.0      0.0
  SNOW DEPTH       0

DEGREE DAYS
 HEATING
  YESTERDAY       19                         6     13        0
  MONTH TO DATE   22                        50    -28       22
  SINCE SEP 1     28                        92    -64       36
  SINCE JUL 1     28                        93    -65       36

 COOLING
  YESTERDAY        0                         2     -2        0
  MONTH TO DATE   48                        23     25       22
  SINCE SEP 1    324                       245     79      302
  SINCE JAN 1   1763                      1672     91     1974
..................................................................


WIND (MPH)
  HIGHEST WIND SPEED    31   HIGHEST WIND DIRECTION     N (350)
  HIGHEST GUST SPEED    39   HIGHEST GUST DIRECTION     N (350)
  AVERAGE WIND SPEED    15.0


SKY COVER
  POSSIBLE SUNSHINE  MM
  AVERAGE SKY COVER 0.7


WEATHER CONDITIONS
 THE FOLLOWING WEATHER WAS RECORDED YESTERDAY.
  LIGHT RAIN


RELATIVE HUMIDITY (PERCENT)
 HIGHEST    92           900 AM
 LOWEST     63           500 PM
 AVERAGE    78

..........................................................


THE WICHITA EISENHOWER NATIONAL CLIMATE NORMALS FOR TODAY
                         NORMAL    RECORD    YEAR
 MAXIMUM TEMPERATURE (F)   72        94      1975
 MINIMUM TEMPERATURE (F)   49        34      2009
                                             1932
                                             1919


SUNRISE AND SUNSET
OCTOBER 11 2017.......SUNRISE   734 AM CDT   SUNSET   658 PM CDT
OCTOBER 12 2017.......SUNRISE   735 AM CDT   SUNSET   656 PM CDT


-  INDICATES NEGATIVE NUMBERS.
R  INDICATES RECORD WAS SET OR TIED.
MM INDICATES DATA IS MISSING.
T  INDICATES TRACE AMOUNT.




$$
