000
CDUS43 KICT 300631
CLIICT


CLIMATE REPORT
NATIONAL WEATHER SERVICE WICHITA KS
131 AM CDT THU JUL 30 2015


...................................

...THE WICHITA EISENHOWER NATIONAL CLIMATE SUMMARY FOR JULY 29 2015...

CLIMATE NORMAL PERIOD 1981 TO 2010
CLIMATE RECORD PERIOD 1888 TO 2015


WEATHER ITEM   OBSERVED TIME   RECORD YEAR NORMAL DEPARTURE LAST
                VALUE   (LST)  VALUE       VALUE  FROM      YEAR
                                                  NORMAL
..................................................................
TEMPERATURE (F)
 YESTERDAY
  MAXIMUM         84    148 PM 111    2012  93     -9       89
  MINIMUM         74    900 AM  55    1971  70      4       65
  AVERAGE         79                        81     -2       77

PRECIPITATION (IN)
  YESTERDAY        0.13          2.07 1905   0.09   0.04     0.00
  MONTH TO DATE    5.73                      3.12   2.61     2.91
  SINCE JUN 1      7.93                      8.32  -0.39    13.37
  SINCE JAN 1     24.37                     20.18   4.19    19.44

SNOWFALL (IN)
  YESTERDAY        0.0           0.0  2007   0.0    0.0      0.0
  MONTH TO DATE    0.0                       0.0    0.0      0.0
  SINCE JUN 1      0.0                       0.0    0.0      0.0
  SINCE JUL 1      0.0                       0.0    0.0      0.0
  SNOW DEPTH       0

DEGREE DAYS
 HEATING
  YESTERDAY        0                         0      0        0
  MONTH TO DATE    0                         0      0        1
  SINCE JUN 1      0                         6     -6        1
  SINCE JUL 1      0                         0      0        1

 COOLING
  YESTERDAY       14                        16     -2       12
  MONTH TO DATE  512                       459     53      372
  SINCE JUN 1    971                       788    183      714
  SINCE JAN 1   1084                       924    160      981
..................................................................


WIND (MPH)
  HIGHEST WIND SPEED    26   HIGHEST WIND DIRECTION    NE (50)
  HIGHEST GUST SPEED    32   HIGHEST GUST DIRECTION    NE (30)
  AVERAGE WIND SPEED    10.6


SKY COVER
  POSSIBLE SUNSHINE  MM
  AVERAGE SKY COVER 0.8


WEATHER CONDITIONS
 THE FOLLOWING WEATHER WAS RECORDED YESTERDAY.
  THUNDERSTORM
  LIGHT RAIN
  FOG


RELATIVE HUMIDITY (PERCENT)
 HIGHEST    82          1000 PM
 LOWEST     62           100 AM
 AVERAGE    72

..........................................................


THE WICHITA EISENHOWER NATIONAL CLIMATE NORMALS FOR TODAY
                         NORMAL    RECORD    YEAR
 MAXIMUM TEMPERATURE (F)   93       111      2012
 MINIMUM TEMPERATURE (F)   70        54      1971


SUNRISE AND SUNSET
JULY 30 2015..........SUNRISE   632 AM CDT   SUNSET   840 PM CDT
JULY 31 2015..........SUNRISE   632 AM CDT   SUNSET   839 PM CDT


-  INDICATES NEGATIVE NUMBERS.
R  INDICATES RECORD WAS SET OR TIED.
MM INDICATES DATA IS MISSING.
T  INDICATES TRACE AMOUNT.




$$
