000
CDUS43 KICT 180633
CLIICT


CLIMATE REPORT
NATIONAL WEATHER SERVICE WICHITA KS
133 AM CDT TUE JUL 18 2017


...................................

...THE WICHITA EISENHOWER NATIONAL CLIMATE SUMMARY FOR JULY 17 2017...

CLIMATE NORMAL PERIOD 1981 TO 2010
CLIMATE RECORD PERIOD 1888 TO 2017


WEATHER ITEM   OBSERVED TIME   RECORD YEAR NORMAL DEPARTURE LAST
                VALUE   (LST)  VALUE       VALUE  FROM      YEAR
                                                  NORMAL
..................................................................
TEMPERATURE (F)
 YESTERDAY
  MAXIMUM         94    357 PM 110    1980  93      1       99
                                      1936
  MINIMUM         70    551 AM  57    1900  70      0       76
  AVERAGE         82                        81      1       88

PRECIPITATION (IN)
  YESTERDAY        0.00          3.17 1959   0.10  -0.10     0.00
  MONTH TO DATE    1.11                      2.00  -0.89     8.40
  SINCE JUN 1      5.69                      7.20  -1.51    11.23
  SINCE JAN 1     24.53                     19.06   5.47    26.79

SNOWFALL (IN)
  YESTERDAY        0.0           0.0  2007   0.0    0.0      0.0
  MONTH TO DATE    0.0                       0.0    0.0      0.0
  SINCE JUN 1      0.0                       0.0    0.0      0.0
  SINCE JUL 1      0.0                       0.0    0.0      0.0
  SNOW DEPTH       0

DEGREE DAYS
 HEATING
  YESTERDAY        0                         0      0        0
  MONTH TO DATE    0                         0      0        0
  SINCE JUN 1      0                         6     -6        0
  SINCE JUL 1      0                         0      0        0

 COOLING
  YESTERDAY       17                        16      1       23
  MONTH TO DATE  279                       267     12      302
  SINCE JUN 1    649                       596     53      788
  SINCE JAN 1    805                       732     73      918
..................................................................


WIND (MPH)
  HIGHEST WIND SPEED    21   HIGHEST WIND DIRECTION    SE (140)
  HIGHEST GUST SPEED    27   HIGHEST GUST DIRECTION    SE (130)
  AVERAGE WIND SPEED    10.4


SKY COVER
  POSSIBLE SUNSHINE  MM
  AVERAGE SKY COVER 0.3


WEATHER CONDITIONS
 THE FOLLOWING WEATHER WAS RECORDED YESTERDAY.
  NO SIGNIFICANT WEATHER WAS OBSERVED.


RELATIVE HUMIDITY (PERCENT)
 HIGHEST    97           500 AM
 LOWEST     41           200 PM
 AVERAGE    69

..........................................................


THE WICHITA EISENHOWER NATIONAL CLIMATE NORMALS FOR TODAY
                         NORMAL    RECORD    YEAR
 MAXIMUM TEMPERATURE (F)   93       112      1936
 MINIMUM TEMPERATURE (F)   70        59      1911


SUNRISE AND SUNSET
JULY 18 2017..........SUNRISE   623 AM CDT   SUNSET   849 PM CDT
JULY 19 2017..........SUNRISE   623 AM CDT   SUNSET   848 PM CDT


-  INDICATES NEGATIVE NUMBERS.
R  INDICATES RECORD WAS SET OR TIED.
MM INDICATES DATA IS MISSING.
T  INDICATES TRACE AMOUNT.




$$
