000
CDUS43 KICT 260741
CLIICT


CLIMATE REPORT
NATIONAL WEATHER SERVICE WICHITA KS
241 AM CDT MON JUN 26 2017


...................................

...THE WICHITA EISENHOWER NATIONAL CLIMATE SUMMARY FOR JUNE 25 2017...

CLIMATE NORMAL PERIOD 1981 TO 2010
CLIMATE RECORD PERIOD 1888 TO 2017


WEATHER ITEM   OBSERVED TIME   RECORD YEAR NORMAL DEPARTURE LAST
                VALUE   (LST)  VALUE       VALUE  FROM      YEAR
                                                  NORMAL
..................................................................
TEMPERATURE (F)
 YESTERDAY
  MAXIMUM         82   1254 PM 107    1911  90     -8       96
  MINIMUM         63   1159 PM  48    1958  68     -5       74
  AVERAGE         73                        79     -6       85

PRECIPITATION (IN)
  YESTERDAY        0.05          1.43 1939   0.17  -0.12     0.00
  MONTH TO DATE    3.19                      4.46  -1.27     2.36
  SINCE JUN 1      3.19                      4.46  -1.27     2.36
  SINCE JAN 1     22.03                     16.32   5.71    17.92

SNOWFALL (IN)
  YESTERDAY        0.0           0.0  2007   0.0    0.0      0.0
  MONTH TO DATE    0.0                       0.0    0.0      0.0
  SINCE JUN 1      0.0                       0.0    0.0      0.0
  SINCE JUL 1      2.0                      14.9  -12.9      4.3
  SNOW DEPTH       0

DEGREE DAYS
 HEATING
  YESTERDAY        0                         0      0        0
  MONTH TO DATE    0                         3     -3        0
  SINCE JUN 1      0                         3     -3        0
  SINCE JUL 1   3584                      4591  -1007     3504

 COOLING
  YESTERDAY        8                        14     -6       20
  MONTH TO DATE  299                       257     42      399
  SINCE JUN 1    299                       257     42      399
  SINCE JAN 1    455                       393     62      529
..................................................................


WIND (MPH)
  HIGHEST WIND SPEED    20   HIGHEST WIND DIRECTION    NE (50)
  HIGHEST GUST SPEED    24   HIGHEST GUST DIRECTION    NE (40)
  AVERAGE WIND SPEED     6.6


SKY COVER
  POSSIBLE SUNSHINE  MM
  AVERAGE SKY COVER 0.7


WEATHER CONDITIONS
 THE FOLLOWING WEATHER WAS RECORDED YESTERDAY.
  LIGHT RAIN


RELATIVE HUMIDITY (PERCENT)
 HIGHEST    84           500 PM
 LOWEST     40           100 PM
 AVERAGE    62

..........................................................


THE WICHITA EISENHOWER NATIONAL CLIMATE NORMALS FOR TODAY
                         NORMAL    RECORD    YEAR
 MAXIMUM TEMPERATURE (F)   90       109      1980
 MINIMUM TEMPERATURE (F)   68        47      1958


SUNRISE AND SUNSET
JUNE 26 2017..........SUNRISE   610 AM CDT   SUNSET   855 PM CDT
JUNE 27 2017..........SUNRISE   610 AM CDT   SUNSET   855 PM CDT


-  INDICATES NEGATIVE NUMBERS.
R  INDICATES RECORD WAS SET OR TIED.
MM INDICATES DATA IS MISSING.
T  INDICATES TRACE AMOUNT.




$$
