000
CDUS43 KICT 262245
CLIICT


CLIMATE REPORT
NATIONAL WEATHER SERVICE WICHITA KS
545 PM CDT WED AUG 26 2015


...................................

...THE WICHITA EISENHOWER NATIONAL CLIMATE SUMMARY FOR AUGUST 26 2015...
VALID TODAY AS OF 0500 PM LOCAL TIME.

CLIMATE NORMAL PERIOD 1981 TO 2010
CLIMATE RECORD PERIOD 1888 TO 2015


WEATHER ITEM   OBSERVED TIME   RECORD YEAR NORMAL DEPARTURE LAST
                VALUE   (LST)  VALUE       VALUE  FROM      YEAR
                                                  NORMAL
..................................................................
TEMPERATURE (F)
 TODAY
  MAXIMUM         90    354 PM 108    2000  90      0       97
  MINIMUM         66    358 AM  48    1910  67     -1       72
  AVERAGE         78                        79     -1       85

PRECIPITATION (IN)
  TODAY            0.00          2.00 1986   0.12  -0.12     0.01
  MONTH TO DATE    6.29                      3.09   3.20     2.12
  SINCE JUN 1     15.89                     11.61   4.28    15.65
  SINCE JAN 1     32.33                     23.47   8.86    21.72

SNOWFALL (IN)
  TODAY            0.0           0.0  2007   0.0    0.0      0.0
  MONTH TO DATE    0.0                       0.0    0.0      0.0
  SINCE JUN 1      0.0                       0.0    0.0      0.0
  SINCE JUL 1      0.0                       0.0    0.0      0.0
  SNOW DEPTH       0

DEGREE DAYS
 HEATING
  TODAY            0                         0      0        0
  MONTH TO DATE    0                         0      0        0
  SINCE JUN 1      0                         6     -6        1
  SINCE JUL 1      0                         0      0        1

 COOLING
  TODAY           13                        14     -1       20
  MONTH TO DATE  316                       400    -84      431
  SINCE JUN 1   1318                      1226     92     1156
  SINCE JAN 1   1431                      1362     69     1423
..................................................................


WIND (MPH)
  HIGHEST WIND SPEED    15   HIGHEST WIND DIRECTION    SE (140)
  HIGHEST GUST SPEED    19   HIGHEST GUST DIRECTION    SE (150)
  AVERAGE WIND SPEED     7.9


SKY COVER
  POSSIBLE SUNSHINE  MM
  AVERAGE SKY COVER 0.2


WEATHER CONDITIONS
 THE FOLLOWING WEATHER WAS RECORDED TODAY.
  HAZE


RELATIVE HUMIDITY (PERCENT)
 HIGHEST    68           200 AM
 LOWEST     54           900 AM
 AVERAGE    61

..........................................................


THE WICHITA EISENHOWER NATIONAL CLIMATE NORMALS FOR TOMORROW
                         NORMAL    RECORD    YEAR
 MAXIMUM TEMPERATURE (F)   90       108      2000
 MINIMUM TEMPERATURE (F)   67        48      1967


SUNRISE AND SUNSET
AUGUST 26 2015........SUNRISE   655 AM CDT   SUNSET   808 PM CDT
AUGUST 27 2015........SUNRISE   655 AM CDT   SUNSET   806 PM CDT


-  INDICATES NEGATIVE NUMBERS.
R  INDICATES RECORD WAS SET OR TIED.
MM INDICATES DATA IS MISSING.
T  INDICATES TRACE AMOUNT.




$$
