000
CDUS43 KICT 260629
CLIICT

CLIMATE REPORT
NATIONAL WEATHER SERVICE WICHITA KS
128 AM CDT THU MAR 26 2015

...................................

...THE WICHITA EISENHOWER NATIONAL CLIMATE SUMMARY FOR MARCH 25 2015...

CLIMATE NORMAL PERIOD 1981 TO 2010
CLIMATE RECORD PERIOD 1888 TO 2015


WEATHER ITEM   OBSERVED TIME   RECORD YEAR NORMAL DEPARTURE LAST
                VALUE   (LST)  VALUE       VALUE  FROM      YEAR
                                                  NORMAL
..................................................................
TEMPERATURE (F)
 YESTERDAY
  MAXIMUM         70    103 PM  89    1956  61      9       49
                                      1910
                                      1907
  MINIMUM         41   1159 PM   8    1955  38      3       26
  AVERAGE         56                        49      7       38

PRECIPITATION (IN)
  YESTERDAY        0.06          1.03 1920   0.10  -0.04     0.00
  MONTH TO DATE    0.28                      2.10  -1.82     0.45
  SINCE MAR 1      0.28                      2.10  -1.82     0.45
  SINCE JAN 1      2.05                      4.11  -2.06     1.44

SNOWFALL (IN)
  YESTERDAY        0.0           0.9  1957   0.1   -0.1      0.0
  MONTH TO DATE    1.1                       2.0   -0.9      3.2
  SINCE MAR 1      1.1                       2.0   -0.9      3.2
  SINCE JUL 1     18.0                      14.4    3.6     22.7
  SNOW DEPTH       0

DEGREE DAYS
 HEATING
  YESTERDAY        9                        16     -7       27
  MONTH TO DATE  412                       487    -75      605
  SINCE MAR 1    412                       487    -75      605
  SINCE JUL 1   3977                      4127   -150     4524

 COOLING
  YESTERDAY        0                         0      0        0
  MONTH TO DATE    0                         0      0        0
  SINCE MAR 1      0                         0      0        0
  SINCE JAN 1      0                         0      0        0
..................................................................


WIND (MPH)
  HIGHEST WIND SPEED    45   HIGHEST WIND DIRECTION    NE (50)
  HIGHEST GUST SPEED    50   HIGHEST GUST DIRECTION    NE (40)
  AVERAGE WIND SPEED    15.5


SKY COVER
  POSSIBLE SUNSHINE  MM
  AVERAGE SKY COVER 1.0


WEATHER CONDITIONS
 THE FOLLOWING WEATHER WAS RECORDED YESTERDAY.
  THUNDERSTORM
  RAIN
  LIGHT RAIN
  HAIL
  FOG


RELATIVE HUMIDITY (PERCENT)
 HIGHEST    86          1100 PM
 LOWEST     40           100 PM
 AVERAGE    63

..........................................................


THE WICHITA EISENHOWER NATIONAL CLIMATE NORMALS FOR TODAY
                         NORMAL    RECORD    YEAR
 MAXIMUM TEMPERATURE (F)   61        83      1918
 MINIMUM TEMPERATURE (F)   38         6      1955


SUNRISE AND SUNSET
MARCH 26 2015.........SUNRISE   724 AM CDT   SUNSET   747 PM CDT
MARCH 27 2015.........SUNRISE   723 AM CDT   SUNSET   748 PM CDT


-  INDICATES NEGATIVE NUMBERS.
R  INDICATES RECORD WAS SET OR TIED.
MM INDICATES DATA IS MISSING.
T  INDICATES TRACE AMOUNT.

$$
