000
CDUS43 KICT 190630
CLIICT


CLIMATE REPORT
NATIONAL WEATHER SERVICE WICHITA KS
126 AM CDT FRI MAY 19 2017


...................................

...THE WICHITA EISENHOWER NATIONAL CLIMATE SUMMARY FOR MAY 18 2017...

CLIMATE NORMAL PERIOD 1981 TO 2010
CLIMATE RECORD PERIOD 1888 TO 2017


WEATHER ITEM   OBSERVED TIME   RECORD YEAR NORMAL DEPARTURE LAST
                VALUE   (LST)  VALUE       VALUE  FROM      YEAR
                                                  NORMAL
..................................................................
TEMPERATURE (F)
 YESTERDAY
  MAXIMUM         84    239 PM  99    1956  77      7       68
  MINIMUM         58    534 AM  38    1976  56      2       44
  AVERAGE         71                        66      5       56

PRECIPITATION (IN)
  YESTERDAY        0.26          2.74 1915   0.15   0.11     0.00
  MONTH TO DATE    3.74                      2.50   1.24     1.81
  SINCE MAR 1     14.52                      7.78   6.74     9.57
  SINCE JAN 1     18.14                      9.79   8.35    10.31

SNOWFALL (IN)
  YESTERDAY        0.0           0.0  2007   0.0    0.0      0.0
                                      2001
  MONTH TO DATE    0.0                       0.0    0.0      0.0
  SINCE MAR 1      T                         2.5   -2.5      3.5
  SINCE JUL 1      2.0                      14.9  -12.9      4.3
  SNOW DEPTH       0

DEGREE DAYS
 HEATING
  YESTERDAY        0                         2     -2        9
  MONTH TO DATE   45                        62    -17       80
  SINCE MAR 1    710                       930   -220      643
  SINCE JUL 1   3554                      4570  -1016     3493

 COOLING
  YESTERDAY        6                         4      2        0
  MONTH TO DATE   61                        44     17       19
  SINCE MAR 1    106                        70     36       56
  SINCE JAN 1    106                        70     36       56
..................................................................


WIND (MPH)
  HIGHEST WIND SPEED    33   HIGHEST WIND DIRECTION     S (200)
  HIGHEST GUST SPEED    45   HIGHEST GUST DIRECTION     S (200)
  AVERAGE WIND SPEED    11.1


SKY COVER
  POSSIBLE SUNSHINE  MM
  AVERAGE SKY COVER 0.8


WEATHER CONDITIONS
 THE FOLLOWING WEATHER WAS RECORDED YESTERDAY.
  THUNDERSTORM
  HEAVY RAIN
  LIGHT RAIN
  FOG


RELATIVE HUMIDITY (PERCENT)
 HIGHEST    93           600 PM
 LOWEST     58           400 PM
 AVERAGE    76

..........................................................


THE WICHITA EISENHOWER NATIONAL CLIMATE NORMALS FOR TODAY
                         NORMAL    RECORD    YEAR
 MAXIMUM TEMPERATURE (F)   78        97      2006
                                             1933
 MINIMUM TEMPERATURE (F)   56        38      1894


SUNRISE AND SUNSET
MAY 19 2017...........SUNRISE   617 AM CDT   SUNSET   836 PM CDT
MAY 20 2017...........SUNRISE   616 AM CDT   SUNSET   837 PM CDT


-  INDICATES NEGATIVE NUMBERS.
R  INDICATES RECORD WAS SET OR TIED.
MM INDICATES DATA IS MISSING.
T  INDICATES TRACE AMOUNT.




$$
