000
CDUS43 KICT 260640
CLIICT


CLIMATE REPORT
NATIONAL WEATHER SERVICE WICHITA KS
140 AM CDT TUE MAY 26 2015


...................................

...THE WICHITA EISENHOWER NATIONAL CLIMATE SUMMARY FOR MAY 25 2015...

CLIMATE NORMAL PERIOD 1981 TO 2010
CLIMATE RECORD PERIOD 1888 TO 2015


WEATHER ITEM   OBSERVED TIME   RECORD YEAR NORMAL DEPARTURE LAST
                VALUE   (LST)  VALUE       VALUE  FROM      YEAR
                                                  NORMAL
..................................................................
TEMPERATURE (F)
 YESTERDAY
  MAXIMUM         80    115 PM 100    1962  79      1       83
  MINIMUM         58    553 AM  42    1925  58      0       65
  AVERAGE         69                        69      0       74

PRECIPITATION (IN)
  YESTERDAY        0.54          3.06 1963   0.15   0.39     0.54
  MONTH TO DATE   11.12                      3.58   7.54     3.81
  SINCE MAR 1     14.02                      8.86   5.16     4.83
  SINCE JAN 1     15.79                     10.87   4.92     5.82

SNOWFALL (IN)
  YESTERDAY        0.0           0.0  2007   0.0    0.0      0.0
                                      2001
  MONTH TO DATE    0.0                       0.0    0.0      0.0
  SINCE MAR 1      1.1                       2.5   -1.4      3.5
  SINCE JUL 1     18.0                      14.9    3.1     23.0
  SNOW DEPTH       0

DEGREE DAYS
 HEATING
  YESTERDAY        0                         1     -1        0
  MONTH TO DATE   74                        74      0       73
  SINCE MAR 1    711                       942   -231     1020
  SINCE JUL 1   4276                      4582   -306     4939

 COOLING
  YESTERDAY        4                         5     -1        9
  MONTH TO DATE   59                        75    -16      176
  SINCE MAR 1     87                       101    -14      209
  SINCE JAN 1     87                       101    -14      209
..................................................................


WIND (MPH)
  HIGHEST WIND SPEED    29   HIGHEST WIND DIRECTION     S (180)
  HIGHEST GUST SPEED    36   HIGHEST GUST DIRECTION     S (180)
  AVERAGE WIND SPEED    13.4


SKY COVER
  POSSIBLE SUNSHINE  MM
  AVERAGE SKY COVER 0.9


WEATHER CONDITIONS
 THE FOLLOWING WEATHER WAS RECORDED YESTERDAY.
  THUNDERSTORM
  HEAVY RAIN
  RAIN
  LIGHT RAIN
  FOG
  HAZE


RELATIVE HUMIDITY (PERCENT)
 HIGHEST    97           100 AM
 LOWEST     67          1200 PM
 AVERAGE    82

..........................................................


THE WICHITA EISENHOWER NATIONAL CLIMATE NORMALS FOR TODAY
                         NORMAL    RECORD    YEAR
 MAXIMUM TEMPERATURE (F)   80        98      1964
 MINIMUM TEMPERATURE (F)   59        40      1901


SUNRISE AND SUNSET
MAY 26 2015...........SUNRISE   613 AM CDT   SUNSET   841 PM CDT
MAY 27 2015...........SUNRISE   612 AM CDT   SUNSET   842 PM CDT


-  INDICATES NEGATIVE NUMBERS.
R  INDICATES RECORD WAS SET OR TIED.
MM INDICATES DATA IS MISSING.
T  INDICATES TRACE AMOUNT.




$$
