000
CDUS43 KICT 102307
CLIICT


CLIMATE REPORT
NATIONAL WEATHER SERVICE WICHITA KS
507 PM CST SAT FEB 10 2018


...................................

...THE WICHITA EISENHOWER NATIONAL CLIMATE SUMMARY FOR FEBRUARY 10 2018...
VALID TODAY AS OF 0500 PM LOCAL TIME.

CLIMATE NORMAL PERIOD 1981 TO 2010
CLIMATE RECORD PERIOD 1888 TO 2018


WEATHER ITEM   OBSERVED TIME   RECORD YEAR NORMAL DEPARTURE LAST
                VALUE   (LST)  VALUE       VALUE  FROM      YEAR
                                                  NORMAL
..................................................................
TEMPERATURE (F)
 TODAY
  MAXIMUM         21    414 PM  76    1922  47    -26       74
  MINIMUM         15   1012 AM -17    2011  25    -10       39
  AVERAGE         18                        36    -18       57

PRECIPITATION (IN)
  TODAY            T             1.45 1898   0.05  -0.05     0.00
  MONTH TO DATE    T                         0.37  -0.37      T
  SINCE DEC 1      0.23                      2.40  -2.17     3.45
  SINCE JAN 1      0.20                      1.20  -1.00     2.79

SNOWFALL (IN)
  TODAY            T             4.2  2014   0.1   -0.1      0.0
  MONTH TO DATE    T                         1.4   -1.4      0.0
  SINCE DEC 1      0.3                       9.2   -8.9      2.0
  SINCE JUL 1      0.3                      10.6  -10.3      2.0
  SNOW DEPTH       0

DEGREE DAYS
 HEATING
  TODAY           47                        29     18        8
  MONTH TO DATE  355                       303     52      243
  SINCE DEC 1   2172                      2287   -115     2102
  SINCE JUL 1   2902                      3163   -261     2555

 COOLING
  TODAY            0                         0      0        0
  MONTH TO DATE    0                         0      0        0
  SINCE DEC 1      0                         0      0        0
  SINCE JAN 1      0                         0      0        0
..................................................................


WIND (MPH)
  HIGHEST WIND SPEED    25   HIGHEST WIND DIRECTION     N (360)
  HIGHEST GUST SPEED    31   HIGHEST GUST DIRECTION     N (360)
  AVERAGE WIND SPEED    17.4


SKY COVER
  POSSIBLE SUNSHINE  MM
  AVERAGE SKY COVER 1.0


WEATHER CONDITIONS
 THE FOLLOWING WEATHER WAS RECORDED TODAY.
  LIGHT SNOW
  FOG


RELATIVE HUMIDITY (PERCENT)
 HIGHEST    80           800 AM
 LOWEST     62           100 PM
 AVERAGE    71

..........................................................


THE WICHITA EISENHOWER NATIONAL CLIMATE NORMALS FOR TOMORROW
                         NORMAL    RECORD    YEAR
 MAXIMUM TEMPERATURE (F)   47        77      1951
 MINIMUM TEMPERATURE (F)   25       -17      1899


SUNRISE AND SUNSET
FEBRUARY 10 2018......SUNRISE   725 AM CST   SUNSET   604 PM CST
FEBRUARY 11 2018......SUNRISE   724 AM CST   SUNSET   605 PM CST


-  INDICATES NEGATIVE NUMBERS.
R  INDICATES RECORD WAS SET OR TIED.
MM INDICATES DATA IS MISSING.
T  INDICATES TRACE AMOUNT.




$$
