000
CDUS43 KICT 110621
CLIICT


CLIMATE REPORT
NATIONAL WEATHER SERVICE WICHITA KS
1220 AM CST THU JAN 11 2018


...................................

...THE WICHITA EISENHOWER NATIONAL CLIMATE SUMMARY FOR JANUARY 10 2018...

CLIMATE NORMAL PERIOD 1981 TO 2010
CLIMATE RECORD PERIOD 1888 TO 2018


WEATHER ITEM   OBSERVED TIME   RECORD YEAR NORMAL DEPARTURE LAST
                VALUE   (LST)  VALUE       VALUE  FROM      YEAR
                                                  NORMAL
..................................................................
TEMPERATURE (F)
 YESTERDAY
  MAXIMUM         61    415 PM  74    1911  42     19       60
  MINIMUM         39    103 AM -10    1982  22     17       37
  AVERAGE         50                        32     18       49

PRECIPITATION (IN)
  YESTERDAY        0.00          0.85 1949   0.02  -0.02     0.00
  MONTH TO DATE    0.06                      0.24  -0.18     0.05
  SINCE DEC 1      0.09                      1.44  -1.35     0.71
  SINCE JAN 1      0.06                      0.24  -0.18     0.05

SNOWFALL (IN)
  YESTERDAY        0.0           6.8  1918   0.1   -0.1      0.0
  MONTH TO DATE    0.0                       1.1   -1.1       T
  SINCE DEC 1      T                         5.3   -5.3      2.0
  SINCE JUL 1      T                         6.7   -6.7      2.0
  SNOW DEPTH       0

DEGREE DAYS
 HEATING
  YESTERDAY       15                        33    -18       16
  MONTH TO DATE  341                       330     11      342
  SINCE DEC 1   1207                      1297    -90     1329
  SINCE JUL 1   1937                      2173   -236     1782

 COOLING
  YESTERDAY        0                         0      0        0
  MONTH TO DATE    0                         0      0        0
  SINCE DEC 1      0                         0      0        0
  SINCE JAN 1      0                         0      0        0
..................................................................


WIND (MPH)
  HIGHEST WIND SPEED    33   HIGHEST WIND DIRECTION     S (170)
  HIGHEST GUST SPEED    41   HIGHEST GUST DIRECTION     S (180)
  AVERAGE WIND SPEED    21.6


SKY COVER
  POSSIBLE SUNSHINE  MM
  AVERAGE SKY COVER 0.9


WEATHER CONDITIONS
 THE FOLLOWING WEATHER WAS RECORDED YESTERDAY.
  FOG


RELATIVE HUMIDITY (PERCENT)
 HIGHEST    96           900 AM
 LOWEST     51           400 PM
 AVERAGE    74

..........................................................


THE WICHITA EISENHOWER NATIONAL CLIMATE NORMALS FOR TODAY
                         NORMAL    RECORD    YEAR
 MAXIMUM TEMPERATURE (F)   42        70      2007
 MINIMUM TEMPERATURE (F)   22       -14      1918


SUNRISE AND SUNSET
JANUARY 11 2018.......SUNRISE   745 AM CST   SUNSET   531 PM CST
JANUARY 12 2018.......SUNRISE   744 AM CST   SUNSET   532 PM CST


-  INDICATES NEGATIVE NUMBERS.
R  INDICATES RECORD WAS SET OR TIED.
MM INDICATES DATA IS MISSING.
T  INDICATES TRACE AMOUNT.




$$
