000
CDUS43 KICT 090623
CLIICT

CLIMATE REPORT
NATIONAL WEATHER SERVICE WICHITA KS
122 AM CDT WED JUL 9 2014


...................................

...THE WICHITA MID CONTINENT KS CLIMATE SUMMARY FOR JULY 8 2014...

CLIMATE NORMAL PERIOD 1981 TO 2010
CLIMATE RECORD PERIOD 1888 TO 2014


WEATHER ITEM   OBSERVED TIME   RECORD YEAR NORMAL DEPARTURE LAST
                VALUE   (LST)  VALUE       VALUE  FROM      YEAR
                                                  NORMAL
..................................................................
TEMPERATURE (F)
 YESTERDAY
  MAXIMUM         86    601 PM 108    1980  92     -6      102
  MINIMUM         71   1028 PM  55    1952  70      1       76
  AVERAGE         79                        81     -2       89

PRECIPITATION (IN)
  YESTERDAY        0.00          3.08 1944   0.12  -0.12     0.00
  MONTH TO DATE    1.12                      0.99   0.13     0.03
  SINCE JUN 1     11.58                      6.19   5.39     1.86
  SINCE JAN 1     17.65                     18.05  -0.40    15.88

SNOWFALL (IN)
  YESTERDAY        0.0           0.0  2007   0.0    0.0      0.0
  MONTH TO DATE    0.0                       0.0    0.0      0.0
  SINCE JUN 1      0.0                       0.0    0.0      0.0
  SINCE JUL 1      0.0                       0.0    0.0      0.0
  SNOW DEPTH       0

DEGREE DAYS
 HEATING
  YESTERDAY        0                         0      0        0
  MONTH TO DATE    0                         0      0        0
  SINCE JUN 1      0                         6     -6        3
  SINCE JUL 1      0                         0      0        0

 COOLING
  YESTERDAY       14                        16     -2       24
  MONTH TO DATE   99                       123    -24      109
  SINCE JUN 1    441                       452    -11      511
  SINCE JAN 1    708                       588    120      649
..................................................................


WIND (MPH)
  HIGHEST WIND SPEED    23   HIGHEST WIND DIRECTION    NE (40)
  HIGHEST GUST SPEED    27   HIGHEST GUST DIRECTION    NE (50)
  AVERAGE WIND SPEED     9.5


SKY COVER
  POSSIBLE SUNSHINE  MM
  AVERAGE SKY COVER 0.6


WEATHER CONDITIONS
 THE FOLLOWING WEATHER WAS RECORDED YESTERDAY.
  NO SIGNIFICANT WEATHER WAS OBSERVED.


RELATIVE HUMIDITY (PERCENT)
 HIGHEST    68           300 AM
 LOWEST     35           500 PM
 AVERAGE    52

..........................................................


THE WICHITA MID CONTINENT KS CLIMATE NORMALS FOR TODAY
                         NORMAL    RECORD    YEAR
 MAXIMUM TEMPERATURE (F)   92       110      1980
 MINIMUM TEMPERATURE (F)   70        55      1905
                                             1895
                                             1891


SUNRISE AND SUNSET
JULY  9 2014..........SUNRISE   616 AM CDT   SUNSET   853 PM CDT
JULY 10 2014..........SUNRISE   617 AM CDT   SUNSET   853 PM CDT


-  INDICATES NEGATIVE NUMBERS.
R  INDICATES RECORD WAS SET OR TIED.
MM INDICATES DATA IS MISSING.
T  INDICATES TRACE AMOUNT.




$$
