000
CDUS43 KICT 230630
CLIICT


CLIMATE REPORT
NATIONAL WEATHER SERVICE WICHITA KS
130 AM CDT THU MAR 23 2017


...................................

...THE WICHITA EISENHOWER NATIONAL CLIMATE SUMMARY FOR MARCH 22 2017...

CLIMATE NORMAL PERIOD 1981 TO 2010
CLIMATE RECORD PERIOD 1888 TO 2017


WEATHER ITEM   OBSERVED TIME   RECORD YEAR NORMAL DEPARTURE LAST
                VALUE   (LST)  VALUE       VALUE  FROM      YEAR
                                                  NORMAL
..................................................................
TEMPERATURE (F)
 YESTERDAY
  MAXIMUM         58    334 PM  92    1907  60     -2       77
  MINIMUM         46    702 AM  12    2002  37      9       50
  AVERAGE         52                        48      4       64

PRECIPITATION (IN)
  YESTERDAY        0.00          1.41 1979   0.10  -0.10     0.00
  MONTH TO DATE    0.02                      1.82  -1.80     0.91
  SINCE MAR 1      0.02                      1.82  -1.80     0.91
  SINCE JAN 1      3.64                      3.83  -0.19     1.65

SNOWFALL (IN)
  YESTERDAY        0.0           1.3  2006   0.1   -0.1      0.0
  MONTH TO DATE    T                         1.8   -1.8       T
  SINCE MAR 1      T                         1.8   -1.8       T
  SINCE JUL 1      2.0                      14.2  -12.2      0.8
  SNOW DEPTH       0

DEGREE DAYS
 HEATING
  YESTERDAY       13                        17     -4        1
  MONTH TO DATE  317                       439   -122      273
  SINCE MAR 1    317                       439   -122      273
  SINCE JUL 1   3161                      4079   -918     3123

 COOLING
  YESTERDAY        0                         0      0        0
  MONTH TO DATE   15                         0     15        3
  SINCE MAR 1     15                         0     15        3
  SINCE JAN 1     15                         0     15        3
..................................................................


WIND (MPH)
  HIGHEST WIND SPEED    26   HIGHEST WIND DIRECTION     E (70)
  HIGHEST GUST SPEED    31   HIGHEST GUST DIRECTION     E (70)
  AVERAGE WIND SPEED    14.5


SKY COVER
  POSSIBLE SUNSHINE  MM
  AVERAGE SKY COVER 0.9


WEATHER CONDITIONS
 THE FOLLOWING WEATHER WAS RECORDED YESTERDAY.
  NO SIGNIFICANT WEATHER WAS OBSERVED.


RELATIVE HUMIDITY (PERCENT)
 HIGHEST    66          1100 PM
 LOWEST     35          1200 AM
 AVERAGE    51

..........................................................


THE WICHITA EISENHOWER NATIONAL CLIMATE NORMALS FOR TODAY
                         NORMAL    RECORD    YEAR
 MAXIMUM TEMPERATURE (F)   60        84      1967
 MINIMUM TEMPERATURE (F)   37        14      1974


SUNRISE AND SUNSET
MARCH 23 2017.........SUNRISE   728 AM CDT   SUNSET   745 PM CDT
MARCH 24 2017.........SUNRISE   727 AM CDT   SUNSET   746 PM CDT


-  INDICATES NEGATIVE NUMBERS.
R  INDICATES RECORD WAS SET OR TIED.
MM INDICATES DATA IS MISSING.
T  INDICATES TRACE AMOUNT.




$$
