000
CDUS43 KICT 090724
CLIICT

CLIMATE REPORT
NATIONAL WEATHER SERVICE WICHITA KS
122 AM CST TUE FEB 9 2016

...................................

...THE WICHITA EISENHOWER NATIONAL CLIMATE SUMMARY FOR FEBRUARY 8 2016...

CLIMATE NORMAL PERIOD 1981 TO 2010
CLIMATE RECORD PERIOD 1888 TO 2016


WEATHER ITEM   OBSERVED TIME   RECORD YEAR NORMAL DEPARTURE LAST
                VALUE   (LST)  VALUE       VALUE  FROM      YEAR
                                                  NORMAL
..................................................................
TEMPERATURE (F)
 YESTERDAY
  MAXIMUM         46    348 PM  74    2015  46      0       74
  MINIMUM         32   1159 PM -12    1933  24      8       36
  AVERAGE         39                        35      4       55

PRECIPITATION (IN)
  YESTERDAY        0.00          1.04 1966   0.04  -0.04     0.00
  MONTH TO DATE    0.55                      0.28   0.27     0.03
  SINCE DEC 1      2.96                      2.31   0.65     2.43
  SINCE JAN 1      0.74                      1.11  -0.37     1.14

SNOWFALL (IN)
  YESTERDAY        0.0           6.8  2011   0.1   -0.1      0.0
  MONTH TO DATE    0.0                       1.1   -1.1      0.1
  SINCE DEC 1      0.5                       8.9   -8.4      8.3
  SINCE JUL 1      0.8                      10.3   -9.5     10.1
  SNOW DEPTH       0

DEGREE DAYS
 HEATING
  YESTERDAY       26                        30     -4       10
  MONTH TO DATE  209                       244    -35      234
  SINCE DEC 1   1891                      2228   -337     2008
  SINCE JUL 1   2460                      3104   -644     2888

 COOLING
  YESTERDAY        0                         0      0        0
  MONTH TO DATE    0                         0      0        0
  SINCE DEC 1      0                         0      0        0
  SINCE JAN 1      0                         0      0        0
..................................................................


WIND (MPH)
  HIGHEST WIND SPEED    41   HIGHEST WIND DIRECTION    NW (330)
  HIGHEST GUST SPEED    51   HIGHEST GUST DIRECTION    NW (330)
  AVERAGE WIND SPEED    23.4


SKY COVER
  POSSIBLE SUNSHINE  MM
  AVERAGE SKY COVER 0.2


WEATHER CONDITIONS
 THE FOLLOWING WEATHER WAS RECORDED YESTERDAY.
  NO SIGNIFICANT WEATHER WAS OBSERVED.


RELATIVE HUMIDITY (PERCENT)
 HIGHEST    56           900 PM
 LOWEST     25           200 PM
 AVERAGE    41

..........................................................


THE WICHITA EISENHOWER NATIONAL CLIMATE NORMALS FOR TODAY
                         NORMAL    RECORD    YEAR
 MAXIMUM TEMPERATURE (F)   47        84      1976
 MINIMUM TEMPERATURE (F)   24        -9      2011
                                             1899


SUNRISE AND SUNSET
FEBRUARY  9 2016......SUNRISE   726 AM CST   SUNSET   602 PM CST
FEBRUARY 10 2016......SUNRISE   725 AM CST   SUNSET   603 PM CST


-  INDICATES NEGATIVE NUMBERS.
R  INDICATES RECORD WAS SET OR TIED.
MM INDICATES DATA IS MISSING.
T  INDICATES TRACE AMOUNT.

$$
