127
CDUS43 KICT 190648
CLIICT


CLIMATE REPORT
NATIONAL WEATHER SERVICE WICHITA KS
1248 AM CST THU JAN 19 2017


...................................

...THE WICHITA EISENHOWER NATIONAL CLIMATE SUMMARY FOR JANUARY 18 2017...

CLIMATE NORMAL PERIOD 1981 TO 2010
CLIMATE RECORD PERIOD 1888 TO 2017


WEATHER ITEM   OBSERVED TIME   RECORD YEAR NORMAL DEPARTURE LAST
                VALUE   (LST)  VALUE       VALUE  FROM      YEAR
                                                  NORMAL
..................................................................
TEMPERATURE (F)
 YESTERDAY
  MAXIMUM         55    324 PM  65    2015  43     12       32
                                      1951
  MINIMUM         28    728 AM -12    1930  22      6       16
  AVERAGE         42                        32     10       24

PRECIPITATION (IN)
  YESTERDAY        0.00          0.87 1979   0.03  -0.03     0.00
  MONTH TO DATE    2.55                      0.43   2.12     0.18
  SINCE DEC 1      3.21                      1.63   1.58     2.40
  SINCE JAN 1      2.55                      0.43   2.12     0.18

SNOWFALL (IN)
  YESTERDAY        0.0          12.0  1962   0.1   -0.1      0.0
  MONTH TO DATE    T                         1.9   -1.9      0.1
  SINCE DEC 1      2.0                       6.1   -4.1      0.5
  SINCE JUL 1      2.0                       7.5   -5.5      0.8
  SNOW DEPTH       0

DEGREE DAYS
 HEATING
  YESTERDAY       23                        33    -10       41
  MONTH TO DATE  578                       594    -16      590
  SINCE DEC 1   1565                      1561      4     1320
  SINCE JUL 1   2018                      2437   -419     1889

 COOLING
  YESTERDAY        0                         0      0        0
  MONTH TO DATE    0                         0      0        0
  SINCE DEC 1      0                         0      0        0
  SINCE JAN 1      0                         0      0        0
..................................................................


WIND (MPH)
  HIGHEST WIND SPEED    17   HIGHEST WIND DIRECTION     S (180)
  HIGHEST GUST SPEED    21   HIGHEST GUST DIRECTION     S (180)
  AVERAGE WIND SPEED     7.7


SKY COVER
  POSSIBLE SUNSHINE  MM
  AVERAGE SKY COVER 0.6


WEATHER CONDITIONS
 THE FOLLOWING WEATHER WAS RECORDED YESTERDAY.
  NO SIGNIFICANT WEATHER WAS OBSERVED.


RELATIVE HUMIDITY (PERCENT)
 HIGHEST    92           600 AM
 LOWEST     59          1200 PM
 AVERAGE    76

..........................................................


THE WICHITA EISENHOWER NATIONAL CLIMATE NORMALS FOR TODAY
                         NORMAL    RECORD    YEAR
 MAXIMUM TEMPERATURE (F)   43        73      2015
 MINIMUM TEMPERATURE (F)   22       -14      1892


SUNRISE AND SUNSET
JANUARY 19 2017.......SUNRISE   742 AM CST   SUNSET   540 PM CST
JANUARY 20 2017.......SUNRISE   741 AM CST   SUNSET   541 PM CST


-  INDICATES NEGATIVE NUMBERS.
R  INDICATES RECORD WAS SET OR TIED.
MM INDICATES DATA IS MISSING.
T  INDICATES TRACE AMOUNT.




$$
