000
CDUS43 KICT 070738
CLIICT


CLIMATE REPORT
NATIONAL WEATHER SERVICE WICHITA KS
138 AM CST THU DEC 7 2017


...................................

...THE WICHITA EISENHOWER NATIONAL CLIMATE SUMMARY FOR DECEMBER 6 2017...

CLIMATE NORMAL PERIOD 1981 TO 2010
CLIMATE RECORD PERIOD 1888 TO 2017


WEATHER ITEM   OBSERVED TIME   RECORD YEAR NORMAL DEPARTURE LAST
                VALUE   (LST)  VALUE       VALUE  FROM      YEAR
                                                  NORMAL
..................................................................
TEMPERATURE (F)
 YESTERDAY
  MAXIMUM         50    345 PM  74    1939  46      4       41
  MINIMUM         27    653 AM  -1    1950  26      1       30
  AVERAGE         39                        36      3       36

PRECIPITATION (IN)
  YESTERDAY        0.00          0.65 1974   0.04  -0.04     0.00
  MONTH TO DATE    0.00                      0.26  -0.26     0.37
  SINCE DEC 1      0.00                      0.26  -0.26     0.37
  SINCE JAN 1     33.81                     31.70   2.11    50.31

SNOWFALL (IN)
  YESTERDAY        0.0           3.8  1909   0.1   -0.1      0.0
  MONTH TO DATE    0.0                       0.7   -0.7      0.0
  SINCE DEC 1      0.0                       0.7   -0.7      0.0
  SINCE JUL 1      0.0                       2.1   -2.1      0.0
  SNOW DEPTH       0

DEGREE DAYS
 HEATING
  YESTERDAY       26                        29     -3       29
  MONTH TO DATE  113                       169    -56      149
  SINCE DEC 1    113                       169    -56      149
  SINCE JUL 1    843                      1045   -202      602

 COOLING
  YESTERDAY        0                         0      0        0
  MONTH TO DATE    0                         0      0        0
  SINCE DEC 1      0                         0      0        0
  SINCE JAN 1   1785                      1686     99     2054
..................................................................


WIND (MPH)
  HIGHEST WIND SPEED    24   HIGHEST WIND DIRECTION    NW (330)
  HIGHEST GUST SPEED    32   HIGHEST GUST DIRECTION     N (350)
  AVERAGE WIND SPEED    12.5


SKY COVER
  POSSIBLE SUNSHINE  MM
  AVERAGE SKY COVER 0.2


WEATHER CONDITIONS
 THE FOLLOWING WEATHER WAS RECORDED YESTERDAY.
  NO SIGNIFICANT WEATHER WAS OBSERVED.


RELATIVE HUMIDITY (PERCENT)
 HIGHEST    68           700 AM
 LOWEST     26           400 PM
 AVERAGE    47

..........................................................


THE WICHITA EISENHOWER NATIONAL CLIMATE NORMALS FOR TODAY
                         NORMAL    RECORD    YEAR
 MAXIMUM TEMPERATURE (F)   46        75      1966
 MINIMUM TEMPERATURE (F)   26         0      1917
                                             1909


SUNRISE AND SUNSET
DECEMBER  7 2017......SUNRISE   732 AM CST   SUNSET   511 PM CST
DECEMBER  8 2017......SUNRISE   732 AM CST   SUNSET   511 PM CST


-  INDICATES NEGATIVE NUMBERS.
R  INDICATES RECORD WAS SET OR TIED.
MM INDICATES DATA IS MISSING.
T  INDICATES TRACE AMOUNT.




$$
