000
CDUS43 KICT 120654
CLIICT


CLIMATE REPORT
NATIONAL WEATHER SERVICE WICHITA KS
153 AM CDT SAT AUG 12 2017


...................................

...THE WICHITA EISENHOWER NATIONAL CLIMATE SUMMARY FOR AUGUST 11 2017...

CLIMATE NORMAL PERIOD 1981 TO 2010
CLIMATE RECORD PERIOD 1888 TO 2017


WEATHER ITEM   OBSERVED TIME   RECORD YEAR NORMAL DEPARTURE LAST
                VALUE   (LST)  VALUE       VALUE  FROM      YEAR
                                                  NORMAL
..................................................................
TEMPERATURE (F)
 YESTERDAY
  MAXIMUM         85    346 PM 112    1936  92     -7       98
  MINIMUM         68    533 AM  52    1967  70     -2       75
  AVERAGE         77                        81     -4       87

PRECIPITATION (IN)
  YESTERDAY        0.28          2.20 1977   0.12   0.16     0.08
  MONTH TO DATE    1.84                      1.24   0.60     6.90
  SINCE JUN 1      8.15                      9.76  -1.61    19.40
  SINCE JAN 1     26.99                     21.62   5.37    34.96

SNOWFALL (IN)
  YESTERDAY        0.0           0.0  2007   0.0    0.0      0.0
  MONTH TO DATE    0.0                       0.0    0.0      0.0
  SINCE JUN 1      0.0                       0.0    0.0      0.0
  SINCE JUL 1      0.0                       0.0    0.0      0.0
  SNOW DEPTH       0

DEGREE DAYS
 HEATING
  YESTERDAY        0                         0      0        0
  MONTH TO DATE    0                         0      0        0
  SINCE JUN 1      0                         6     -6        0
  SINCE JUL 1      0                         0      0        0

 COOLING
  YESTERDAY       12                        16     -4       22
  MONTH TO DATE  122                       176    -54      204
  SINCE JUN 1   1042                      1002     40     1278
  SINCE JAN 1   1198                      1138     60     1408
..................................................................


WIND (MPH)
  HIGHEST WIND SPEED    17   HIGHEST WIND DIRECTION    NE (30)
  HIGHEST GUST SPEED    26   HIGHEST GUST DIRECTION    NE (50)
  AVERAGE WIND SPEED     9.6


SKY COVER
  POSSIBLE SUNSHINE  MM
  AVERAGE SKY COVER 0.6


WEATHER CONDITIONS
 THE FOLLOWING WEATHER WAS RECORDED YESTERDAY.
  THUNDERSTORM
  HEAVY RAIN
  LIGHT RAIN
  FOG


RELATIVE HUMIDITY (PERCENT)
 HIGHEST   100           300 AM
 LOWEST     47           600 PM
 AVERAGE    74

..........................................................


THE WICHITA EISENHOWER NATIONAL CLIMATE NORMALS FOR TODAY
                         NORMAL    RECORD    YEAR
 MAXIMUM TEMPERATURE (F)   92       114      1936
 MINIMUM TEMPERATURE (F)   70        50      1967


SUNRISE AND SUNSET
AUGUST 12 2017........SUNRISE   643 AM CDT   SUNSET   826 PM CDT
AUGUST 13 2017........SUNRISE   644 AM CDT   SUNSET   824 PM CDT


-  INDICATES NEGATIVE NUMBERS.
R  INDICATES RECORD WAS SET OR TIED.
MM INDICATES DATA IS MISSING.
T  INDICATES TRACE AMOUNT.




$$
