091
CDUS43 KICT 140633
CLIICT


CLIMATE REPORT
NATIONAL WEATHER SERVICE WICHITA KS
133 AM CDT THU MAY 14 2015


...................................

...THE WICHITA EISENHOWER NATIONAL CLIMATE SUMMARY FOR MAY 13 2015...

CLIMATE NORMAL PERIOD 1981 TO 2010
CLIMATE RECORD PERIOD 1888 TO 2015


WEATHER ITEM   OBSERVED TIME   RECORD YEAR NORMAL DEPARTURE LAST
                VALUE   (LST)  VALUE       VALUE  FROM      YEAR
                                                  NORMAL
..................................................................
TEMPERATURE (F)
 YESTERDAY
  MAXIMUM         64   1102 AM  90    1988  76    -12       66
  MINIMUM         50    323 AM  32    1966  54     -4       45
  AVERAGE         57                        65     -8       56

PRECIPITATION (IN)
  YESTERDAY        0.89          2.60 1965   0.14   0.75     0.00
  MONTH TO DATE    3.81                      1.77   2.04     0.47
  SINCE MAR 1      6.71                      7.05  -0.34     1.49
  SINCE JAN 1      8.48                      9.06  -0.58     2.48

SNOWFALL (IN)
  YESTERDAY        0.0           0.0  2007   0.0    0.0      0.0
                                      2001
  MONTH TO DATE    0.0                       0.0    0.0      0.0
  SINCE MAR 1      1.1                       2.5   -1.4      3.5
  SINCE JUL 1     18.0                      14.9    3.1     23.0
  SNOW DEPTH       0

DEGREE DAYS
 HEATING
  YESTERDAY        8                         3      5        9
  MONTH TO DATE   30                        50    -20       35
  SINCE MAR 1    667                       918   -251      982
  SINCE JUL 1   4232                      4558   -326     4901

 COOLING
  YESTERDAY        0                         3     -3        0
  MONTH TO DATE   40                        27     13       94
  SINCE MAR 1     68                        53     15      127
  SINCE JAN 1     68                        53     15      127
..................................................................


WIND (MPH)
  HIGHEST WIND SPEED    21   HIGHEST WIND DIRECTION    SE (130)
  HIGHEST GUST SPEED    27   HIGHEST GUST DIRECTION    SE (130)
  AVERAGE WIND SPEED    12.1


SKY COVER
  POSSIBLE SUNSHINE  MM
  AVERAGE SKY COVER 0.9


WEATHER CONDITIONS
 THE FOLLOWING WEATHER WAS RECORDED YESTERDAY.
  HEAVY RAIN
  RAIN
  LIGHT RAIN
  FOG
  HAZE


RELATIVE HUMIDITY (PERCENT)
 HIGHEST    93           100 PM
 LOWEST     63          1100 AM
 AVERAGE    78

..........................................................


THE WICHITA EISENHOWER NATIONAL CLIMATE NORMALS FOR TODAY
                         NORMAL    RECORD    YEAR
 MAXIMUM TEMPERATURE (F)   76        93      1895
 MINIMUM TEMPERATURE (F)   55        37      1953
                                             1907


SUNRISE AND SUNSET
MAY 14 2015...........SUNRISE   621 AM CDT   SUNSET   831 PM CDT
MAY 15 2015...........SUNRISE   620 AM CDT   SUNSET   832 PM CDT


-  INDICATES NEGATIVE NUMBERS.
R  INDICATES RECORD WAS SET OR TIED.
MM INDICATES DATA IS MISSING.
T  INDICATES TRACE AMOUNT.




$$
