000
CDUS43 KICT 142205
CLIICT


CLIMATE REPORT
NATIONAL WEATHER SERVICE WICHITA KS
505 PM CDT SUN SEP 14 2014


...................................

...THE WICHITA MID CONTINENT CLIMATE SUMMARY FOR SEPTEMBER 14 2014...
VALID TODAY AS OF 0500 PM LOCAL TIME.

CLIMATE NORMAL PERIOD 1981 TO 2010
CLIMATE RECORD PERIOD 1888 TO 2014


WEATHER ITEM   OBSERVED TIME   RECORD YEAR NORMAL DEPARTURE LAST
                VALUE   (LST)  VALUE       VALUE  FROM      YEAR
                                                  NORMAL
..................................................................
TEMPERATURE (F)
 TODAY
  MAXIMUM         84    403 PM 100    1893  83      1       87
  MINIMUM         51    626 AM  44    1974  60     -9       62
                                      1961
  AVERAGE         68                        72     -4       75

PRECIPITATION (IN)
  TODAY            0.00          1.76 1962   0.10  -0.10     0.00
  MONTH TO DATE    0.16                      1.50  -1.34     0.02
  SINCE SEP 1      0.16                      1.50  -1.34     0.02
  SINCE JAN 1     22.14                     25.59  -3.45    34.19

SNOWFALL (IN)
  TODAY            0.0           0.0  2007   0.0    0.0      0.0
  MONTH TO DATE    0.0                       0.0    0.0      0.0
  SINCE SEP 1      0.0                       0.0    0.0      0.0
  SINCE JUL 1      0.0                       0.0    0.0      0.0
  SNOW DEPTH       0

DEGREE DAYS
 HEATING
  TODAY            0                         1     -1        0
  MONTH TO DATE   20                         4     16        0
  SINCE SEP 1     20                         4     16        0
  SINCE JUL 1     21                         5     16        1

 COOLING
  TODAY            3                         8     -5       10
  MONTH TO DATE  129                       138     -9      205
  SINCE SEP 1    129                       138     -9      205
  SINCE JAN 1   1625                      1565     60     1618
..................................................................


WIND (MPH)
  HIGHEST WIND SPEED    25   HIGHEST WIND DIRECTION     S (170)
  HIGHEST GUST SPEED    33   HIGHEST GUST DIRECTION    SE (150)
  AVERAGE WIND SPEED    10.6


SKY COVER
  POSSIBLE SUNSHINE  MM
  AVERAGE SKY COVER 0.5


WEATHER CONDITIONS
 THE FOLLOWING WEATHER WAS RECORDED TODAY.
  NO SIGNIFICANT WEATHER WAS OBSERVED.


RELATIVE HUMIDITY (PERCENT)
 HIGHEST    83           400 AM
 LOWEST     43           300 PM
 AVERAGE    63

..........................................................


THE WICHITA MID CONTINENT CLIMATE NORMALS FOR TOMORROW
                         NORMAL    RECORD    YEAR
 MAXIMUM TEMPERATURE (F)   83       103      1978
 MINIMUM TEMPERATURE (F)   60        37      1993


SUNRISE AND SUNSET
SEPTEMBER 14 2014.....SUNRISE   711 AM CDT   SUNSET   739 PM CDT
SEPTEMBER 15 2014.....SUNRISE   712 AM CDT   SUNSET   737 PM CDT


-  INDICATES NEGATIVE NUMBERS.
R  INDICATES RECORD WAS SET OR TIED.
MM INDICATES DATA IS MISSING.
T  INDICATES TRACE AMOUNT.




$$
