434
CDUS43 KICT 200626
CLIICT


CLIMATE REPORT
NATIONAL WEATHER SERVICE WICHITA KS
1226 AM CST FRI JAN 20 2017


...................................

...THE WICHITA EISENHOWER NATIONAL CLIMATE SUMMARY FOR JANUARY 19 2017...

CLIMATE NORMAL PERIOD 1981 TO 2010
CLIMATE RECORD PERIOD 1888 TO 2017


WEATHER ITEM   OBSERVED TIME   RECORD YEAR NORMAL DEPARTURE LAST
                VALUE   (LST)  VALUE       VALUE  FROM      YEAR
                                                  NORMAL
..................................................................
TEMPERATURE (F)
 YESTERDAY
  MAXIMUM         52    307 PM  73    2015  43      9       31
  MINIMUM         40   1102 PM -14    1892  22     18       25
  AVERAGE         46                        32     14       28

PRECIPITATION (IN)
  YESTERDAY        T             1.08 1980   0.03  -0.03      T
  MONTH TO DATE    2.55                      0.46   2.09     0.18
  SINCE DEC 1      3.21                      1.66   1.55     2.40
  SINCE JAN 1      2.55                      0.46   2.09     0.18

SNOWFALL (IN)
  YESTERDAY        0.0           2.4  1983   0.1   -0.1      0.0
  MONTH TO DATE    T                         2.0   -2.0      0.1
  SINCE DEC 1      2.0                       6.2   -4.2      0.5
  SINCE JUL 1      2.0                       7.6   -5.6      0.8
  SNOW DEPTH       0

DEGREE DAYS
 HEATING
  YESTERDAY       19                        33    -14       37
  MONTH TO DATE  597                       627    -30      627
  SINCE DEC 1   1584                      1594    -10     1357
  SINCE JUL 1   2037                      2470   -433     1926

 COOLING
  YESTERDAY        0                         0      0        0
  MONTH TO DATE    0                         0      0        0
  SINCE DEC 1      0                         0      0        0
  SINCE JAN 1      0                         0      0        0
..................................................................


WIND (MPH)
  HIGHEST WIND SPEED    22   HIGHEST WIND DIRECTION     S (180)
  HIGHEST GUST SPEED    26   HIGHEST GUST DIRECTION     S (180)
  AVERAGE WIND SPEED    10.6


SKY COVER
  POSSIBLE SUNSHINE  MM
  AVERAGE SKY COVER 0.9


WEATHER CONDITIONS
 THE FOLLOWING WEATHER WAS RECORDED YESTERDAY.
  LIGHT RAIN
  FOG
  FOG W/VISIBILITY <= 1/4 MILE


RELATIVE HUMIDITY (PERCENT)
 HIGHEST   100           500 AM
 LOWEST     77           200 PM
 AVERAGE    89

..........................................................


THE WICHITA EISENHOWER NATIONAL CLIMATE NORMALS FOR TODAY
                         NORMAL    RECORD    YEAR
 MAXIMUM TEMPERATURE (F)   43        71      1906
 MINIMUM TEMPERATURE (F)   22       -12      1962


SUNRISE AND SUNSET
JANUARY 20 2017.......SUNRISE   741 AM CST   SUNSET   541 PM CST
JANUARY 21 2017.......SUNRISE   741 AM CST   SUNSET   542 PM CST


-  INDICATES NEGATIVE NUMBERS.
R  INDICATES RECORD WAS SET OR TIED.
MM INDICATES DATA IS MISSING.
T  INDICATES TRACE AMOUNT.




$$
