000
CDUS43 KICT 140710
CLIICT


CLIMATE REPORT
NATIONAL WEATHER SERVICE WICHITA KS
109 AM CST TUE FEB 14 2017


...................................

...THE WICHITA EISENHOWER NATIONAL CLIMATE SUMMARY FOR FEBRUARY 13 2017...

CLIMATE NORMAL PERIOD 1981 TO 2010
CLIMATE RECORD PERIOD 1888 TO 2017


WEATHER ITEM   OBSERVED TIME   RECORD YEAR NORMAL DEPARTURE LAST
                VALUE   (LST)  VALUE       VALUE  FROM      YEAR
                                                  NORMAL
..................................................................
TEMPERATURE (F)
 YESTERDAY
  MAXIMUM         52    250 PM  77    1921  48      4       45
  MINIMUM         33    851 AM -18    1905  26      7       23
  AVERAGE         43                        36      7       34

PRECIPITATION (IN)
  YESTERDAY        0.02          0.81 1908   0.04  -0.02     0.00
  MONTH TO DATE    0.02                      0.50  -0.48     0.55
  SINCE DEC 1      3.47                      2.53   0.94     2.96
  SINCE JAN 1      2.81                      1.33   1.48     0.74

SNOWFALL (IN)
  YESTERDAY        0.0           4.1  1914   0.1   -0.1      0.0
  MONTH TO DATE    0.0                       1.8   -1.8      0.0
  SINCE DEC 1      2.0                       9.6   -7.6      0.5
  SINCE JUL 1      2.0                      11.0   -9.0      0.8
  SNOW DEPTH       0

DEGREE DAYS
 HEATING
  YESTERDAY       22                        28     -6       31
  MONTH TO DATE  294                       389    -95      341
  SINCE DEC 1   2153                      2373   -220     2023
  SINCE JUL 1   2606                      3249   -643     2592

 COOLING
  YESTERDAY        0                         0      0        0
  MONTH TO DATE    0                         0      0        0
  SINCE DEC 1      0                         0      0        0
  SINCE JAN 1      0                         0      0        0
..................................................................


WIND (MPH)
  HIGHEST WIND SPEED    13   HIGHEST WIND DIRECTION     N (340)
  HIGHEST GUST SPEED    15   HIGHEST GUST DIRECTION     N (340)
  AVERAGE WIND SPEED     3.7


SKY COVER
  POSSIBLE SUNSHINE  MM
  AVERAGE SKY COVER 0.9


WEATHER CONDITIONS
 THE FOLLOWING WEATHER WAS RECORDED YESTERDAY.
  LIGHT RAIN


RELATIVE HUMIDITY (PERCENT)
 HIGHEST    92          1200 AM
 LOWEST     26          1200 PM
 AVERAGE    59

..........................................................


THE WICHITA EISENHOWER NATIONAL CLIMATE NORMALS FOR TODAY
                         NORMAL    RECORD    YEAR
 MAXIMUM TEMPERATURE (F)   48        80      1954
 MINIMUM TEMPERATURE (F)   26        -4      1936


SUNRISE AND SUNSET
FEBRUARY 14 2017......SUNRISE   720 AM CST   SUNSET   608 PM CST
FEBRUARY 15 2017......SUNRISE   719 AM CST   SUNSET   609 PM CST


-  INDICATES NEGATIVE NUMBERS.
R  INDICATES RECORD WAS SET OR TIED.
MM INDICATES DATA IS MISSING.
T  INDICATES TRACE AMOUNT.




$$
