000
CDUS43 KICT 180642
CLIICT


CLIMATE REPORT
NATIONAL WEATHER SERVICE WICHITA KS
1241 AM CST WED JAN 18 2017


...................................

...THE WICHITA EISENHOWER NATIONAL CLIMATE SUMMARY FOR JANUARY 17 2017...

CLIMATE NORMAL PERIOD 1981 TO 2010
CLIMATE RECORD PERIOD 1888 TO 2017


WEATHER ITEM   OBSERVED TIME   RECORD YEAR NORMAL DEPARTURE LAST
                VALUE   (LST)  VALUE       VALUE  FROM      YEAR
                                                  NORMAL
..................................................................
TEMPERATURE (F)
 YESTERDAY
  MAXIMUM         51    443 PM  66    1923  42      9       29
  MINIMUM         32    746 AM -12    1930  22     10       15
  AVERAGE         42                        32     10       22

PRECIPITATION (IN)
  YESTERDAY        T             1.40 2004   0.02  -0.02      T
  MONTH TO DATE    2.55                      0.40   2.15     0.18
  SINCE DEC 1      3.21                      1.60   1.61     2.40
  SINCE JAN 1      2.55                      0.40   2.15     0.18

SNOWFALL (IN)
  YESTERDAY        0.0           6.2  1987   0.1   -0.1       T
  MONTH TO DATE    T                         1.8   -1.8      0.1
  SINCE DEC 1      2.0                       6.0   -4.0      0.5
  SINCE JUL 1      2.0                       7.4   -5.4      0.8
  SNOW DEPTH       0

DEGREE DAYS
 HEATING
  YESTERDAY       23                        33    -10       43
  MONTH TO DATE  555                       561     -6      549
  SINCE DEC 1   1542                      1528     14     1279
  SINCE JUL 1   1995                      2404   -409     1848

 COOLING
  YESTERDAY        0                         0      0        0
  MONTH TO DATE    0                         0      0        0
  SINCE DEC 1      0                         0      0        0
  SINCE JAN 1      0                         0      0        0
..................................................................


WIND (MPH)
  HIGHEST WIND SPEED    20   HIGHEST WIND DIRECTION    NW (320)
  HIGHEST GUST SPEED    23   HIGHEST GUST DIRECTION    NW (320)
  AVERAGE WIND SPEED     6.9


SKY COVER
  POSSIBLE SUNSHINE  MM
  AVERAGE SKY COVER 0.4


WEATHER CONDITIONS
 THE FOLLOWING WEATHER WAS RECORDED YESTERDAY.
  LIGHT RAIN
  FOG


RELATIVE HUMIDITY (PERCENT)
 HIGHEST    96           700 AM
 LOWEST     42           300 PM
 AVERAGE    69

..........................................................


THE WICHITA EISENHOWER NATIONAL CLIMATE NORMALS FOR TODAY
                         NORMAL    RECORD    YEAR
 MAXIMUM TEMPERATURE (F)   43        65      2015
                                             1951
 MINIMUM TEMPERATURE (F)   22       -12      1930


SUNRISE AND SUNSET
JANUARY 18 2017.......SUNRISE   742 AM CST   SUNSET   538 PM CST
JANUARY 19 2017.......SUNRISE   742 AM CST   SUNSET   540 PM CST


-  INDICATES NEGATIVE NUMBERS.
R  INDICATES RECORD WAS SET OR TIED.
MM INDICATES DATA IS MISSING.
T  INDICATES TRACE AMOUNT.




$$
