000
CDUS43 KICT 152207
CLIICT

CLIMATE REPORT
NATIONAL WEATHER SERVICE WICHITA KS
506 PM CDT MON SEP 15 2014


...................................

...THE WICHITA MID CONTINENT CLIMATE SUMMARY FOR SEPTEMBER 15 2014...
VALID TODAY AS OF 0500 PM LOCAL TIME.

CLIMATE NORMAL PERIOD 1981 TO 2010
CLIMATE RECORD PERIOD 1888 TO 2014


WEATHER ITEM   OBSERVED TIME   RECORD YEAR NORMAL DEPARTURE LAST
                VALUE   (LST)  VALUE       VALUE  FROM      YEAR
                                                  NORMAL
..................................................................
TEMPERATURE (F)
 TODAY
  MAXIMUM         86   1124 AM 103    1978  83      3       93
  MINIMUM         66    622 AM  37    1993  60      6       66
  AVERAGE         76                        71      5       80

PRECIPITATION (IN)
  TODAY            0.00          1.76 1969   0.10  -0.10     0.25
  MONTH TO DATE    0.16                      1.60  -1.44     0.27
  SINCE SEP 1      0.16                      1.60  -1.44     0.27
  SINCE JAN 1     22.14                     25.69  -3.55    34.44

SNOWFALL (IN)
  TODAY            0.0           0.0  2007   0.0    0.0      0.0
  MONTH TO DATE    0.0                       0.0    0.0      0.0
  SINCE SEP 1      0.0                       0.0    0.0      0.0
  SINCE JUL 1      0.0                       0.0    0.0      0.0
  SNOW DEPTH       0

DEGREE DAYS
 HEATING
  TODAY            0                         1     -1        0
  MONTH TO DATE   20                         5     15        0
  SINCE SEP 1     20                         5     15        0
  SINCE JUL 1     21                         6     15        1

 COOLING
  TODAY           11                         7      4       15
  MONTH TO DATE  140                       145     -5      220
  SINCE SEP 1    140                       145     -5      220
  SINCE JAN 1   1636                      1572     64     1633
..................................................................


WIND (MPH)
  HIGHEST WIND SPEED    21   HIGHEST WIND DIRECTION     N (10)
  HIGHEST GUST SPEED    26   HIGHEST GUST DIRECTION     N (10)
  AVERAGE WIND SPEED    14.2


SKY COVER
  POSSIBLE SUNSHINE  MM
  AVERAGE SKY COVER 0.6


WEATHER CONDITIONS
 THE FOLLOWING WEATHER WAS RECORDED TODAY.
  NO SIGNIFICANT WEATHER WAS OBSERVED.


RELATIVE HUMIDITY (PERCENT)
 HIGHEST    87           600 AM
 LOWEST     48          1100 AM
 AVERAGE    68

..........................................................


THE WICHITA MID CONTINENT CLIMATE NORMALS FOR TOMORROW
                         NORMAL    RECORD    YEAR
 MAXIMUM TEMPERATURE (F)   83       105      1978
 MINIMUM TEMPERATURE (F)   59        42      1903


SUNRISE AND SUNSET
SEPTEMBER 15 2014.....SUNRISE   712 AM CDT   SUNSET   737 PM CDT
SEPTEMBER 16 2014.....SUNRISE   712 AM CDT   SUNSET   736 PM CDT


-  INDICATES NEGATIVE NUMBERS.
R  INDICATES RECORD WAS SET OR TIED.
MM INDICATES DATA IS MISSING.
T  INDICATES TRACE AMOUNT.

$$

ES
