000
CDUS43 KICT 220657
CLIICT

CLIMATE REPORT
NATIONAL WEATHER SERVICE WICHITA KS
155 AM CDT THU SEP 22 2016

...................................

...THE WICHITA EISENHOWER NATIONAL CLIMATE SUMMARY FOR SEPTEMBER 21 2016...

CLIMATE NORMAL PERIOD 1981 TO 2010
CLIMATE RECORD PERIOD 1888 TO 2016


WEATHER ITEM   OBSERVED TIME   RECORD YEAR NORMAL DEPARTURE LAST
                VALUE   (LST)  VALUE       VALUE  FROM      YEAR
                                                  NORMAL
..................................................................
TEMPERATURE (F)
 YESTERDAY
  MAXIMUM         93    317 PM  99    1980  80     13       83
                                      1956
  MINIMUM         73    642 AM  37    1983  57     16       64
  AVERAGE         83                        68     15       74

PRECIPITATION (IN)
  YESTERDAY        0.00          3.83 1931   0.10  -0.10      T
  MONTH TO DATE    9.65                      2.23   7.42     1.22
  SINCE SEP 1      9.65                      2.23   7.42     1.22
  SINCE JAN 1     45.99                     26.32  19.67    33.64

SNOWFALL (IN)
  YESTERDAY        0.0           0.0  2007   0.0    0.0      0.0
  MONTH TO DATE    0.0                       0.0    0.0      0.0
  SINCE SEP 1      0.0                       0.0    0.0      0.0
  SINCE JUL 1      0.0                       0.0    0.0      0.0
  SNOW DEPTH       0

DEGREE DAYS
 HEATING
  YESTERDAY        0                         2     -2        0
  MONTH TO DATE    0                        14    -14        0
  SINCE SEP 1      0                        14    -14        0
  SINCE JUL 1      0                        15    -15        0

 COOLING
  YESTERDAY       18                         5     13        9
  MONTH TO DATE  237                       182     55      271
  SINCE SEP 1    237                       182     55      271
  SINCE JAN 1   1909                      1609    300     1762
..................................................................


WIND (MPH)
  HIGHEST WIND SPEED    22   HIGHEST WIND DIRECTION     S (160)
  HIGHEST GUST SPEED    29   HIGHEST GUST DIRECTION     S (160)
  AVERAGE WIND SPEED    12.7


SKY COVER
  POSSIBLE SUNSHINE  MM
  AVERAGE SKY COVER 0.5


WEATHER CONDITIONS
 THE FOLLOWING WEATHER WAS RECORDED YESTERDAY.
  FOG
  HAZE


RELATIVE HUMIDITY (PERCENT)
 HIGHEST    93           700 AM
 LOWEST     47           400 PM
 AVERAGE    70

..........................................................


THE WICHITA EISENHOWER NATIONAL CLIMATE NORMALS FOR TODAY
                         NORMAL    RECORD    YEAR
 MAXIMUM TEMPERATURE (F)   80        97      1988
 MINIMUM TEMPERATURE (F)   57        32      1995


SUNRISE AND SUNSET
SEPTEMBER 22 2016.....SUNRISE   718 AM CDT   SUNSET   726 PM CDT
SEPTEMBER 23 2016.....SUNRISE   719 AM CDT   SUNSET   724 PM CDT


-  INDICATES NEGATIVE NUMBERS.
R  INDICATES RECORD WAS SET OR TIED.
MM INDICATES DATA IS MISSING.
T  INDICATES TRACE AMOUNT.

$$
