000
CDUS43 KICT 240627
CLIICT


CLIMATE REPORT
NATIONAL WEATHER SERVICE WICHITA KS
127 AM CDT SAT SEP 24 2016


...................................

...THE WICHITA EISENHOWER NATIONAL CLIMATE SUMMARY FOR SEPTEMBER 23 2016...

CLIMATE NORMAL PERIOD 1981 TO 2010
CLIMATE RECORD PERIOD 1888 TO 2016


WEATHER ITEM   OBSERVED TIME   RECORD YEAR NORMAL DEPARTURE LAST
                VALUE   (LST)  VALUE       VALUE  FROM      YEAR
                                                  NORMAL
..................................................................
TEMPERATURE (F)
 YESTERDAY
  MAXIMUM         89    225 PM  96    1933  79     10       85
                                      1926
  MINIMUM         65    626 AM  36    1995  56      9       67
  AVERAGE         77                        68      9       76

PRECIPITATION (IN)
  YESTERDAY        0.00          4.02 1945   0.10  -0.10     0.03
  MONTH TO DATE    9.65                      2.44   7.21     1.25
  SINCE SEP 1      9.65                      2.44   7.21     1.25
  SINCE JAN 1     45.99                     26.53  19.46    33.67

SNOWFALL (IN)
  YESTERDAY        0.0           0.0  2007   0.0    0.0      0.0
  MONTH TO DATE    0.0                       0.0    0.0      0.0
  SINCE SEP 1      0.0                       0.0    0.0      0.0
  SINCE JUL 1      0.0                       0.0    0.0      0.0
  SNOW DEPTH       0

DEGREE DAYS
 HEATING
  YESTERDAY        0                         2     -2        0
  MONTH TO DATE    0                        18    -18        0
  SINCE SEP 1      0                        18    -18        0
  SINCE JUL 1      0                        19    -19        0

 COOLING
  YESTERDAY       12                         5      7       11
  MONTH TO DATE  265                       192     73      297
  SINCE SEP 1    265                       192     73      297
  SINCE JAN 1   1937                      1619    318     1788
..................................................................


WIND (MPH)
  HIGHEST WIND SPEED    24   HIGHEST WIND DIRECTION     S (160)
  HIGHEST GUST SPEED    29   HIGHEST GUST DIRECTION    SE (150)
  AVERAGE WIND SPEED    11.4


SKY COVER
  POSSIBLE SUNSHINE  MM
  AVERAGE SKY COVER 0.2


WEATHER CONDITIONS
 THE FOLLOWING WEATHER WAS RECORDED YESTERDAY.
  FOG


RELATIVE HUMIDITY (PERCENT)
 HIGHEST    87           300 AM
 LOWEST     43           300 PM
 AVERAGE    65

..........................................................


THE WICHITA EISENHOWER NATIONAL CLIMATE NORMALS FOR TODAY
                         NORMAL    RECORD    YEAR
 MAXIMUM TEMPERATURE (F)   79        96      1898
 MINIMUM TEMPERATURE (F)   56        34      1989


SUNRISE AND SUNSET
SEPTEMBER 24 2016.....SUNRISE   720 AM CDT   SUNSET   723 PM CDT
SEPTEMBER 25 2016.....SUNRISE   720 AM CDT   SUNSET   721 PM CDT


-  INDICATES NEGATIVE NUMBERS.
R  INDICATES RECORD WAS SET OR TIED.
MM INDICATES DATA IS MISSING.
T  INDICATES TRACE AMOUNT.




$$
