000
CDUS43 KICT 200628
CLIICT


CLIMATE REPORT
NATIONAL WEATHER SERVICE WICHITA KS
128 AM CDT SUN APR 20 2014


...................................

...THE WICHITA MID CONTINENT KS CLIMATE SUMMARY FOR APRIL 19 2014...

CLIMATE NORMAL PERIOD 1981 TO 2010
CLIMATE RECORD PERIOD 1888 TO 2014


WEATHER ITEM   OBSERVED TIME   RECORD YEAR NORMAL DEPARTURE LAST
                VALUE   (LST)  VALUE       VALUE  FROM      YEAR
                                                  NORMAL
..................................................................
TEMPERATURE (F)
 YESTERDAY
  MAXIMUM         81    414 PM  91    1987  69     12       65
  MINIMUM         46    511 AM  31    2013  46      0       31
  AVERAGE         64                        57      7       48

PRECIPITATION (IN)
  YESTERDAY        0.00          1.82 2003   0.09  -0.09     0.00
  MONTH TO DATE    0.45                      1.48  -1.03     1.96
  SINCE MAR 1      0.94                      4.17  -3.23     4.07
  SINCE JAN 1      1.93                      6.18  -4.25     7.09

SNOWFALL (IN)
  YESTERDAY        0.0           T    1955   0.0    0.0      0.0
  MONTH TO DATE    0.3                       0.2    0.1       T
  SINCE MAR 1      3.5                       2.5    1.0      5.3
  SINCE JUL 1     23.0                      14.9    8.1     29.8
  SNOW DEPTH       0

DEGREE DAYS
 HEATING
  YESTERDAY        1                         9     -8       17
  MONTH TO DATE  214                       215     -1      302
  SINCE MAR 1    891                       792     99      968
  SINCE JUL 1   4810                      4432    378     4239

 COOLING
  YESTERDAY        0                         1     -1        0
  MONTH TO DATE    9                        12     -3        3
  SINCE MAR 1      9                        14     -5        3
  SINCE JAN 1      9                        14     -5        3
..................................................................


WIND (MPH)
  HIGHEST WIND SPEED    31   HIGHEST WIND DIRECTION     S (190)
  HIGHEST GUST SPEED    41   HIGHEST GUST DIRECTION     S (180)
  AVERAGE WIND SPEED    16.7


SKY COVER
  POSSIBLE SUNSHINE  MM
  AVERAGE SKY COVER 0.6


WEATHER CONDITIONS
 THE FOLLOWING WEATHER WAS RECORDED YESTERDAY.
  HAZE


RELATIVE HUMIDITY (PERCENT)
 HIGHEST    77           600 AM
 LOWEST     33           200 PM
 AVERAGE    55

..........................................................


THE WICHITA MID CONTINENT KS CLIMATE NORMALS FOR TODAY
                         NORMAL    RECORD    YEAR
 MAXIMUM TEMPERATURE (F)   69        93      1961
 MINIMUM TEMPERATURE (F)   46        31      1978
                                             1966
                                             1918


SUNRISE AND SUNSET
APRIL 20 2014.........SUNRISE   648 AM CDT   SUNSET   810 PM CDT
APRIL 21 2014.........SUNRISE   647 AM CDT   SUNSET   811 PM CDT


-  INDICATES NEGATIVE NUMBERS.
R  INDICATES RECORD WAS SET OR TIED.
MM INDICATES DATA IS MISSING.
T  INDICATES TRACE AMOUNT.




$$
