000
CDUS43 KICT 010638
CLIICT


CLIMATE REPORT
NATIONAL WEATHER SERVICE WICHITA KS
138 AM CDT TUE SEP 1 2015


...................................

...THE WICHITA EISENHOWER NATIONAL CLIMATE SUMMARY FOR AUGUST 31 2015...

CLIMATE NORMAL PERIOD 1981 TO 2010
CLIMATE RECORD PERIOD 1888 TO 2015


WEATHER ITEM   OBSERVED TIME   RECORD YEAR NORMAL DEPARTURE LAST
                VALUE   (LST)  VALUE       VALUE  FROM      YEAR
                                                  NORMAL
..................................................................
TEMPERATURE (F)
 YESTERDAY
  MAXIMUM         94    455 PM 108    2011  89      5       99
  MINIMUM         69    608 AM  49    1915  66      3       71
  AVERAGE         82                        77      5       85

PRECIPITATION (IN)
  YESTERDAY        0.00          2.52 1910   0.13  -0.13      T
  MONTH TO DATE    6.38                      3.71   2.67     2.38
  SINCE JUN 1     15.98                     12.23   3.75    15.91
  SINCE JAN 1     32.42                     24.09   8.33    21.98

SNOWFALL (IN)
  YESTERDAY        0.0           0.0  2007   0.0    0.0      0.0
  MONTH TO DATE    0.0                       0.0    0.0      0.0
  SINCE JUN 1      0.0                       0.0    0.0      0.0
  SINCE JUL 1      0.0                       0.0    0.0      0.0
  SNOW DEPTH       0

DEGREE DAYS
 HEATING
  YESTERDAY        0                         0      0        0
  MONTH TO DATE    0                         0      0        0
  SINCE JUN 1      0                         7     -7        1
  SINCE JUL 1      0                         1     -1        1

 COOLING
  YESTERDAY       17                        12      5       20
  MONTH TO DATE  376                       465    -89      504
  SINCE JUN 1   1378                      1291     87     1229
  SINCE JAN 1   1491                      1427     64     1496
..................................................................


WIND (MPH)
  HIGHEST WIND SPEED    17   HIGHEST WIND DIRECTION    SE (150)
  HIGHEST GUST SPEED    21   HIGHEST GUST DIRECTION     S (170)
  AVERAGE WIND SPEED     9.4


SKY COVER
  POSSIBLE SUNSHINE  MM
  AVERAGE SKY COVER 0.2


WEATHER CONDITIONS
 THE FOLLOWING WEATHER WAS RECORDED YESTERDAY.
  FOG
  HAZE


RELATIVE HUMIDITY (PERCENT)
 HIGHEST    90          1200 AM
 LOWEST     30           500 PM
 AVERAGE    60

..........................................................


THE WICHITA EISENHOWER NATIONAL CLIMATE NORMALS FOR TODAY
                         NORMAL    RECORD    YEAR
 MAXIMUM TEMPERATURE (F)   88       107      1990
 MINIMUM TEMPERATURE (F)   66        50      1956


SUNRISE AND SUNSET
SEPTEMBER  1 2015.....SUNRISE   700 AM CDT   SUNSET   759 PM CDT
SEPTEMBER  2 2015.....SUNRISE   700 AM CDT   SUNSET   758 PM CDT


-  INDICATES NEGATIVE NUMBERS.
R  INDICATES RECORD WAS SET OR TIED.
MM INDICATES DATA IS MISSING.
T  INDICATES TRACE AMOUNT.




$$
