000
CDUS43 KICT 260655
CLIICT


CLIMATE REPORT
NATIONAL WEATHER SERVICE WICHITA KS
1253 AM CST WED NOV 26 2014


...................................

...THE WICHITA MID CONTINENT KS CLIMATE SUMMARY FOR NOVEMBER 25 2014...

CLIMATE NORMAL PERIOD 1981 TO 2010
CLIMATE RECORD PERIOD 1888 TO 2014


WEATHER ITEM   OBSERVED TIME   RECORD YEAR NORMAL DEPARTURE LAST
                VALUE   (LST)  VALUE       VALUE  FROM      YEAR
                                                  NORMAL
..................................................................
TEMPERATURE (F)
 YESTERDAY
  MAXIMUM         51    253 PM  74    1910  51      0       37
  MINIMUM         25    340 AM  11    1993  30     -5       26
  AVERAGE         38                        41     -3       32

PRECIPITATION (IN)
  YESTERDAY        0.00          1.82 1940   0.04  -0.04      T
  MONTH TO DATE    0.45                      1.22  -0.77     0.60
  SINCE SEP 1      2.33                      7.14  -4.81     5.68
  SINCE JAN 1     24.31                     31.23  -6.92    39.85

SNOWFALL (IN)
  YESTERDAY        0.0           6.8  1952   0.1   -0.1       T
  MONTH TO DATE    1.8                       0.9    0.9       T
  SINCE SEP 1      1.8                       1.0    0.8       T
  SINCE JUL 1      1.8                       1.0    0.8       T
  SNOW DEPTH       0

DEGREE DAYS
 HEATING
  YESTERDAY       27                        24      3       33
  MONTH TO DATE  606                       459    147      484
  SINCE SEP 1    768                       744     24      737
  SINCE JUL 1    769                       745     24      738

 COOLING
  YESTERDAY        0                         0      0        0
  MONTH TO DATE    0                         0      0        0
  SINCE SEP 1    353                       257     96      365
  SINCE JAN 1   1849                      1684    165     1778
..................................................................


WIND (MPH)
  HIGHEST WIND SPEED    18   HIGHEST WIND DIRECTION     S (190)
  HIGHEST GUST SPEED    23   HIGHEST GUST DIRECTION     S (190)
  AVERAGE WIND SPEED     9.3


SKY COVER
  POSSIBLE SUNSHINE  MM
  AVERAGE SKY COVER 0.5


WEATHER CONDITIONS
 THE FOLLOWING WEATHER WAS RECORDED YESTERDAY.
  NO SIGNIFICANT WEATHER WAS OBSERVED.


RELATIVE HUMIDITY (PERCENT)
 HIGHEST    81           700 AM
 LOWEST     30           300 PM
 AVERAGE    56

..........................................................


THE WICHITA MID CONTINENT KS CLIMATE NORMALS FOR TODAY
                         NORMAL    RECORD    YEAR
 MAXIMUM TEMPERATURE (F)   51        79      1910
 MINIMUM TEMPERATURE (F)   30         1      1975


SUNRISE AND SUNSET
NOVEMBER 26 2014......SUNRISE   721 AM CST   SUNSET   513 PM CST
NOVEMBER 27 2014......SUNRISE   722 AM CST   SUNSET   512 PM CST


-  INDICATES NEGATIVE NUMBERS.
R  INDICATES RECORD WAS SET OR TIED.
MM INDICATES DATA IS MISSING.
T  INDICATES TRACE AMOUNT.




$$
