000
CDUS43 KICT 070725
CLIICT

CLIMATE REPORT
NATIONAL WEATHER SERVICE WICHITA KS
224 AM CDT MON JUL 7 2014


...................................

...THE WICHITA MID CONTINENT KS CLIMATE SUMMARY FOR JULY 6 2014...

CLIMATE NORMAL PERIOD 1981 TO 2010
CLIMATE RECORD PERIOD 1888 TO 2014


WEATHER ITEM   OBSERVED TIME   RECORD YEAR NORMAL DEPARTURE LAST
                VALUE   (LST)  VALUE       VALUE  FROM      YEAR
                                                  NORMAL
..................................................................
TEMPERATURE (F)
 YESTERDAY
  MAXIMUM         95    531 PM 107    1980  92      3       84
  MINIMUM         73    603 AM  55    1972  69      4       72
  AVERAGE         84                        81      3       78

PRECIPITATION (IN)
  YESTERDAY        0.00          3.31 1904   0.13  -0.13     0.02
  MONTH TO DATE    1.12                      0.75   0.37     0.02
  SINCE JUN 1     11.58                      5.95   5.63     1.85
  SINCE JAN 1     17.65                     17.81  -0.16    15.87

SNOWFALL (IN)
  YESTERDAY        0.0           0.0  2007   0.0    0.0      0.0
  MONTH TO DATE    0.0                       0.0    0.0      0.0
  SINCE JUN 1      0.0                       0.0    0.0      0.0
  SINCE JUL 1      0.0                       0.0    0.0      0.0
  SNOW DEPTH       0

DEGREE DAYS
 HEATING
  YESTERDAY        0                         0      0        0
  MONTH TO DATE    0                         0      0        0
  SINCE JUN 1      0                         6     -6        3
  SINCE JUL 1      0                         0      0        0

 COOLING
  YESTERDAY       19                        16      3       13
  MONTH TO DATE   66                        91    -25       62
  SINCE JUN 1    408                       420    -12      464
  SINCE JAN 1    675                       556    119      602
..................................................................


WIND (MPH)
  HIGHEST WIND SPEED    21   HIGHEST WIND DIRECTION     S (190)
  HIGHEST GUST SPEED    27   HIGHEST GUST DIRECTION     S (190)
  AVERAGE WIND SPEED    11.7


SKY COVER
  POSSIBLE SUNSHINE  MM
  AVERAGE SKY COVER 0.4


WEATHER CONDITIONS
 THE FOLLOWING WEATHER WAS RECORDED YESTERDAY.
  HAZE


RELATIVE HUMIDITY (PERCENT)
 HIGHEST    84           400 AM
 LOWEST     44           300 PM
 AVERAGE    64

..........................................................


THE WICHITA MID CONTINENT KS CLIMATE NORMALS FOR TODAY
                         NORMAL    RECORD    YEAR
 MAXIMUM TEMPERATURE (F)   92       106      1980
 MINIMUM TEMPERATURE (F)   69        55      1908


SUNRISE AND SUNSET
JULY  7 2014..........SUNRISE   615 AM CDT   SUNSET   854 PM CDT
JULY  8 2014..........SUNRISE   616 AM CDT   SUNSET   854 PM CDT


-  INDICATES NEGATIVE NUMBERS.
R  INDICATES RECORD WAS SET OR TIED.
MM INDICATES DATA IS MISSING.
T  INDICATES TRACE AMOUNT.




$$
