000
CDUS43 KICT 182206
CLIICT


CLIMATE REPORT
NATIONAL WEATHER SERVICE WICHITA KS
506 PM CDT FRI JUL 18 2014


...................................

...THE WICHITA MID CONTINENT CLIMATE SUMMARY FOR JULY 18 2014...
VALID TODAY AS OF 0500 PM LOCAL TIME.

CLIMATE NORMAL PERIOD 1981 TO 2010
CLIMATE RECORD PERIOD 1888 TO 2014


WEATHER ITEM   OBSERVED TIME   RECORD YEAR NORMAL DEPARTURE LAST
                VALUE   (LST)  VALUE       VALUE  FROM      YEAR
                                                  NORMAL
..................................................................
TEMPERATURE (F)
 TODAY
  MAXIMUM         75    339 PM 112    1936  93    -18       93
  MINIMUM         61    557 AM  59    1911  70     -9       69
  AVERAGE         68                        81    -13       81

PRECIPITATION (IN)
  TODAY            T             2.20 1901   0.10  -0.10     0.00
  MONTH TO DATE    2.86                      2.10   0.76     1.37
  SINCE JUN 1     13.32                      7.30   6.02     3.20
  SINCE JAN 1     19.39                     19.16   0.23    17.22

SNOWFALL (IN)
  TODAY            0.0           0.0  2007   0.0    0.0      0.0
  MONTH TO DATE    0.0                       0.0    0.0      0.0
  SINCE JUN 1      0.0                       0.0    0.0      0.0
  SINCE JUL 1      0.0                       0.0    0.0      0.0
  SNOW DEPTH       0

DEGREE DAYS
 HEATING
  TODAY            0                         0      0        0
  MONTH TO DATE    1                         0      1        0
  SINCE JUN 1      1                         6     -5        3
  SINCE JUL 1      1                         0      1        0

 COOLING
  TODAY            3                        16    -13       16
  MONTH TO DATE  190                       283    -93      290
  SINCE JUN 1    532                       612    -80      692
  SINCE JAN 1    799                       748     51      830
..................................................................


WIND (MPH)
  HIGHEST WIND SPEED    17   HIGHEST WIND DIRECTION     S (160)
  HIGHEST GUST SPEED    22   HIGHEST GUST DIRECTION    SE (140)
  AVERAGE WIND SPEED     8.7


SKY COVER
  POSSIBLE SUNSHINE  MM
  AVERAGE SKY COVER 0.8


WEATHER CONDITIONS
 THE FOLLOWING WEATHER WAS RECORDED TODAY.
  LIGHT RAIN
  FOG


RELATIVE HUMIDITY (PERCENT)
 HIGHEST    97           600 AM
 LOWEST     60           200 PM
 AVERAGE    79

..........................................................


THE WICHITA MID CONTINENT CLIMATE NORMALS FOR TOMORROW
                         NORMAL    RECORD    YEAR
 MAXIMUM TEMPERATURE (F)   93       109      2006
 MINIMUM TEMPERATURE (F)   70        61      2009
                                             1947
                                             1910


SUNRISE AND SUNSET
JULY 18 2014..........SUNRISE   622 AM CDT   SUNSET   849 PM CDT
JULY 19 2014..........SUNRISE   623 AM CDT   SUNSET   848 PM CDT


-  INDICATES NEGATIVE NUMBERS.
R  INDICATES RECORD WAS SET OR TIED.
MM INDICATES DATA IS MISSING.
T  INDICATES TRACE AMOUNT.




$$
