000
CDUS43 KICT 140620
CLIICT

CLIMATE REPORT
NATIONAL WEATHER SERVICE WICHITA KS
119 AM CDT FRI APR 14 2017


...................................

...THE WICHITA EISENHOWER NATIONAL CLIMATE SUMMARY FOR APRIL 13 2017...

CLIMATE NORMAL PERIOD 1981 TO 2010
CLIMATE RECORD PERIOD 1888 TO 2017


WEATHER ITEM   OBSERVED TIME   RECORD YEAR NORMAL DEPARTURE LAST
                VALUE   (LST)  VALUE       VALUE  FROM      YEAR
                                                  NORMAL
..................................................................
TEMPERATURE (F)
 YESTERDAY
  MAXIMUM         72   1202 PM  96    2006  67      5       68
  MINIMUM         58   1159 PM  21    1950  44     14       47
  AVERAGE         65                        55     10       58

PRECIPITATION (IN)
  YESTERDAY        0.03          1.58 2007   0.08  -0.05     0.00
  MONTH TO DATE    1.75                      0.98   0.77     0.14
  SINCE MAR 1      5.25                      3.67   1.58     1.67
  SINCE JAN 1      8.87                      5.68   3.19     2.41

SNOWFALL (IN)
  YESTERDAY        0.0           0.5  2007   0.0    0.0      0.0
  MONTH TO DATE    0.0                       0.2   -0.2      0.0
  SINCE MAR 1      T                         2.5   -2.5      3.5
  SINCE JUL 1      2.0                      14.9  -12.9      4.3
  SNOW DEPTH       0

DEGREE DAYS
 HEATING
  YESTERDAY        0                        10    -10        7
  MONTH TO DATE  115                       158    -43       97
  SINCE MAR 1    544                       735   -191      486
  SINCE JUL 1   3388                      4375   -987     3336

 COOLING
  YESTERDAY        0                         1     -1        0
  MONTH TO DATE    7                         6      1       11
  SINCE MAR 1     25                         8     17       18
  SINCE JAN 1     25                         8     17       18
..................................................................


WIND (MPH)
  HIGHEST WIND SPEED    23   HIGHEST WIND DIRECTION    SW (230)
  HIGHEST GUST SPEED    28   HIGHEST GUST DIRECTION    SW (230)
  AVERAGE WIND SPEED    10.1


SKY COVER
  POSSIBLE SUNSHINE  MM
  AVERAGE SKY COVER 0.9


WEATHER CONDITIONS
 THE FOLLOWING WEATHER WAS RECORDED YESTERDAY.
  THUNDERSTORM
  LIGHT RAIN
  FOG


RELATIVE HUMIDITY (PERCENT)
 HIGHEST    93           600 AM
 LOWEST     68          1200 PM
 AVERAGE    81

..........................................................


THE WICHITA EISENHOWER NATIONAL CLIMATE NORMALS FOR TODAY
                         NORMAL    RECORD    YEAR
 MAXIMUM TEMPERATURE (F)   67        93      1936
 MINIMUM TEMPERATURE (F)   44        25      1928


SUNRISE AND SUNSET
APRIL 14 2017.........SUNRISE   656 AM CDT   SUNSET   805 PM CDT
APRIL 15 2017.........SUNRISE   654 AM CDT   SUNSET   806 PM CDT


-  INDICATES NEGATIVE NUMBERS.
R  INDICATES RECORD WAS SET OR TIED.
MM INDICATES DATA IS MISSING.
T  INDICATES TRACE AMOUNT.




$$
