000
CDUS43 KICT 150632
CLIICT

CLIMATE REPORT
NATIONAL WEATHER SERVICE WICHITA KS
1230 AM CST MON DEC 15 2014

...................................

...THE WICHITA MID CONTINENT KS CLIMATE SUMMARY FOR DECEMBER 14 2014...

CLIMATE NORMAL PERIOD 1981 TO 2010
CLIMATE RECORD PERIOD 1888 TO 2014


WEATHER ITEM   OBSERVED TIME   RECORD YEAR NORMAL DEPARTURE LAST
                VALUE   (LST)  VALUE       VALUE  FROM      YEAR
                                                  NORMAL
..................................................................
TEMPERATURE (F)
 YESTERDAY
  MAXIMUM         59    630 PM  70    1948  43     16       40
  MINIMUM         51    929 PM  -6    1901  24     27       19
  AVERAGE         55                        34     21       30

PRECIPITATION (IN)
  YESTERDAY        0.21          0.71 2011   0.04   0.17     0.00
  MONTH TO DATE    0.81                      0.60   0.21      T
  SINCE DEC 1      0.81                      0.60   0.21      T
  SINCE JAN 1     25.12                     32.04  -6.92    39.85

SNOWFALL (IN)
  YESTERDAY        0.0           7.5  1987   0.2   -0.2      0.0
  MONTH TO DATE    0.0                       1.9   -1.9       T
  SINCE DEC 1      0.0                       1.9   -1.9       T
  SINCE JUL 1      1.8                       3.3   -1.5       T
  SNOW DEPTH       0

DEGREE DAYS
 HEATING
  YESTERDAY       10                        31    -21       35
  MONTH TO DATE  314                       412    -98      514
  SINCE DEC 1    314                       412    -98      514
  SINCE JUL 1   1194                      1288    -94     1399

 COOLING
  YESTERDAY        0                         0      0        0
  MONTH TO DATE    0                         0      0        0
  SINCE DEC 1      0                         0      0        0
  SINCE JAN 1   1849                      1686    163     1778
..................................................................


WIND (MPH)
  HIGHEST WIND SPEED    26   HIGHEST WIND DIRECTION    SE (150)
  HIGHEST GUST SPEED    33   HIGHEST GUST DIRECTION    SE (150)
  AVERAGE WIND SPEED    18.2


SKY COVER
  POSSIBLE SUNSHINE  MM
  AVERAGE SKY COVER 1.0


WEATHER CONDITIONS
 THE FOLLOWING WEATHER WAS RECORDED YESTERDAY.
  HEAVY RAIN
  LIGHT RAIN
  FOG


RELATIVE HUMIDITY (PERCENT)
 HIGHEST    93          1200 AM
 LOWEST     72           800 PM
 AVERAGE    83

..........................................................


THE WICHITA MID CONTINENT KS CLIMATE NORMALS FOR TODAY
                         NORMAL    RECORD    YEAR
 MAXIMUM TEMPERATURE (F)   43        66      2006
                                             1939
 MINIMUM TEMPERATURE (F)   24       -10      1989


SUNRISE AND SUNSET
DECEMBER 15 2014......SUNRISE   737 AM CST   SUNSET   512 PM CST
DECEMBER 16 2014......SUNRISE   738 AM CST   SUNSET   513 PM CST


-  INDICATES NEGATIVE NUMBERS.
R  INDICATES RECORD WAS SET OR TIED.
MM INDICATES DATA IS MISSING.
T  INDICATES TRACE AMOUNT.

$$

ES
