000
CDUS43 KICT 120630
CLIICT


CLIMATE REPORT
NATIONAL WEATHER SERVICE WICHITA KS
1230 AM CST THU JAN 12 2017


...................................

...THE WICHITA EISENHOWER NATIONAL CLIMATE SUMMARY FOR JANUARY 11 2017...

CLIMATE NORMAL PERIOD 1981 TO 2010
CLIMATE RECORD PERIOD 1888 TO 2017


WEATHER ITEM   OBSERVED TIME   RECORD YEAR NORMAL DEPARTURE LAST
                VALUE   (LST)  VALUE       VALUE  FROM      YEAR
                                                  NORMAL
..................................................................
TEMPERATURE (F)
 YESTERDAY
  MAXIMUM         66    250 PM  70    2007  42     24       50
  MINIMUM         23   1159 PM -14    1918  22      1       18
  AVERAGE         45                        32     13       34

PRECIPITATION (IN)
  YESTERDAY        0.00          0.44 1891   0.02  -0.02     0.00
  MONTH TO DATE    0.05                      0.26  -0.21     0.18
  SINCE DEC 1      0.71                      1.46  -0.75     2.40
  SINCE JAN 1      0.05                      0.26  -0.21     0.18

SNOWFALL (IN)
  YESTERDAY        0.0           2.6  1963   0.1   -0.1      0.0
  MONTH TO DATE    T                         1.2   -1.2      0.1
  SINCE DEC 1      2.0                       5.4   -3.4      0.5
  SINCE JUL 1      2.0                       6.8   -4.8      0.8
  SNOW DEPTH       0

DEGREE DAYS
 HEATING
  YESTERDAY       20                        33    -13       31
  MONTH TO DATE  362                       363     -1      365
  SINCE DEC 1   1349                      1330     19     1095
  SINCE JUL 1   1802                      2206   -404     1664

 COOLING
  YESTERDAY        0                         0      0        0
  MONTH TO DATE    0                         0      0        0
  SINCE DEC 1      0                         0      0        0
  SINCE JAN 1      0                         0      0        0
..................................................................


WIND (MPH)
  HIGHEST WIND SPEED    28   HIGHEST WIND DIRECTION     N (340)
  HIGHEST GUST SPEED    32   HIGHEST GUST DIRECTION     N (340)
  AVERAGE WIND SPEED    14.9


SKY COVER
  POSSIBLE SUNSHINE  MM
  AVERAGE SKY COVER 0.6


WEATHER CONDITIONS
 THE FOLLOWING WEATHER WAS RECORDED YESTERDAY.
  NO SIGNIFICANT WEATHER WAS OBSERVED.


RELATIVE HUMIDITY (PERCENT)
 HIGHEST    68          1100 PM
 LOWEST     27           100 PM
 AVERAGE    48

..........................................................


THE WICHITA EISENHOWER NATIONAL CLIMATE NORMALS FOR TODAY
                         NORMAL    RECORD    YEAR
 MAXIMUM TEMPERATURE (F)   42        70      2014
 MINIMUM TEMPERATURE (F)   22       -15      1912


SUNRISE AND SUNSET
JANUARY 12 2017.......SUNRISE   744 AM CST   SUNSET   532 PM CST
JANUARY 13 2017.......SUNRISE   744 AM CST   SUNSET   533 PM CST


-  INDICATES NEGATIVE NUMBERS.
R  INDICATES RECORD WAS SET OR TIED.
MM INDICATES DATA IS MISSING.
T  INDICATES TRACE AMOUNT.




$$
