000
CDUS43 KICT 220732
CLIICT

CLIMATE REPORT
NATIONAL WEATHER SERVICE WICHITA KS
131 AM CST WED FEB 22 2017

...................................

...THE WICHITA EISENHOWER NATIONAL CLIMATE SUMMARY FOR FEBRUARY 21 2017...

CLIMATE NORMAL PERIOD 1981 TO 2010
CLIMATE RECORD PERIOD 1888 TO 2017


WEATHER ITEM   OBSERVED TIME   RECORD YEAR NORMAL DEPARTURE LAST
                VALUE   (LST)  VALUE       VALUE  FROM      YEAR
                                                  NORMAL
..................................................................
TEMPERATURE (F)
 YESTERDAY
  MAXIMUM         71    413 PM  79    1935  50     21       62
  MINIMUM         39    656 AM  -3    1939  28     11       36
  AVERAGE         55                        39     16       49

PRECIPITATION (IN)
  YESTERDAY        0.00          0.98 1971   0.05  -0.05     0.00
  MONTH TO DATE    0.83                      0.85  -0.02     0.55
  SINCE DEC 1      4.28                      2.88   1.40     2.96
  SINCE JAN 1      3.62                      1.68   1.94     0.74

SNOWFALL (IN)
  YESTERDAY        0.0          11.6  1971   0.0    0.0      0.0
  MONTH TO DATE    0.0                       2.6   -2.6      0.0
  SINCE DEC 1      2.0                      10.4   -8.4      0.5
  SINCE JUL 1      2.0                      11.8   -9.8      0.8
  SNOW DEPTH       0

DEGREE DAYS
 HEATING
  YESTERDAY       10                        26    -16       16
  MONTH TO DATE  400                       606   -206      446
  SINCE DEC 1   2259                      2590   -331     2128
  SINCE JUL 1   2712                      3466   -754     2697

 COOLING
  YESTERDAY        0                         0      0        0
  MONTH TO DATE    0                         0      0        0
  SINCE DEC 1      0                         0      0        0
  SINCE JAN 1      0                         0      0        0
..................................................................


WIND (MPH)
  HIGHEST WIND SPEED    14   HIGHEST WIND DIRECTION    NW (330)
  HIGHEST GUST SPEED    28   HIGHEST GUST DIRECTION     N (20)
  AVERAGE WIND SPEED     6.8


SKY COVER
  POSSIBLE SUNSHINE  MM
  AVERAGE SKY COVER 0.1


WEATHER CONDITIONS
 THE FOLLOWING WEATHER WAS RECORDED YESTERDAY.
  NO SIGNIFICANT WEATHER WAS OBSERVED.


RELATIVE HUMIDITY (PERCENT)
 HIGHEST    92           500 AM
 LOWEST     22           400 PM
 AVERAGE    57

..........................................................


THE WICHITA EISENHOWER NATIONAL CLIMATE NORMALS FOR TODAY
                         NORMAL    RECORD    YEAR
 MAXIMUM TEMPERATURE (F)   50        87      1996
 MINIMUM TEMPERATURE (F)   28         6      1889


SUNRISE AND SUNSET
FEBRUARY 22 2017......SUNRISE   710 AM CST   SUNSET   617 PM CST
FEBRUARY 23 2017......SUNRISE   709 AM CST   SUNSET   618 PM CST


-  INDICATES NEGATIVE NUMBERS.
R  INDICATES RECORD WAS SET OR TIED.
MM INDICATES DATA IS MISSING.
T  INDICATES TRACE AMOUNT.

$$
