000
CDUS43 KICT 080742
CLIICT


CLIMATE REPORT
NATIONAL WEATHER SERVICE WICHITA KS
241 AM CDT TUE APR 8 2014


...................................

...THE WICHITA MID CONTINENT KS CLIMATE SUMMARY FOR APRIL 7 2014...

CLIMATE NORMAL PERIOD 1981 TO 2010
CLIMATE RECORD PERIOD 1888 TO 2014


WEATHER ITEM   OBSERVED TIME   RECORD YEAR NORMAL DEPARTURE LAST
                VALUE   (LST)  VALUE       VALUE  FROM      YEAR
                                                  NORMAL
..................................................................
TEMPERATURE (F)
 YESTERDAY
  MAXIMUM         63    309 PM  91    1890  65     -2       71
  MINIMUM         39    310 AM  21    2009  42     -3       49
  AVERAGE         51                        53     -2       60

PRECIPITATION (IN)
  YESTERDAY        T             1.15 1913   0.07  -0.07     0.04
  MONTH TO DATE    0.41                      0.53  -0.12     0.43
  SINCE MAR 1      0.90                      3.22  -2.32     2.54
  SINCE JAN 1      1.89                      5.23  -3.34     5.56

SNOWFALL (IN)
  YESTERDAY        0.0           5.3  1916   0.0    0.0      0.0
  MONTH TO DATE    0.0                       0.1   -0.1       T
  SINCE MAR 1      3.2                       2.4    0.8      5.3
  SINCE JUL 1     22.7                      14.8    7.9     29.8
  SNOW DEPTH       0

DEGREE DAYS
 HEATING
  YESTERDAY       14                        12      2        5
  MONTH TO DATE  103                        91     12      108
  SINCE MAR 1    780                       668    112      774
  SINCE JUL 1   4699                      4308    391     4045

 COOLING
  YESTERDAY        0                         0      0        0
  MONTH TO DATE    0                         0      0        0
  SINCE MAR 1      0                         2     -2        0
  SINCE JAN 1      0                         2     -2        0
..................................................................


WIND (MPH)
  HIGHEST WIND SPEED    35   HIGHEST WIND DIRECTION    NW (310)
  HIGHEST GUST SPEED    42   HIGHEST GUST DIRECTION    NW (310)
  AVERAGE WIND SPEED    12.7


SKY COVER
  POSSIBLE SUNSHINE  MM
  AVERAGE SKY COVER 0.7


WEATHER CONDITIONS
 THE FOLLOWING WEATHER WAS RECORDED YESTERDAY.
  FOG
  HAZE


RELATIVE HUMIDITY (PERCENT)
 HIGHEST    89           700 AM
 LOWEST     39           500 PM
 AVERAGE    64

..........................................................


THE WICHITA MID CONTINENT KS CLIMATE NORMALS FOR TODAY
                         NORMAL    RECORD    YEAR
 MAXIMUM TEMPERATURE (F)   65        89      1905
 MINIMUM TEMPERATURE (F)   42        22      2007


SUNRISE AND SUNSET
APRIL  8 2014.........SUNRISE   705 AM CDT   SUNSET   759 PM CDT
APRIL  9 2014.........SUNRISE   703 AM CDT   SUNSET   800 PM CDT


-  INDICATES NEGATIVE NUMBERS.
R  INDICATES RECORD WAS SET OR TIED.
MM INDICATES DATA IS MISSING.
T  INDICATES TRACE AMOUNT.




$$
