000
CDUS43 KICT 200632
CLIICT

CLIMATE REPORT
NATIONAL WEATHER SERVICE WICHITA KS
130 AM CDT WED APR 20 2016


...................................

...THE WICHITA EISENHOWER NATIONAL CLIMATE SUMMARY FOR APRIL 19 2016...

CLIMATE NORMAL PERIOD 1981 TO 2010
CLIMATE RECORD PERIOD 1888 TO 2016


WEATHER ITEM   OBSERVED TIME   RECORD YEAR NORMAL DEPARTURE LAST
                VALUE   (LST)  VALUE       VALUE  FROM      YEAR
                                                  NORMAL
..................................................................
TEMPERATURE (F)
 YESTERDAY
  MAXIMUM         70    237 PM  91    1987  69      1       67
  MINIMUM         44    631 AM  31    2013  46     -2       43
  AVERAGE         57                        57      0       55

PRECIPITATION (IN)
  YESTERDAY        1.14          1.82 2003   0.09   1.05     0.01
  MONTH TO DATE    2.71                      1.48   1.23     2.60
  SINCE MAR 1      4.24                      4.17   0.07     2.88
  SINCE JAN 1      4.98                      6.18  -1.20     4.65

SNOWFALL (IN)
  YESTERDAY       MM             T    1955   0.0   MM       MM
  MONTH TO DATE    0.0                       0.2   -0.2      0.0
  SINCE MAR 1      3.5                       2.5    1.0      1.1
  SINCE JUL 1      4.3                      14.9  -10.6     18.0
  SNOW DEPTH       0

DEGREE DAYS
 HEATING
  YESTERDAY        8                         9     -1       10
  MONTH TO DATE  124                       215    -91       98
  SINCE MAR 1    513                       792   -279      572
  SINCE JUL 1   3363                      4432  -1069     4137

 COOLING
  YESTERDAY        0                         1     -1        0
  MONTH TO DATE   12                        12      0       25
  SINCE MAR 1     19                        14      5       25
  SINCE JAN 1     19                        14      5       25
..................................................................


WIND (MPH)
  HIGHEST WIND SPEED    21   HIGHEST WIND DIRECTION    NW (320)
  HIGHEST GUST SPEED    25   HIGHEST GUST DIRECTION    NW (310)
  AVERAGE WIND SPEED     8.1


SKY COVER
  POSSIBLE SUNSHINE  MM
  AVERAGE SKY COVER 0.7


WEATHER CONDITIONS
 THE FOLLOWING WEATHER WAS RECORDED YESTERDAY.
  THUNDERSTORM
  HEAVY RAIN
  RAIN
  LIGHT RAIN
  FOG


RELATIVE HUMIDITY (PERCENT)
 HIGHEST    93           300 AM
 LOWEST     53           200 PM
 AVERAGE    73

..........................................................


THE WICHITA EISENHOWER NATIONAL CLIMATE NORMALS FOR TODAY
                         NORMAL    RECORD    YEAR
 MAXIMUM TEMPERATURE (F)   69        93      1961
 MINIMUM TEMPERATURE (F)   46        31      1978
                                             1966
                                             1918


SUNRISE AND SUNSET
APRIL 20 2016.........SUNRISE   647 AM CDT   SUNSET   810 PM CDT
APRIL 21 2016.........SUNRISE   646 AM CDT   SUNSET   811 PM CDT


-  INDICATES NEGATIVE NUMBERS.
R  INDICATES RECORD WAS SET OR TIED.
MM INDICATES DATA IS MISSING.
T  INDICATES TRACE AMOUNT.




$$
