000
CDUS43 KICT 172211
CLIICT

CLIMATE REPORT
NATIONAL WEATHER SERVICE WICHITA KS
510 PM CDT FRI OCT 17 2014

...................................

...THE WICHITA MID CONTINENT CLIMATE SUMMARY FOR OCTOBER 17 2014...
VALID TODAY AS OF 0500 PM LOCAL TIME.

CLIMATE NORMAL PERIOD 1981 TO 2010
CLIMATE RECORD PERIOD 1888 TO 2014


WEATHER ITEM   OBSERVED TIME   RECORD YEAR NORMAL DEPARTURE LAST
                VALUE   (LST)  VALUE       VALUE  FROM      YEAR
                                                  NORMAL
..................................................................
TEMPERATURE (F)
 TODAY
  MAXIMUM         72    256 PM  90    1991  69      3       69
  MINIMUM         49    641 AM  29    1976  47      2       36
  AVERAGE         61                        58      3       53

PRECIPITATION (IN)
  TODAY            0.00          1.43 1934   0.09  -0.09     0.00
  MONTH TO DATE    1.38                      1.65  -0.27     0.73
  SINCE SEP 1      1.85                      4.79  -2.94     2.76
  SINCE JAN 1     23.83                     28.88  -5.05    36.93

SNOWFALL (IN)
  TODAY            0.0           0.0  2007   0.0    0.0      0.0
  MONTH TO DATE    0.0                       0.0    0.0      0.0
  SINCE SEP 1      0.0                       0.0    0.0      0.0
  SINCE JUL 1      0.0                       0.0    0.0      0.0
  SNOW DEPTH       0

DEGREE DAYS
 HEATING
  TODAY            4                         8     -4       12
  MONTH TO DATE   76                       100    -24       77
  SINCE SEP 1     96                       142    -46       81
  SINCE JUL 1     97                       143    -46       82

 COOLING
  TODAY            0                         1     -1        0
  MONTH TO DATE   44                        30     14       51
  SINCE SEP 1    319                       252     67      365
  SINCE JAN 1   1815                      1679    136     1778
..................................................................


WIND (MPH)
  HIGHEST WIND SPEED    17   HIGHEST WIND DIRECTION     N (350)
  HIGHEST GUST SPEED    22   HIGHEST GUST DIRECTION     N (360)
  AVERAGE WIND SPEED    10.1


SKY COVER
  POSSIBLE SUNSHINE  MM
  AVERAGE SKY COVER 0.3


WEATHER CONDITIONS
 THE FOLLOWING WEATHER WAS RECORDED TODAY.
  NO SIGNIFICANT WEATHER WAS OBSERVED.


RELATIVE HUMIDITY (PERCENT)
 HIGHEST    80           400 AM
 LOWEST     35           400 PM
 AVERAGE    58

..........................................................


THE WICHITA MID CONTINENT CLIMATE NORMALS FOR TOMORROW
                         NORMAL    RECORD    YEAR
 MAXIMUM TEMPERATURE (F)   69        89      2005
 MINIMUM TEMPERATURE (F)   46        30      2013


SUNRISE AND SUNSET
OCTOBER 17 2014.......SUNRISE   740 AM CDT   SUNSET   650 PM CDT
OCTOBER 18 2014.......SUNRISE   741 AM CDT   SUNSET   648 PM CDT


-  INDICATES NEGATIVE NUMBERS.
R  INDICATES RECORD WAS SET OR TIED.
MM INDICATES DATA IS MISSING.
T  INDICATES TRACE AMOUNT.

$$

ES
