000
CDUS43 KICT 240628
CLIICT

CLIMATE REPORT
NATIONAL WEATHER SERVICE WICHITA KS
125 AM CDT SUN MAY 24 2015

...................................

...THE WICHITA EISENHOWER NATIONAL CLIMATE SUMMARY FOR MAY 23 2015...

CLIMATE NORMAL PERIOD 1981 TO 2010
CLIMATE RECORD PERIOD 1888 TO 2015


WEATHER ITEM   OBSERVED TIME   RECORD YEAR NORMAL DEPARTURE LAST
                VALUE   (LST)  VALUE       VALUE  FROM      YEAR
                                                  NORMAL
..................................................................
TEMPERATURE (F)
 YESTERDAY
  MAXIMUM         62    936 PM 100    1996  79    -17       77
  MINIMUM         55    252 AM  40    1917  58     -3       66
                                      1893
  AVERAGE         59                        68     -9       72

PRECIPITATION (IN)
  YESTERDAY        1.98R         1.88 1954   0.15   1.83     0.90
  MONTH TO DATE   10.45                      3.28   7.17     3.19
  SINCE MAR 1     13.35                      8.56   4.79     4.21
  SINCE JAN 1     15.12                     10.57   4.55     5.20

SNOWFALL (IN)
  YESTERDAY        0.0           0.0  2007   0.0    0.0      0.0
                                      2001
  MONTH TO DATE    0.0                       0.0    0.0      0.0
  SINCE MAR 1      1.1                       2.5   -1.4      3.5
  SINCE JUL 1     18.0                      14.9    3.1     23.0
  SNOW DEPTH       0

DEGREE DAYS
 HEATING
  YESTERDAY        6                         2      4        0
  MONTH TO DATE   73                        72      1       73
  SINCE MAR 1    710                       940   -230     1020
  SINCE JUL 1   4275                      4580   -305     4939

 COOLING
  YESTERDAY        0                         5     -5        7
  MONTH TO DATE   55                        65    -10      159
  SINCE MAR 1     83                        91     -8      192
  SINCE JAN 1     83                        91     -8      192
..................................................................


WIND (MPH)
  HIGHEST WIND SPEED    26   HIGHEST WIND DIRECTION     E (90)
  HIGHEST GUST SPEED    34   HIGHEST GUST DIRECTION     E (90)
  AVERAGE WIND SPEED    11.2


SKY COVER
  POSSIBLE SUNSHINE  MM
  AVERAGE SKY COVER 1.0


WEATHER CONDITIONS
 THE FOLLOWING WEATHER WAS RECORDED YESTERDAY.
  THUNDERSTORM
  HEAVY RAIN
  RAIN
  LIGHT RAIN
  FOG


RELATIVE HUMIDITY (PERCENT)
 HIGHEST   100           400 AM
 LOWEST     93          1200 AM
 AVERAGE    97

..........................................................


THE WICHITA EISENHOWER NATIONAL CLIMATE NORMALS FOR TODAY
                         NORMAL    RECORD    YEAR
 MAXIMUM TEMPERATURE (F)   79        97      1967
 MINIMUM TEMPERATURE (F)   58        41      1924


SUNRISE AND SUNSET
MAY 24 2015...........SUNRISE   614 AM CDT   SUNSET   840 PM CDT
MAY 25 2015...........SUNRISE   613 AM CDT   SUNSET   840 PM CDT


-  INDICATES NEGATIVE NUMBERS.
R  INDICATES RECORD WAS SET OR TIED.
MM INDICATES DATA IS MISSING.
T  INDICATES TRACE AMOUNT.

$$
