000
CDUS43 KICT 170620
CLIICT


CLIMATE REPORT
NATIONAL WEATHER SERVICE WICHITA KS
118 AM CDT WED MAY 17 2017


...................................

...THE WICHITA EISENHOWER NATIONAL CLIMATE SUMMARY FOR MAY 16 2017...

CLIMATE NORMAL PERIOD 1981 TO 2010
CLIMATE RECORD PERIOD 1888 TO 2017


WEATHER ITEM   OBSERVED TIME   RECORD YEAR NORMAL DEPARTURE LAST
                VALUE   (LST)  VALUE       VALUE  FROM      YEAR
                                                  NORMAL
..................................................................
TEMPERATURE (F)
 YESTERDAY
  MAXIMUM         83    104 PM  91    2001  77      6       61
                                      1996
                                      1931
  MINIMUM         66    618 AM  36    1890  55     11       52
  AVERAGE         75                        66      9       57

PRECIPITATION (IN)
  YESTERDAY        0.01          3.59 2015   0.14  -0.13     1.34
  MONTH TO DATE    3.32                      2.20   1.12     1.80
  SINCE MAR 1     14.10                      7.48   6.62     9.56
  SINCE JAN 1     17.72                      9.49   8.23    10.30

SNOWFALL (IN)
  YESTERDAY        0.0           0.0  2007   0.0    0.0      0.0
                                      2001
  MONTH TO DATE    0.0                       0.0    0.0      0.0
  SINCE MAR 1      T                         2.5   -2.5      3.5
  SINCE JUL 1      2.0                      14.9  -12.9      4.3
  SNOW DEPTH       0

DEGREE DAYS
 HEATING
  YESTERDAY        0                         2     -2        8
  MONTH TO DATE   45                        58    -13       63
  SINCE MAR 1    710                       926   -216      626
  SINCE JUL 1   3554                      4566  -1012     3476

 COOLING
  YESTERDAY       10                         3      7        0
  MONTH TO DATE   49                        36     13       19
  SINCE MAR 1     94                        62     32       56
  SINCE JAN 1     94                        62     32       56
..................................................................


WIND (MPH)
  HIGHEST WIND SPEED    35   HIGHEST WIND DIRECTION     S (170)
  HIGHEST GUST SPEED    44   HIGHEST GUST DIRECTION     S (170)
  AVERAGE WIND SPEED    21.6


SKY COVER
  POSSIBLE SUNSHINE  MM
  AVERAGE SKY COVER 0.7


WEATHER CONDITIONS
 THE FOLLOWING WEATHER WAS RECORDED YESTERDAY.
  THUNDERSTORM
  LIGHT RAIN


RELATIVE HUMIDITY (PERCENT)
 HIGHEST    81           400 AM
 LOWEST     62          1200 PM
 AVERAGE    72

..........................................................


THE WICHITA EISENHOWER NATIONAL CLIMATE NORMALS FOR TODAY
                         NORMAL    RECORD    YEAR
 MAXIMUM TEMPERATURE (F)   77        93      1996
 MINIMUM TEMPERATURE (F)   56        37      1973
                                             1945


SUNRISE AND SUNSET
MAY 17 2017...........SUNRISE   618 AM CDT   SUNSET   834 PM CDT
MAY 18 2017...........SUNRISE   618 AM CDT   SUNSET   835 PM CDT


-  INDICATES NEGATIVE NUMBERS.
R  INDICATES RECORD WAS SET OR TIED.
MM INDICATES DATA IS MISSING.
T  INDICATES TRACE AMOUNT.




$$
