000
CDUS43 KICT 180637
CLIICT

CLIMATE REPORT
NATIONAL WEATHER SERVICE WICHITA KS
134 AM CDT WED MAY 18 2016

...................................

...THE WICHITA EISENHOWER NATIONAL CLIMATE SUMMARY FOR MAY 17 2016...

CLIMATE NORMAL PERIOD 1981 TO 2010
CLIMATE RECORD PERIOD 1888 TO 2016


WEATHER ITEM   OBSERVED TIME   RECORD YEAR NORMAL DEPARTURE LAST
                VALUE   (LST)  VALUE       VALUE  FROM      YEAR
                                                  NORMAL
..................................................................
TEMPERATURE (F)
 YESTERDAY
  MAXIMUM         62    543 PM  93    1996  77    -15       80
  MINIMUM         51   1159 PM  37    1973  56     -5       57
                                      1945
  AVERAGE         57                        66     -9       69

PRECIPITATION (IN)
  YESTERDAY        0.01          2.47 1940   0.15  -0.14     0.00
  MONTH TO DATE    1.81                      2.35  -0.54     7.46
  SINCE MAR 1      9.57                      7.63   1.94    10.36
  SINCE JAN 1     10.31                      9.64   0.67    12.13

SNOWFALL (IN)
  YESTERDAY        0.0           0.0  2002   0.0    0.0      0.0
                                      2001
  MONTH TO DATE    0.0                       0.0    0.0      0.0
  SINCE MAR 1      3.5                       2.5    1.0      1.1
  SINCE JUL 1      4.3                      14.9  -10.6     18.0
  SNOW DEPTH       0

DEGREE DAYS
 HEATING
  YESTERDAY        8                         2      6        0
  MONTH TO DATE   71                        60     11       30
  SINCE MAR 1    634                       928   -294      667
  SINCE JUL 1   3484                      4568  -1084     4232

 COOLING
  YESTERDAY        0                         4     -4        4
  MONTH TO DATE   19                        40    -21       55
  SINCE MAR 1     56                        66    -10       83
  SINCE JAN 1     56                        66    -10       83
..................................................................


WIND (MPH)
  HIGHEST WIND SPEED    28   HIGHEST WIND DIRECTION     E (70)
  HIGHEST GUST SPEED    34   HIGHEST GUST DIRECTION     E (80)
  AVERAGE WIND SPEED     9.4


SKY COVER
  POSSIBLE SUNSHINE  MM
  AVERAGE SKY COVER 0.7


WEATHER CONDITIONS
 THE FOLLOWING WEATHER WAS RECORDED YESTERDAY.
  LIGHT RAIN
  FOG


RELATIVE HUMIDITY (PERCENT)
 HIGHEST    93           100 AM
 LOWEST     60           500 PM
 AVERAGE    77

..........................................................


THE WICHITA EISENHOWER NATIONAL CLIMATE NORMALS FOR TODAY
                         NORMAL    RECORD    YEAR
 MAXIMUM TEMPERATURE (F)   77        99      1956
 MINIMUM TEMPERATURE (F)   56        38      1976


SUNRISE AND SUNSET
MAY 18 2016...........SUNRISE   617 AM CDT   SUNSET   835 PM CDT
MAY 19 2016...........SUNRISE   617 AM CDT   SUNSET   836 PM CDT


-  INDICATES NEGATIVE NUMBERS.
R  INDICATES RECORD WAS SET OR TIED.
MM INDICATES DATA IS MISSING.
T  INDICATES TRACE AMOUNT.

$$
