000
CDUS43 KICT 172209
CLIICT


CLIMATE REPORT
NATIONAL WEATHER SERVICE WICHITA KS
509 PM CDT THU JUL 17 2014


...................................

...THE WICHITA MID CONTINENT CLIMATE SUMMARY FOR JULY 17 2014...
VALID TODAY AS OF 0500 PM LOCAL TIME.

CLIMATE NORMAL PERIOD 1981 TO 2010
CLIMATE RECORD PERIOD 1888 TO 2014


WEATHER ITEM   OBSERVED TIME   RECORD YEAR NORMAL DEPARTURE LAST
                VALUE   (LST)  VALUE       VALUE  FROM      YEAR
                                                  NORMAL
..................................................................
TEMPERATURE (F)
 TODAY
  MAXIMUM         67   1114 AM 110    1980  93    -26       91
                                      1936
  MINIMUM         62   1238 AM  57    1900  70     -8       70
  AVERAGE         65                        81    -16       81

PRECIPITATION (IN)
  TODAY            0.04          3.17 1959   0.10  -0.06     0.06
  MONTH TO DATE    2.73                      2.00   0.73     1.37
  SINCE JUN 1     13.19                      7.20   5.99     3.20
  SINCE JAN 1     19.26                     19.06   0.20    17.22

SNOWFALL (IN)
  TODAY            0.0           0.0  2007   0.0    0.0      0.0
  MONTH TO DATE    0.0                       0.0    0.0      0.0
  SINCE JUN 1      0.0                       0.0    0.0      0.0
  SINCE JUL 1      0.0                       0.0    0.0      0.0
  SNOW DEPTH       0

DEGREE DAYS
 HEATING
  TODAY            0                         0      0        0
  MONTH TO DATE    1                         0      1        0
  SINCE JUN 1      1                         6     -5        3
  SINCE JUL 1      1                         0      1        0

 COOLING
  TODAY            0                        16    -16       16
  MONTH TO DATE  187                       267    -80      274
  SINCE JUN 1    529                       596    -67      676
  SINCE JAN 1    796                       732     64      814
..................................................................


WIND (MPH)
  HIGHEST WIND SPEED    10   HIGHEST WIND DIRECTION     E (90)
  HIGHEST GUST SPEED    15   HIGHEST GUST DIRECTION    SW (210)
  AVERAGE WIND SPEED     3.8


SKY COVER
  POSSIBLE SUNSHINE  MM
  AVERAGE SKY COVER 1.0


WEATHER CONDITIONS
 THE FOLLOWING WEATHER WAS RECORDED TODAY.
  LIGHT RAIN
  FOG


RELATIVE HUMIDITY (PERCENT)
 HIGHEST    90           100 AM
 LOWEST     78          1100 AM
 AVERAGE    84

..........................................................


THE WICHITA MID CONTINENT CLIMATE NORMALS FOR TOMORROW
                         NORMAL    RECORD    YEAR
 MAXIMUM TEMPERATURE (F)   93       112      1936
 MINIMUM TEMPERATURE (F)   70        59      1911


SUNRISE AND SUNSET
JULY 17 2014..........SUNRISE   622 AM CDT   SUNSET   850 PM CDT
JULY 18 2014..........SUNRISE   622 AM CDT   SUNSET   849 PM CDT


-  INDICATES NEGATIVE NUMBERS.
R  INDICATES RECORD WAS SET OR TIED.
MM INDICATES DATA IS MISSING.
T  INDICATES TRACE AMOUNT.




$$
