000
CDUS43 KICT 090629
CLIICT


CLIMATE REPORT
NATIONAL WEATHER SERVICE WICHITA KS
128 AM CDT MON OCT 9 2017


...................................

...THE WICHITA EISENHOWER NATIONAL CLIMATE SUMMARY FOR OCTOBER 8 2017...

CLIMATE NORMAL PERIOD 1981 TO 2010
CLIMATE RECORD PERIOD 1888 TO 2017


WEATHER ITEM   OBSERVED TIME   RECORD YEAR NORMAL DEPARTURE LAST
                VALUE   (LST)  VALUE       VALUE  FROM      YEAR
                                                  NORMAL
..................................................................
TEMPERATURE (F)
 YESTERDAY
  MAXIMUM         80    312 PM  95    1979  73      7       71
  MINIMUM         50    654 AM  26    2000  50      0       40
  AVERAGE         65                        61      4       56

PRECIPITATION (IN)
  YESTERDAY        0.00          2.78 2003   0.10  -0.10     0.00
  MONTH TO DATE    2.85                      0.83   2.02     0.63
  SINCE SEP 1      5.19                      3.97   1.22    11.93
  SINCE JAN 1     32.54                     28.06   4.48    48.27

SNOWFALL (IN)
  YESTERDAY        0.0           0.0  2007   0.0    0.0      0.0
  MONTH TO DATE    0.0                       0.0    0.0      0.0
  SINCE SEP 1      0.0                       0.0    0.0      0.0
  SINCE JUL 1      0.0                       0.0    0.0      0.0
  SNOW DEPTH       0

DEGREE DAYS
 HEATING
  YESTERDAY        0                         6     -6        9
  MONTH TO DATE    0                        38    -38       20
  SINCE SEP 1      6                        80    -74       34
  SINCE JUL 1      6                        81    -75       34

 COOLING
  YESTERDAY        0                         2     -2        0
  MONTH TO DATE   48                        19     29       22
  SINCE SEP 1    324                       241     83      302
  SINCE JAN 1   1763                      1668     95     1974
..................................................................


WIND (MPH)
  HIGHEST WIND SPEED    23   HIGHEST WIND DIRECTION     S (170)
  HIGHEST GUST SPEED    29   HIGHEST GUST DIRECTION    SE (150)
  AVERAGE WIND SPEED    11.8


SKY COVER
  POSSIBLE SUNSHINE  MM
  AVERAGE SKY COVER 0.0


WEATHER CONDITIONS
 THE FOLLOWING WEATHER WAS RECORDED YESTERDAY.
  NO SIGNIFICANT WEATHER WAS OBSERVED.


RELATIVE HUMIDITY (PERCENT)
 HIGHEST    93           700 AM
 LOWEST     33           300 PM
 AVERAGE    63

..........................................................


THE WICHITA EISENHOWER NATIONAL CLIMATE NORMALS FOR TODAY
                         NORMAL    RECORD    YEAR
 MAXIMUM TEMPERATURE (F)   72        92      1963
                                             1921
 MINIMUM TEMPERATURE (F)   49        26      2000


SUNRISE AND SUNSET
OCTOBER  9 2017.......SUNRISE   733 AM CDT   SUNSET   700 PM CDT
OCTOBER 10 2017.......SUNRISE   734 AM CDT   SUNSET   659 PM CDT


-  INDICATES NEGATIVE NUMBERS.
R  INDICATES RECORD WAS SET OR TIED.
MM INDICATES DATA IS MISSING.
T  INDICATES TRACE AMOUNT.




$$
