000
CDUS43 KICT 120657
CLIICT


CLIMATE REPORT
NATIONAL WEATHER SERVICE WICHITA KS
157 AM CDT SUN MAR 12 2017


...................................

...THE WICHITA EISENHOWER NATIONAL CLIMATE SUMMARY FOR MARCH 11 2017...

CLIMATE NORMAL PERIOD 1981 TO 2010
CLIMATE RECORD PERIOD 1888 TO 2017


WEATHER ITEM   OBSERVED TIME   RECORD YEAR NORMAL DEPARTURE LAST
                VALUE   (LST)  VALUE       VALUE  FROM      YEAR
                                                  NORMAL
..................................................................
TEMPERATURE (F)
 YESTERDAY
  MAXIMUM         43   1259 PM  89    1989  56    -13       73
  MINIMUM         32   1142 PM  -3    1948  34     -2       39
  AVERAGE         38                        45     -7       56

PRECIPITATION (IN)
  YESTERDAY        0.00          2.05 1899   0.08  -0.08      T
  MONTH TO DATE    0.00                      0.82  -0.82     0.05
  SINCE MAR 1      0.00                      0.82  -0.82     0.05
  SINCE JAN 1      3.62                      2.83   0.79     0.79

SNOWFALL (IN)
  YESTERDAY        0.0           6.0  1899   0.1   -0.1      0.0
  MONTH TO DATE    0.0                       0.9   -0.9      0.0
  SINCE MAR 1      0.0                       0.9   -0.9      0.0
  SINCE JUL 1      2.0                      13.3  -11.3      0.8
  SNOW DEPTH       0

DEGREE DAYS
 HEATING
  YESTERDAY       27                        20      7        9
  MONTH TO DATE  168                       238    -70      121
  SINCE MAR 1    168                       238    -70      121
  SINCE JUL 1   3012                      3878   -866     2971

 COOLING
  YESTERDAY        0                         0      0        0
  MONTH TO DATE    0                         0      0        3
  SINCE MAR 1      0                         0      0        3
  SINCE JAN 1      0                         0      0        3
..................................................................


WIND (MPH)
  HIGHEST WIND SPEED    26   HIGHEST WIND DIRECTION     E (70)
  HIGHEST GUST SPEED    MM   HIGHEST GUST DIRECTION    MM
  AVERAGE WIND SPEED    13.8


SKY COVER
  POSSIBLE SUNSHINE  MM
  AVERAGE SKY COVER 0.9


WEATHER CONDITIONS
 THE FOLLOWING WEATHER WAS RECORDED YESTERDAY.
  NO SIGNIFICANT WEATHER WAS OBSERVED.


RELATIVE HUMIDITY (PERCENT)
 HIGHEST    82           800 PM
 LOWEST     44           400 AM
 AVERAGE    63

..........................................................


THE WICHITA EISENHOWER NATIONAL CLIMATE NORMALS FOR TODAY
                         NORMAL    RECORD    YEAR
 MAXIMUM TEMPERATURE (F)   57        85      1916
                                             1900
 MINIMUM TEMPERATURE (F)   34         6      1948


SUNRISE AND SUNSET
MARCH 12 2017.........SUNRISE   745 AM CDT   SUNSET   734 PM CDT
MARCH 13 2017.........SUNRISE   743 AM CDT   SUNSET   735 PM CDT


-  INDICATES NEGATIVE NUMBERS.
R  INDICATES RECORD WAS SET OR TIED.
MM INDICATES DATA IS MISSING.
T  INDICATES TRACE AMOUNT.




$$
