000
CDUS43 KICT 190642
CLIICT


CLIMATE REPORT
NATIONAL WEATHER SERVICE WICHITA KS
142 AM CDT WED APR 19 2017


...................................

...THE WICHITA EISENHOWER NATIONAL CLIMATE SUMMARY FOR APRIL 18 2017...

CLIMATE NORMAL PERIOD 1981 TO 2010
CLIMATE RECORD PERIOD 1888 TO 2017


WEATHER ITEM   OBSERVED TIME   RECORD YEAR NORMAL DEPARTURE LAST
                VALUE   (LST)  VALUE       VALUE  FROM      YEAR
                                                  NORMAL
..................................................................
TEMPERATURE (F)
 YESTERDAY
  MAXIMUM         79    440 PM  91    1987  69     10       62
  MINIMUM         56    635 AM  28    1953  45     11       50
  AVERAGE         68                        57     11       56

PRECIPITATION (IN)
  YESTERDAY        0.00          1.96 1970   0.08  -0.08     0.31
  MONTH TO DATE    3.80                      1.39   2.41     1.57
  SINCE MAR 1      7.30                      4.08   3.22     3.10
  SINCE JAN 1     10.92                      6.09   4.83     3.84

SNOWFALL (IN)
  YESTERDAY        0.0           T    2013   0.0    0.0      0.0
  MONTH TO DATE    0.0                       0.2   -0.2      0.0
  SINCE MAR 1      T                         2.5   -2.5      3.5
  SINCE JUL 1      2.0                      14.9  -12.9      4.3
  SNOW DEPTH       0

DEGREE DAYS
 HEATING
  YESTERDAY        0                         9     -9        9
  MONTH TO DATE  116                       206    -90      116
  SINCE MAR 1    545                       783   -238      505
  SINCE JUL 1   3389                      4423  -1034     3355

 COOLING
  YESTERDAY        3                         1      2        0
  MONTH TO DATE   20                        11      9       12
  SINCE MAR 1     38                        13     25       19
  SINCE JAN 1     38                        13     25       19
..................................................................


WIND (MPH)
  HIGHEST WIND SPEED    25   HIGHEST WIND DIRECTION     S (180)
  HIGHEST GUST SPEED    30   HIGHEST GUST DIRECTION     S (180)
  AVERAGE WIND SPEED    13.7


SKY COVER
  POSSIBLE SUNSHINE  MM
  AVERAGE SKY COVER 0.5


WEATHER CONDITIONS
 THE FOLLOWING WEATHER WAS RECORDED YESTERDAY.
  FOG


RELATIVE HUMIDITY (PERCENT)
 HIGHEST   100           300 AM
 LOWEST     54           300 PM
 AVERAGE    77

..........................................................


THE WICHITA EISENHOWER NATIONAL CLIMATE NORMALS FOR TODAY
                         NORMAL    RECORD    YEAR
 MAXIMUM TEMPERATURE (F)   69        91      1987
 MINIMUM TEMPERATURE (F)   46        31      2013


SUNRISE AND SUNSET
APRIL 19 2017.........SUNRISE   649 AM CDT   SUNSET   809 PM CDT
APRIL 20 2017.........SUNRISE   647 AM CDT   SUNSET   810 PM CDT


-  INDICATES NEGATIVE NUMBERS.
R  INDICATES RECORD WAS SET OR TIED.
MM INDICATES DATA IS MISSING.
T  INDICATES TRACE AMOUNT.




$$
