000
CDUS43 KICT 240635
CLIICT


CLIMATE REPORT
NATIONAL WEATHER SERVICE WICHITA KS
1235 AM CST THU NOV 24 2016


...................................

...THE WICHITA EISENHOWER NATIONAL CLIMATE SUMMARY FOR NOVEMBER 23 2016...

CLIMATE NORMAL PERIOD 1981 TO 2010
CLIMATE RECORD PERIOD 1888 TO 2016


WEATHER ITEM   OBSERVED TIME   RECORD YEAR NORMAL DEPARTURE LAST
                VALUE   (LST)  VALUE       VALUE  FROM      YEAR
                                                  NORMAL
..................................................................
TEMPERATURE (F)
 YESTERDAY
  MAXIMUM         54    346 PM  72    2005  52      2       64
                                      1966
                                      1904
  MINIMUM         35   1159 PM   9    1898  31      4       27
  AVERAGE         45                        42      3       46

PRECIPITATION (IN)
  YESTERDAY        0.00          0.81 1931   0.04  -0.04     0.00
  MONTH TO DATE    0.19                      1.14  -0.95     0.92
  SINCE SEP 1     13.53                      7.06   6.47     4.13
  SINCE JAN 1     49.87                     31.15  18.72    36.55

SNOWFALL (IN)
  YESTERDAY        0.0           3.9  1983   0.1   -0.1      0.0
  MONTH TO DATE    0.0                       0.7   -0.7       T
  SINCE SEP 1      0.0                       0.8   -0.8       T
  SINCE JUL 1      0.0                       0.8   -0.8       T
  SNOW DEPTH       0

DEGREE DAYS
 HEATING
  YESTERDAY       20                        23     -3       19
  MONTH TO DATE  232                       411   -179      281
  SINCE SEP 1    322                       696   -374      406
  SINCE JUL 1    322                       697   -375      406

 COOLING
  YESTERDAY        0                         0      0        0
  MONTH TO DATE   11                         0     11        2
  SINCE SEP 1    382                       257    125      416
  SINCE JAN 1   2054                      1684    370     1907
..................................................................


WIND (MPH)
  HIGHEST WIND SPEED    26   HIGHEST WIND DIRECTION    NW (330)
  HIGHEST GUST SPEED    34   HIGHEST GUST DIRECTION     N (350)
  AVERAGE WIND SPEED    13.4


SKY COVER
  POSSIBLE SUNSHINE  MM
  AVERAGE SKY COVER 0.6


WEATHER CONDITIONS
 THE FOLLOWING WEATHER WAS RECORDED YESTERDAY.
  NO SIGNIFICANT WEATHER WAS OBSERVED.


RELATIVE HUMIDITY (PERCENT)
 HIGHEST    92          1100 PM
 LOWEST     54           200 PM
 AVERAGE    73

..........................................................


THE WICHITA EISENHOWER NATIONAL CLIMATE NORMALS FOR TODAY
                         NORMAL    RECORD    YEAR
 MAXIMUM TEMPERATURE (F)   52        70      1915
 MINIMUM TEMPERATURE (F)   31        11      1970
                                             1950
                                             1938


SUNRISE AND SUNSET
NOVEMBER 24 2016......SUNRISE   720 AM CST   SUNSET   513 PM CST
NOVEMBER 25 2016......SUNRISE   721 AM CST   SUNSET   513 PM CST


-  INDICATES NEGATIVE NUMBERS.
R  INDICATES RECORD WAS SET OR TIED.
MM INDICATES DATA IS MISSING.
T  INDICATES TRACE AMOUNT.

$$

ES
