000
CDUS43 KICT 030646
CLIICT


CLIMATE REPORT
NATIONAL WEATHER SERVICE WICHITA KS
1246 AM CST WED FEB 3 2016


...................................

...THE WICHITA EISENHOWER NATIONAL CLIMATE SUMMARY FOR FEBRUARY 2 2016...

CLIMATE NORMAL PERIOD 1981 TO 2010
CLIMATE RECORD PERIOD 1888 TO 2016


WEATHER ITEM   OBSERVED TIME   RECORD YEAR NORMAL DEPARTURE LAST
                VALUE   (LST)  VALUE       VALUE  FROM      YEAR
                                                  NORMAL
..................................................................
TEMPERATURE (F)
 YESTERDAY
  MAXIMUM         44    214 PM  73    1924  45     -1       32
  MINIMUM         33   1159 PM -12    1902  23     10        7
  AVERAGE         39                        34      5       20

PRECIPITATION (IN)
  YESTERDAY        0.34          1.28 1919   0.04   0.30      T
  MONTH TO DATE    0.55                      0.07   0.48     0.02
  SINCE DEC 1      2.96                      2.10   0.86     2.42
  SINCE JAN 1      0.74                      0.90  -0.16     1.13

SNOWFALL (IN)
  YESTERDAY        0.0           5.2  1913   0.2   -0.2       T
  MONTH TO DATE    0.0                       0.3   -0.3       T
  SINCE DEC 1      0.5                       8.1   -7.6      8.2
  SINCE JUL 1      0.8                       9.5   -8.7     10.0
  SNOW DEPTH       0

DEGREE DAYS
 HEATING
  YESTERDAY       26                        31     -5       45
  MONTH TO DATE   46                        62    -16       83
  SINCE DEC 1   1728                      2046   -318     1857
  SINCE JUL 1   2297                      2922   -625     2737

 COOLING
  YESTERDAY        0                         0      0        0
  MONTH TO DATE    0                         0      0        0
  SINCE DEC 1      0                         0      0        0
  SINCE JAN 1      0                         0      0        0
..................................................................


WIND (MPH)
  HIGHEST WIND SPEED    33   HIGHEST WIND DIRECTION     W (270)
  HIGHEST GUST SPEED    39   HIGHEST GUST DIRECTION     W (270)
  AVERAGE WIND SPEED    19.6


SKY COVER
  POSSIBLE SUNSHINE  MM
  AVERAGE SKY COVER 0.8


WEATHER CONDITIONS
 THE FOLLOWING WEATHER WAS RECORDED YESTERDAY.
  THUNDERSTORM
  HEAVY RAIN
  RAIN
  LIGHT RAIN
  FOG
  FOG W/VISIBILITY <= 1/4 MILE
  HAZE


RELATIVE HUMIDITY (PERCENT)
 HIGHEST   100           400 AM
 LOWEST     58           100 PM
 AVERAGE    79

..........................................................


THE WICHITA EISENHOWER NATIONAL CLIMATE NORMALS FOR TODAY
                         NORMAL    RECORD    YEAR
 MAXIMUM TEMPERATURE (F)   45        75      1934
 MINIMUM TEMPERATURE (F)   23        -7      1989
                                             1905


SUNRISE AND SUNSET
FEBRUARY  3 2016......SUNRISE   732 AM CST   SUNSET   555 PM CST
FEBRUARY  4 2016......SUNRISE   731 AM CST   SUNSET   556 PM CST


-  INDICATES NEGATIVE NUMBERS.
R  INDICATES RECORD WAS SET OR TIED.
MM INDICATES DATA IS MISSING.
T  INDICATES TRACE AMOUNT.




$$
