000
CDUS43 KICT 122206
CLIICT


CLIMATE REPORT
NATIONAL WEATHER SERVICE WICHITA KS
505 PM CDT WED APR 12 2017


...................................

...THE WICHITA EISENHOWER NATIONAL CLIMATE SUMMARY FOR APRIL 12 2017...
VALID TODAY AS OF 500 PM LOCAL TIME.

CLIMATE NORMAL PERIOD 1981 TO 2010
CLIMATE RECORD PERIOD 1888 TO 2017


WEATHER ITEM   OBSERVED TIME   RECORD YEAR NORMAL DEPARTURE LAST
                VALUE   (LST)  VALUE       VALUE  FROM      YEAR
                                                  NORMAL
..................................................................
TEMPERATURE (F)
 TODAY
  MAXIMUM         76    347 PM  96    1972  67      9       67
  MINIMUM         47    620 AM  21    1940  43      4       41
  AVERAGE         62                        55      7       54

PRECIPITATION (IN)
  TODAY            T             1.36 1896   0.08  -0.08     0.00
  MONTH TO DATE    1.72                      0.90   0.82     0.14
  SINCE MAR 1      5.22                      3.59   1.63     1.67
  SINCE JAN 1      8.84                      5.60   3.24     2.41

SNOWFALL (IN)
  TODAY            0.0           0.8  1959   0.0    0.0      0.0
  MONTH TO DATE    0.0                       0.2   -0.2      0.0
  SINCE MAR 1      T                         2.5   -2.5      3.5
  SINCE JUL 1      2.0                      14.9  -12.9      4.3
  SNOW DEPTH       0

DEGREE DAYS
 HEATING
  TODAY            3                        11     -8       11
  MONTH TO DATE  115                       148    -33       90
  SINCE MAR 1    544                       725   -181      479
  SINCE JUL 1   3388                      4365   -977     3329

 COOLING
  TODAY            0                         1     -1        0
  MONTH TO DATE    7                         5      2       11
  SINCE MAR 1     25                         7     18       18
  SINCE JAN 1     25                         7     18       18
..................................................................


WIND (MPH)
  HIGHEST WIND SPEED    26   HIGHEST WIND DIRECTION     S (180)
  HIGHEST GUST SPEED    35   HIGHEST GUST DIRECTION     S (170)
  AVERAGE WIND SPEED    11.8


SKY COVER
  POSSIBLE SUNSHINE  MM
  AVERAGE SKY COVER 0.7


WEATHER CONDITIONS
 THE FOLLOWING WEATHER WAS RECORDED TODAY.
  LIGHT RAIN
  FOG
  HAZE


RELATIVE HUMIDITY (PERCENT)
 HIGHEST    86           900 AM
 LOWEST     54           200 PM
 AVERAGE    70

..........................................................


THE WICHITA EISENHOWER NATIONAL CLIMATE NORMALS FOR TOMORROW
                         NORMAL    RECORD    YEAR
 MAXIMUM TEMPERATURE (F)   67        96      2006
 MINIMUM TEMPERATURE (F)   44        21      1950


SUNRISE AND SUNSET
APRIL 12 2017.........SUNRISE   659 AM CDT   SUNSET   803 PM CDT
APRIL 13 2017.........SUNRISE   657 AM CDT   SUNSET   804 PM CDT


-  INDICATES NEGATIVE NUMBERS.
R  INDICATES RECORD WAS SET OR TIED.
MM INDICATES DATA IS MISSING.
T  INDICATES TRACE AMOUNT.




$$
