000
CDUS43 KICT 060628
CLIICT


CLIMATE REPORT
NATIONAL WEATHER SERVICE WICHITA KS
1227 AM CST FRI JAN 6 2017


...................................

...THE WICHITA EISENHOWER NATIONAL CLIMATE SUMMARY FOR JANUARY 5 2017...

CLIMATE NORMAL PERIOD 1981 TO 2010
CLIMATE RECORD PERIOD 1888 TO 2017


WEATHER ITEM   OBSERVED TIME   RECORD YEAR NORMAL DEPARTURE LAST
                VALUE   (LST)  VALUE       VALUE  FROM      YEAR
                                                  NORMAL
..................................................................
TEMPERATURE (F)
 YESTERDAY
  MAXIMUM         20    245 PM  68    1927  42    -22       40
  MINIMUM         13   1159 PM  -9    1924  22     -9       18
  AVERAGE         17                        32    -15       29

PRECIPITATION (IN)
  YESTERDAY        T             0.34 1955   0.02  -0.02     0.01
  MONTH TO DATE    0.05                      0.12  -0.07     0.01
  SINCE DEC 1      0.71                      1.32  -0.61     2.23
  SINCE JAN 1      0.05                      0.12  -0.07     0.01

SNOWFALL (IN)
  YESTERDAY        T             2.6  1929   0.1   -0.1      0.1
  MONTH TO DATE    T                         0.6   -0.6      0.1
  SINCE DEC 1      2.0                       4.8   -2.8      0.5
  SINCE JUL 1      2.0                       6.2   -4.2      0.8
  SNOW DEPTH       0

DEGREE DAYS
 HEATING
  YESTERDAY       48                        33     15       36
  MONTH TO DATE  166                       165      1      169
  SINCE DEC 1   1153                      1132     21      899
  SINCE JUL 1   1606                      2008   -402     1468

 COOLING
  YESTERDAY        0                         0      0        0
  MONTH TO DATE    0                         0      0        0
  SINCE DEC 1      0                         0      0        0
  SINCE JAN 1      0                         0      0        0
..................................................................


WIND (MPH)
  HIGHEST WIND SPEED    22   HIGHEST WIND DIRECTION     N (20)
  HIGHEST GUST SPEED    28   HIGHEST GUST DIRECTION    NE (30)
  AVERAGE WIND SPEED    14.2


SKY COVER
  POSSIBLE SUNSHINE  MM
  AVERAGE SKY COVER 0.8


WEATHER CONDITIONS
 THE FOLLOWING WEATHER WAS RECORDED YESTERDAY.
  LIGHT SNOW


RELATIVE HUMIDITY (PERCENT)
 HIGHEST    73           700 AM
 LOWEST     49           500 PM
 AVERAGE    61

..........................................................


THE WICHITA EISENHOWER NATIONAL CLIMATE NORMALS FOR TODAY
                         NORMAL    RECORD    YEAR
 MAXIMUM TEMPERATURE (F)   42        63      1903
 MINIMUM TEMPERATURE (F)   22       -10      1912


SUNRISE AND SUNSET
JANUARY  6 2017.......SUNRISE   745 AM CST   SUNSET   527 PM CST
JANUARY  7 2017.......SUNRISE   745 AM CST   SUNSET   527 PM CST


-  INDICATES NEGATIVE NUMBERS.
R  INDICATES RECORD WAS SET OR TIED.
MM INDICATES DATA IS MISSING.
T  INDICATES TRACE AMOUNT.




$$
