000
CDUS43 KICT 052309
CLIICT

CLIMATE REPORT
NATIONAL WEATHER SERVICE WICHITA KS
509 PM CST SUN NOV 5 2017

...................................

...THE WICHITA EISENHOWER NATIONAL CLIMATE SUMMARY FOR NOVEMBER 5 2017...
VALID TODAY AS OF 500 PM LOCAL TIME.

CLIMATE NORMAL PERIOD 1981 TO 2010
CLIMATE RECORD PERIOD 1888 TO 2017


WEATHER ITEM   OBSERVED TIME   RECORD YEAR NORMAL DEPARTURE LAST
                VALUE   (LST)  VALUE       VALUE  FROM      YEAR
                                                  NORMAL
..................................................................
TEMPERATURE (F)
 TODAY
  MAXIMUM         52    415 PM  81    1924  62    -10       73
  MINIMUM         45    251 AM  16    1982  39      6       51
  AVERAGE         49                        51     -2       62

PRECIPITATION (IN)
  TODAY            T             0.83 1951   0.06  -0.06     0.00
  MONTH TO DATE    T                         0.29  -0.29      T
  SINCE SEP 1      5.94                      6.21  -0.27    13.34
  SINCE JAN 1     33.29                     30.30   2.99    49.68

SNOWFALL (IN)
  TODAY            0.0           7.5  1951   0.0    0.0      0.0
  MONTH TO DATE    0.0                       0.0    0.0      0.0
  SINCE SEP 1      0.0                       0.1   -0.1      0.0
  SINCE JUL 1      0.0                       0.1   -0.1      0.0
  SNOW DEPTH       0

DEGREE DAYS
 HEATING
  TODAY           16                        15      1        3
  MONTH TO DATE   81                        69     12       11
  SINCE SEP 1    305                       354    -49      101
  SINCE JUL 1    305                       355    -50      101

 COOLING
  TODAY            0                         0      0        0
  MONTH TO DATE    0                         0      0       11
  SINCE SEP 1    344                       257     87      382
  SINCE JAN 1   1783                      1684     99     2054
..................................................................


WIND (MPH)
  HIGHEST WIND SPEED    24   HIGHEST WIND DIRECTION     N (350)
  HIGHEST GUST SPEED    31   HIGHEST GUST DIRECTION    NE (40)
  AVERAGE WIND SPEED     9.6


SKY COVER
  AVERAGE SKY COVER 0.9


WEATHER CONDITIONS
 THE FOLLOWING WEATHER WAS RECORDED TODAY.
  LIGHT RAIN
  FOG
  FOG W/VISIBILITY <= 1/4 MILE


RELATIVE HUMIDITY (PERCENT)
 HIGHEST   100          1200 AM
 LOWEST     61           500 PM
 AVERAGE    81

..........................................................


THE WICHITA EISENHOWER NATIONAL CLIMATE NORMALS FOR TOMORROW
                         NORMAL    RECORD    YEAR
 MAXIMUM TEMPERATURE (F)   61        83      1891
 MINIMUM TEMPERATURE (F)   39        15      1959


SUNRISE AND SUNSET
NOVEMBER  5 2017......SUNRISE   659 AM CST   SUNSET   527 PM CST
NOVEMBER  6 2017......SUNRISE   700 AM CST   SUNSET   526 PM CST


-  INDICATES NEGATIVE NUMBERS.
R  INDICATES RECORD WAS SET OR TIED.
MM INDICATES DATA IS MISSING.
T  INDICATES TRACE AMOUNT.

$$
