000
CDUS43 KICT 222207
CLIICT


CLIMATE REPORT
NATIONAL WEATHER SERVICE WICHITA KS
505 PM CDT SUN MAR 22 2015


...................................

...THE WICHITA EISENHOWER NATIONAL CLIMATE SUMMARY FOR MARCH 22 2015...
VALID TODAY AS OF 500 PM LOCAL TIME.

CLIMATE NORMAL PERIOD 1981 TO 2010
CLIMATE RECORD PERIOD 1888 TO 2015


WEATHER ITEM   OBSERVED TIME   RECORD YEAR NORMAL DEPARTURE LAST
                VALUE   (LST)  VALUE       VALUE  FROM      YEAR
                                                  NORMAL
..................................................................
TEMPERATURE (F)
 TODAY
  MAXIMUM         74    329 PM  92    1907  60     14       53
  MINIMUM         43    645 AM  12    2002  37      6       30
  AVERAGE         59                        48     11       42

PRECIPITATION (IN)
  TODAY            0.00          1.41 1979   0.10  -0.10     0.00
  MONTH TO DATE    0.22                      1.82  -1.60     0.45
  SINCE MAR 1      0.22                      1.82  -1.60     0.45
  SINCE JAN 1      1.99                      3.83  -1.84     1.44

SNOWFALL (IN)
  TODAY            0.0           1.3  2006   0.1   -0.1      0.0
  MONTH TO DATE    1.1                       1.8   -0.7      3.2
  SINCE MAR 1      1.1                       1.8   -0.7      3.2
  SINCE JUL 1     18.0                      14.2    3.8     22.7
  SNOW DEPTH       0

DEGREE DAYS
 HEATING
  TODAY            6                        17    -11       23
  MONTH TO DATE  394                       439    -45      526
  SINCE MAR 1    394                       439    -45      526
  SINCE JUL 1   3959                      4079   -120     4445

 COOLING
  TODAY            0                         0      0        0
  MONTH TO DATE    0                         0      0        0
  SINCE MAR 1      0                         0      0        0
  SINCE JAN 1      0                         0      0        0
..................................................................


WIND (MPH)
  HIGHEST WIND SPEED    15   HIGHEST WIND DIRECTION     S (170)
  HIGHEST GUST SPEED    21   HIGHEST GUST DIRECTION    SE (150)
  AVERAGE WIND SPEED     6.3


SKY COVER
  POSSIBLE SUNSHINE  MM
  AVERAGE SKY COVER 0.6


WEATHER CONDITIONS
 THE FOLLOWING WEATHER WAS RECORDED TODAY.
  HAZE


RELATIVE HUMIDITY (PERCENT)
 HIGHEST    83           700 AM
 LOWEST     41           200 PM
 AVERAGE    62

..........................................................


THE WICHITA EISENHOWER NATIONAL CLIMATE NORMALS FOR TOMORROW
                         NORMAL    RECORD    YEAR
 MAXIMUM TEMPERATURE (F)   60        84      1967
 MINIMUM TEMPERATURE (F)   37        14      1974


SUNRISE AND SUNSET
MARCH 22 2015.........SUNRISE   731 AM CDT   SUNSET   743 PM CDT
MARCH 23 2015.........SUNRISE   729 AM CDT   SUNSET   744 PM CDT


-  INDICATES NEGATIVE NUMBERS.
R  INDICATES RECORD WAS SET OR TIED.
MM INDICATES DATA IS MISSING.
T  INDICATES TRACE AMOUNT.




$$
