000
CDUS43 KICT 170624
CLIICT


CLIMATE REPORT
NATIONAL WEATHER SERVICE WICHITA KS
124 AM CDT FRI OCT 17 2014


...................................

...THE WICHITA MID CONTINENT KS CLIMATE SUMMARY FOR OCTOBER 16 2014...

CLIMATE NORMAL PERIOD 1981 TO 2010
CLIMATE RECORD PERIOD 1888 TO 2014


WEATHER ITEM   OBSERVED TIME   RECORD YEAR NORMAL DEPARTURE LAST
                VALUE   (LST)  VALUE       VALUE  FROM      YEAR
                                                  NORMAL
..................................................................
TEMPERATURE (F)
 YESTERDAY
  MAXIMUM         80    342 PM  89    1995  70     10       56
  MINIMUM         50    341 AM  27    1966  47      3       38
  AVERAGE         65                        58      7       47

PRECIPITATION (IN)
  YESTERDAY        0.00          2.04 1968   0.09  -0.09      T
  MONTH TO DATE    1.38                      1.56  -0.18     0.73
  SINCE SEP 1      1.85                      4.70  -2.85     2.76
  SINCE JAN 1     23.83                     28.79  -4.96    36.93

SNOWFALL (IN)
  YESTERDAY        0.0           0.0  2007   0.0    0.0      0.0
  MONTH TO DATE    0.0                       0.0    0.0      0.0
  SINCE SEP 1      0.0                       0.0    0.0      0.0
  SINCE JUL 1      0.0                       0.0    0.0      0.0
  SNOW DEPTH       0

DEGREE DAYS
 HEATING
  YESTERDAY        0                         8     -8       18
  MONTH TO DATE   72                        92    -20       65
  SINCE SEP 1     92                       134    -42       69
  SINCE JUL 1     93                       135    -42       70

 COOLING
  YESTERDAY        0                         1     -1        0
  MONTH TO DATE   44                        29     15       51
  SINCE SEP 1    319                       251     68      365
  SINCE JAN 1   1815                      1678    137     1778
..................................................................


WIND (MPH)
  HIGHEST WIND SPEED    16   HIGHEST WIND DIRECTION     N (340)
  HIGHEST GUST SPEED    21   HIGHEST GUST DIRECTION     N (340)
  AVERAGE WIND SPEED     7.9


SKY COVER
  POSSIBLE SUNSHINE  MM
  AVERAGE SKY COVER 0.5


WEATHER CONDITIONS
 THE FOLLOWING WEATHER WAS RECORDED YESTERDAY.
  NO SIGNIFICANT WEATHER WAS OBSERVED.


RELATIVE HUMIDITY (PERCENT)
 HIGHEST    80          1000 PM
 LOWEST     32           200 PM
 AVERAGE    56

..........................................................


THE WICHITA MID CONTINENT KS CLIMATE NORMALS FOR TODAY
                         NORMAL    RECORD    YEAR
 MAXIMUM TEMPERATURE (F)   69        90      1991
 MINIMUM TEMPERATURE (F)   47        29      1976


SUNRISE AND SUNSET
OCTOBER 17 2014.......SUNRISE   740 AM CDT   SUNSET   650 PM CDT
OCTOBER 18 2014.......SUNRISE   741 AM CDT   SUNSET   648 PM CDT


-  INDICATES NEGATIVE NUMBERS.
R  INDICATES RECORD WAS SET OR TIED.
MM INDICATES DATA IS MISSING.
T  INDICATES TRACE AMOUNT.




$$
