000
CDUS43 KICT 290629
CLIICT


CLIMATE REPORT
NATIONAL WEATHER SERVICE WICHITA KS
128 AM CDT SUN MAR 29 2015


...................................

...THE WICHITA EISENHOWER NATIONAL CLIMATE SUMMARY FOR MARCH 28 2015...

CLIMATE NORMAL PERIOD 1981 TO 2010
CLIMATE RECORD PERIOD 1888 TO 2015


WEATHER ITEM   OBSERVED TIME   RECORD YEAR NORMAL DEPARTURE LAST
                VALUE   (LST)  VALUE       VALUE  FROM      YEAR
                                                  NORMAL
..................................................................
TEMPERATURE (F)
 YESTERDAY
  MAXIMUM         73    436 PM  91    1895  62     11       59
  MINIMUM         38    636 AM  11    1899  39     -1       35
  AVERAGE         56                        50      6       47

PRECIPITATION (IN)
  YESTERDAY        T             1.21 1938   0.10  -0.10     0.00
  MONTH TO DATE    0.28                      2.39  -2.11     0.49
  SINCE MAR 1      0.28                      2.39  -2.11     0.49
  SINCE JAN 1      2.05                      4.40  -2.35     1.48

SNOWFALL (IN)
  YESTERDAY        0.0           4.8  2009   0.0    0.0      0.0
  MONTH TO DATE    1.1                       2.1   -1.0      3.2
  SINCE MAR 1      1.1                       2.1   -1.0      3.2
  SINCE JUL 1     18.0                      14.5    3.5     22.7
  SNOW DEPTH       0

DEGREE DAYS
 HEATING
  YESTERDAY        9                        15     -6       18
  MONTH TO DATE  460                       533    -73      652
  SINCE MAR 1    460                       533    -73      652
  SINCE JUL 1   4025                      4173   -148     4571

 COOLING
  YESTERDAY        0                         0      0        0
  MONTH TO DATE    0                         0      0        0
  SINCE MAR 1      0                         0      0        0
  SINCE JAN 1      0                         0      0        0
..................................................................


WIND (MPH)
  HIGHEST WIND SPEED    18   HIGHEST WIND DIRECTION    SE (150)
  HIGHEST GUST SPEED    24   HIGHEST GUST DIRECTION    NE (60)
  AVERAGE WIND SPEED    10.2


SKY COVER
  POSSIBLE SUNSHINE  MM
  AVERAGE SKY COVER 0.2


WEATHER CONDITIONS
 THE FOLLOWING WEATHER WAS RECORDED YESTERDAY.
  HAZE


RELATIVE HUMIDITY (PERCENT)
 HIGHEST    76           700 AM
 LOWEST     27           400 PM
 AVERAGE    52

..........................................................


THE WICHITA EISENHOWER NATIONAL CLIMATE NORMALS FOR TODAY
                         NORMAL    RECORD    YEAR
 MAXIMUM TEMPERATURE (F)   62        90      1895
 MINIMUM TEMPERATURE (F)   39        16      1894


SUNRISE AND SUNSET
MARCH 29 2015.........SUNRISE   720 AM CDT   SUNSET   750 PM CDT
MARCH 30 2015.........SUNRISE   718 AM CDT   SUNSET   751 PM CDT


-  INDICATES NEGATIVE NUMBERS.
R  INDICATES RECORD WAS SET OR TIED.
MM INDICATES DATA IS MISSING.
T  INDICATES TRACE AMOUNT.




$$
