000
CDUS43 KICT 300652
CLIICT


CLIMATE REPORT
NATIONAL WEATHER SERVICE WICHITA KS
151 AM CDT SAT APR 30 2016


...................................

...THE WICHITA EISENHOWER NATIONAL CLIMATE SUMMARY FOR APRIL 29 2016...

CLIMATE NORMAL PERIOD 1981 TO 2010
CLIMATE RECORD PERIOD 1888 TO 2016


WEATHER ITEM   OBSERVED TIME   RECORD YEAR NORMAL DEPARTURE LAST
                VALUE   (LST)  VALUE       VALUE  FROM      YEAR
                                                  NORMAL
..................................................................
TEMPERATURE (F)
 YESTERDAY
  MAXIMUM         56   1135 PM  96    1910  72    -16       76
  MINIMUM         49    158 PM  30    1903  49      0       47
  AVERAGE         53                        61     -8       62

PRECIPITATION (IN)
  YESTERDAY        0.70          2.69 1924   0.11   0.59     0.00
  MONTH TO DATE    6.20                      2.48   3.72     2.62
  SINCE MAR 1      7.73                      5.17   2.56     2.90
  SINCE JAN 1      8.47                      7.18   1.29     4.67

SNOWFALL (IN)
  YESTERDAY        0.0           0.0  2007   0.0    0.0      0.0
  MONTH TO DATE    0.0                       0.2   -0.2      0.0
  SINCE MAR 1      3.5                       2.5    1.0      1.1
  SINCE JUL 1      4.3                      14.9  -10.6     18.0
  SNOW DEPTH       0

DEGREE DAYS
 HEATING
  YESTERDAY       12                         6      6        3
  MONTH TO DATE  163                       285   -122      160
  SINCE MAR 1    552                       862   -310      634
  SINCE JUL 1   3402                      4502  -1100     4199

 COOLING
  YESTERDAY        0                         1     -1        0
  MONTH TO DATE   30                        22      8       28
  SINCE MAR 1     37                        24     13       28
  SINCE JAN 1     37                        24     13       28
..................................................................


WIND (MPH)
  HIGHEST WIND SPEED    40   HIGHEST WIND DIRECTION    SW (230)
  HIGHEST GUST SPEED    52   HIGHEST GUST DIRECTION    SW (230)
  AVERAGE WIND SPEED    18.0


SKY COVER
  POSSIBLE SUNSHINE  MM
  AVERAGE SKY COVER 1.0


WEATHER CONDITIONS
 THE FOLLOWING WEATHER WAS RECORDED YESTERDAY.
  THUNDERSTORM
  HEAVY RAIN
  RAIN
  LIGHT RAIN
  HAIL
  FOG


RELATIVE HUMIDITY (PERCENT)
 HIGHEST    93           900 AM
 LOWEST     71           400 AM
 AVERAGE    82

..........................................................


THE WICHITA EISENHOWER NATIONAL CLIMATE NORMALS FOR TODAY
                         NORMAL    RECORD    YEAR
 MAXIMUM TEMPERATURE (F)   72        91      1959
 MINIMUM TEMPERATURE (F)   50        30      1907
                                             1903


SUNRISE AND SUNSET
APRIL 30 2016.........SUNRISE   635 AM CDT   SUNSET   819 PM CDT
MAY  1 2016...........SUNRISE   634 AM CDT   SUNSET   820 PM CDT


-  INDICATES NEGATIVE NUMBERS.
R  INDICATES RECORD WAS SET OR TIED.
MM INDICATES DATA IS MISSING.
T  INDICATES TRACE AMOUNT.




$$
