782
CDUS43 KICT 260641
CLIICT

CLIMATE REPORT
NATIONAL WEATHER SERVICE WICHITA KS
139 AM CDT WED JUL 26 2017

...................................

...THE WICHITA EISENHOWER NATIONAL CLIMATE SUMMARY FOR JULY 25 2017...

CLIMATE NORMAL PERIOD 1981 TO 2010
CLIMATE RECORD PERIOD 1888 TO 2017


WEATHER ITEM   OBSERVED TIME   RECORD YEAR NORMAL DEPARTURE LAST
                VALUE   (LST)  VALUE       VALUE  FROM      YEAR
                                                  NORMAL
..................................................................
TEMPERATURE (F)
 YESTERDAY
  MAXIMUM        100    338 PM 108    2012  93      7       89
  MINIMUM         71    537 AM  58    1890  70      1       71
  AVERAGE         86                        81      5       80

PRECIPITATION (IN)
  YESTERDAY        0.00          1.18 1944   0.09  -0.09     0.14
  MONTH TO DATE    1.38                      2.75  -1.37     8.54
  SINCE JUN 1      5.96                      7.95  -1.99    11.37
  SINCE JAN 1     24.80                     19.81   4.99    26.93

SNOWFALL (IN)
  YESTERDAY        0.0           0.0         0.0    0.0      0.0
  MONTH TO DATE    0.0                       0.0    0.0      0.0
  SINCE JUN 1      0.0                       0.0    0.0      0.0
  SINCE JUL 1      0.0                       0.0    0.0      0.0
  SNOW DEPTH       0

DEGREE DAYS
 HEATING
  YESTERDAY        0                         0      0        0
  MONTH TO DATE    0                         0      0        0
  SINCE JUN 1      0                         6     -6        0
  SINCE JUL 1      0                         0      0        0

 COOLING
  YESTERDAY       21                        16      5       15
  MONTH TO DATE  455                       395     60      482
  SINCE JUN 1    825                       724    101      968
  SINCE JAN 1    981                       860    121     1098
..................................................................


WIND (MPH)
  HIGHEST WIND SPEED    22   HIGHEST WIND DIRECTION    SE (140)
  HIGHEST GUST SPEED    27   HIGHEST GUST DIRECTION    SE (140)
  AVERAGE WIND SPEED    12.1


SKY COVER
  AVERAGE SKY COVER 0.2


WEATHER CONDITIONS
 THE FOLLOWING WEATHER WAS RECORDED YESTERDAY.
  NO SIGNIFICANT WEATHER WAS OBSERVED.


RELATIVE HUMIDITY (PERCENT)
 HIGHEST    93           500 AM
 LOWEST     33           300 PM
 AVERAGE    63

..........................................................


THE WICHITA EISENHOWER NATIONAL CLIMATE NORMALS FOR TODAY
                         NORMAL    RECORD    YEAR
 MAXIMUM TEMPERATURE (F)   93       105      2006
                                             1952
                                             1910
 MINIMUM TEMPERATURE (F)   70        57      2004


SUNRISE AND SUNSET
JULY 26 2017..........SUNRISE   629 AM CDT   SUNSET   843 PM CDT
JULY 27 2017..........SUNRISE   630 AM CDT   SUNSET   842 PM CDT


-  INDICATES NEGATIVE NUMBERS.
R  INDICATES RECORD WAS SET OR TIED.
MM INDICATES DATA IS MISSING.
T  INDICATES TRACE AMOUNT.

$$
