000
CDUS43 KICT 270640
CLIICT


CLIMATE REPORT
NATIONAL WEATHER SERVICE WICHITA KS
139 AM CDT WED AUG 27 2014


...................................

...THE WICHITA MID CONTINENT KS CLIMATE SUMMARY FOR AUGUST 26 2014...

CLIMATE NORMAL PERIOD 1981 TO 2010
CLIMATE RECORD PERIOD 1888 TO 2014


WEATHER ITEM   OBSERVED TIME   RECORD YEAR NORMAL DEPARTURE LAST
                VALUE   (LST)  VALUE       VALUE  FROM      YEAR
                                                  NORMAL
..................................................................
TEMPERATURE (F)
 YESTERDAY
  MAXIMUM         97    226 PM 108    2000  90      7       93
  MINIMUM         72    423 AM  48    1910  67      5       72
  AVERAGE         85                        79      6       83

PRECIPITATION (IN)
  YESTERDAY        0.01          2.00 1986   0.12  -0.11     0.00
  MONTH TO DATE    2.12                      3.09  -0.97    10.63
  SINCE JUN 1     15.65                     11.61   4.04    20.15
  SINCE JAN 1     21.72                     23.47  -1.75    34.17

SNOWFALL (IN)
  YESTERDAY        0.0           0.0  2007   0.0    0.0      0.0
  MONTH TO DATE    0.0                       0.0    0.0      0.0
  SINCE JUN 1      0.0                       0.0    0.0      0.0
  SINCE JUL 1      0.0                       0.0    0.0      0.0
  SNOW DEPTH       0

DEGREE DAYS
 HEATING
  YESTERDAY        0                         0      0        0
  MONTH TO DATE    0                         0      0        0
  SINCE JUN 1      1                         6     -5        4
  SINCE JUL 1      1                         0      1        1

 COOLING
  YESTERDAY       20                        14      6       18
  MONTH TO DATE  431                       400     31      318
  SINCE JUN 1   1156                      1226    -70     1179
  SINCE JAN 1   1423                      1362     61     1317
..................................................................


WIND (MPH)
  HIGHEST WIND SPEED    26   HIGHEST WIND DIRECTION    NW (330)
  HIGHEST GUST SPEED    33   HIGHEST GUST DIRECTION    NW (320)
  AVERAGE WIND SPEED     8.3


SKY COVER
  POSSIBLE SUNSHINE  MM
  AVERAGE SKY COVER 0.6


WEATHER CONDITIONS
 THE FOLLOWING WEATHER WAS RECORDED YESTERDAY.
  THUNDERSTORM
  LIGHT RAIN


RELATIVE HUMIDITY (PERCENT)
 HIGHEST    74           900 PM
 LOWEST     39           300 PM
 AVERAGE    57

..........................................................


THE WICHITA MID CONTINENT KS CLIMATE NORMALS FOR TODAY
                         NORMAL    RECORD    YEAR
 MAXIMUM TEMPERATURE (F)   90       108      2000
 MINIMUM TEMPERATURE (F)   67        48      1967


SUNRISE AND SUNSET
AUGUST 27 2014........SUNRISE   656 AM CDT   SUNSET   806 PM CDT
AUGUST 28 2014........SUNRISE   656 AM CDT   SUNSET   805 PM CDT


-  INDICATES NEGATIVE NUMBERS.
R  INDICATES RECORD WAS SET OR TIED.
MM INDICATES DATA IS MISSING.
T  INDICATES TRACE AMOUNT.




$$
