000
CDUS43 KICT 280630
CLIICT


CLIMATE REPORT
NATIONAL WEATHER SERVICE WICHITA KS
1230 AM CST WED JAN 28 2015


...................................

...THE WICHITA MID CONTINENT KS CLIMATE SUMMARY FOR JANUARY 27 2015...

CLIMATE NORMAL PERIOD 1981 TO 2010
CLIMATE RECORD PERIOD 1888 TO 2015


WEATHER ITEM   OBSERVED TIME   RECORD YEAR NORMAL DEPARTURE LAST
                VALUE   (LST)  VALUE       VALUE  FROM      YEAR
                                                  NORMAL
..................................................................
TEMPERATURE (F)
 YESTERDAY
  MAXIMUM         73R   427 PM  69    2013  44     29       27
                                      2002
  MINIMUM         32    747 AM  -6    1963  22     10       14
  AVERAGE         53                        33     20       21

PRECIPITATION (IN)
  YESTERDAY        0.00          0.66 1949   0.03  -0.03     0.00
  MONTH TO DATE    0.44                      0.69  -0.25     0.11
  SINCE DEC 1      1.73                      1.89  -0.16     0.71
  SINCE JAN 1      0.44                      0.69  -0.25     0.11

SNOWFALL (IN)
  YESTERDAY        0.0           6.7  2000   0.2   -0.2      0.0
  MONTH TO DATE    4.0                       3.1    0.9      2.9
  SINCE DEC 1      8.2                       7.3    0.9      6.3
  SINCE JUL 1     10.0                       8.7    1.3      6.3
  SNOW DEPTH       0

DEGREE DAYS
 HEATING
  YESTERDAY       12                        32    -20       44
  MONTH TO DATE  857                       886    -29      879
  SINCE DEC 1   1682                      1853   -171     1949
  SINCE JUL 1   2562                      2729   -167     2834

 COOLING
  YESTERDAY        0                         0      0        0
  MONTH TO DATE    0                         0      0        0
  SINCE DEC 1      0                         0      0        0
  SINCE JAN 1      0                         0      0        0
..................................................................


WIND (MPH)
  HIGHEST WIND SPEED    18   HIGHEST WIND DIRECTION     S (180)
  HIGHEST GUST SPEED    22   HIGHEST GUST DIRECTION     S (180)
  AVERAGE WIND SPEED     8.5


SKY COVER
  POSSIBLE SUNSHINE  MM
  AVERAGE SKY COVER 0.1


WEATHER CONDITIONS
 THE FOLLOWING WEATHER WAS RECORDED YESTERDAY.
  NO SIGNIFICANT WEATHER WAS OBSERVED.


RELATIVE HUMIDITY (PERCENT)
 HIGHEST    82           700 AM
 LOWEST     27           300 PM
 AVERAGE    55

..........................................................


THE WICHITA MID CONTINENT KS CLIMATE NORMALS FOR TODAY
                         NORMAL    RECORD    YEAR
 MAXIMUM TEMPERATURE (F)   44        74      2013
 MINIMUM TEMPERATURE (F)   22        -3      1948


SUNRISE AND SUNSET
JANUARY 28 2015.......SUNRISE   737 AM CST   SUNSET   549 PM CST
JANUARY 29 2015.......SUNRISE   736 AM CST   SUNSET   550 PM CST


-  INDICATES NEGATIVE NUMBERS.
R  INDICATES RECORD WAS SET OR TIED.
MM INDICATES DATA IS MISSING.
T  INDICATES TRACE AMOUNT.




$$
