000
CDUS43 KICT 130739
CLIICT


CLIMATE REPORT
NATIONAL WEATHER SERVICE WICHITA KS
135 AM CST MON FEB 13 2017


...................................

...THE WICHITA EISENHOWER NATIONAL CLIMATE SUMMARY FOR FEBRUARY 12 2017...

CLIMATE NORMAL PERIOD 1981 TO 2010
CLIMATE RECORD PERIOD 1888 TO 2017


WEATHER ITEM   OBSERVED TIME   RECORD YEAR NORMAL DEPARTURE LAST
                VALUE   (LST)  VALUE       VALUE  FROM      YEAR
                                                  NORMAL
..................................................................
TEMPERATURE (F)
 YESTERDAY
  MAXIMUM         52    706 PM  81    1962  47      5       46
  MINIMUM         31   1100 PM -22    1899  25      6       27
  AVERAGE         42                        36      6       37

PRECIPITATION (IN)
  YESTERDAY        0.00          1.25 1978   0.05  -0.05     0.00
  MONTH TO DATE    T                         0.46  -0.46     0.55
  SINCE DEC 1      3.45                      2.49   0.96     2.96
  SINCE JAN 1      2.79                      1.29   1.50     0.74

SNOWFALL (IN)
  YESTERDAY        0.0           1.3  1948   0.2   -0.2      0.0
  MONTH TO DATE    0.0                       1.7   -1.7      0.0
  SINCE DEC 1      2.0                       9.5   -7.5      0.5
  SINCE JUL 1      2.0                      10.9   -8.9      0.8
  SNOW DEPTH       0

DEGREE DAYS
 HEATING
  YESTERDAY       23                        29     -6       28
  MONTH TO DATE  272                       361    -89      310
  SINCE DEC 1   2131                      2345   -214     1992
  SINCE JUL 1   2584                      3221   -637     2561

 COOLING
  YESTERDAY        0                         0      0        0
  MONTH TO DATE    0                         0      0        0
  SINCE DEC 1      0                         0      0        0
  SINCE JAN 1      0                         0      0        0
..................................................................


WIND (MPH)
  HIGHEST WIND SPEED    28   HIGHEST WIND DIRECTION     N (350)
  HIGHEST GUST SPEED    36   HIGHEST GUST DIRECTION     N (360)
  AVERAGE WIND SPEED    15.0


SKY COVER
  POSSIBLE SUNSHINE  MM
  AVERAGE SKY COVER 0.6


WEATHER CONDITIONS
 THE FOLLOWING WEATHER WAS RECORDED YESTERDAY.
  NO SIGNIFICANT WEATHER WAS OBSERVED.


RELATIVE HUMIDITY (PERCENT)
 HIGHEST   100          1100 PM
 LOWEST     22           400 PM
 AVERAGE    61

..........................................................


THE WICHITA EISENHOWER NATIONAL CLIMATE NORMALS FOR TODAY
                         NORMAL    RECORD    YEAR
 MAXIMUM TEMPERATURE (F)   48        77      1921
 MINIMUM TEMPERATURE (F)   26       -18      1905


SUNRISE AND SUNSET
FEBRUARY 13 2017......SUNRISE   721 AM CST   SUNSET   607 PM CST
FEBRUARY 14 2017......SUNRISE   720 AM CST   SUNSET   608 PM CST


-  INDICATES NEGATIVE NUMBERS.
R  INDICATES RECORD WAS SET OR TIED.
MM INDICATES DATA IS MISSING.
T  INDICATES TRACE AMOUNT.




$$
