000
CDUS43 KICT 210631
CLIICT


CLIMATE REPORT
NATIONAL WEATHER SERVICE WICHITA KS
130 AM CDT THU MAY 21 2015


...................................

...THE WICHITA EISENHOWER NATIONAL CLIMATE SUMMARY FOR MAY 20 2015...

CLIMATE NORMAL PERIOD 1981 TO 2010
CLIMATE RECORD PERIOD 1888 TO 2015


WEATHER ITEM   OBSERVED TIME   RECORD YEAR NORMAL DEPARTURE LAST
                VALUE   (LST)  VALUE       VALUE  FROM      YEAR
                                                  NORMAL
..................................................................
TEMPERATURE (F)
 YESTERDAY
  MAXIMUM         58    156 PM  98    1956  78    -20       97
  MINIMUM         50    756 AM  37    1968  57     -7       68
  AVERAGE         54                        67    -13       83

PRECIPITATION (IN)
  YESTERDAY        T             2.46 1899   0.16  -0.16     0.00
  MONTH TO DATE    8.18                      2.82   5.36     0.55
  SINCE MAR 1     11.08                      8.10   2.98     1.57
  SINCE JAN 1     12.85                     10.11   2.74     2.56

SNOWFALL (IN)
  YESTERDAY        0.0           0.0  2007   0.0    0.0      0.0
                                      2001
  MONTH TO DATE    0.0                       0.0    0.0      0.0
  SINCE MAR 1      1.1                       2.5   -1.4      3.5
  SINCE JUL 1     18.0                      14.9    3.1     23.0
  SNOW DEPTH       0

DEGREE DAYS
 HEATING
  YESTERDAY       11                         2      9        0
  MONTH TO DATE   50                        66    -16       73
  SINCE MAR 1    687                       934   -247     1020
  SINCE JUL 1   4252                      4574   -322     4939

 COOLING
  YESTERDAY        0                         4     -4       18
  MONTH TO DATE   55                        52      3      124
  SINCE MAR 1     83                        78      5      157
  SINCE JAN 1     83                        78      5      157
..................................................................


WIND (MPH)
  HIGHEST WIND SPEED    23   HIGHEST WIND DIRECTION     N (340)
  HIGHEST GUST SPEED    29   HIGHEST GUST DIRECTION     N (20)
  AVERAGE WIND SPEED    13.2


SKY COVER
  POSSIBLE SUNSHINE  MM
  AVERAGE SKY COVER 0.9


WEATHER CONDITIONS
 THE FOLLOWING WEATHER WAS RECORDED YESTERDAY.
  LIGHT RAIN
  FOG


RELATIVE HUMIDITY (PERCENT)
 HIGHEST    96          1200 AM
 LOWEST     66           400 PM
 AVERAGE    81

..........................................................


THE WICHITA EISENHOWER NATIONAL CLIMATE NORMALS FOR TODAY
                         NORMAL    RECORD    YEAR
 MAXIMUM TEMPERATURE (F)   78        99      1925
 MINIMUM TEMPERATURE (F)   57        36      1967


SUNRISE AND SUNSET
MAY 21 2015...........SUNRISE   616 AM CDT   SUNSET   837 PM CDT
MAY 22 2015...........SUNRISE   615 AM CDT   SUNSET   838 PM CDT


-  INDICATES NEGATIVE NUMBERS.
R  INDICATES RECORD WAS SET OR TIED.
MM INDICATES DATA IS MISSING.
T  INDICATES TRACE AMOUNT.




$$
