000
CDUS43 KICT 122313
CLIICT


CLIMATE REPORT
NATIONAL WEATHER SERVICE WICHITA KS
512 PM CST WED NOV 12 2014


...................................

...THE WICHITA MID CONTINENT CLIMATE SUMMARY FOR NOVEMBER 12 2014...
VALID TODAY AS OF 0500 PM LOCAL TIME.

CLIMATE NORMAL PERIOD 1981 TO 2010
CLIMATE RECORD PERIOD 1888 TO 2014


WEATHER ITEM   OBSERVED TIME   RECORD YEAR NORMAL DEPARTURE LAST
                VALUE   (LST)  VALUE       VALUE  FROM      YEAR
                                                  NORMAL
..................................................................
TEMPERATURE (F)
 TODAY
  MAXIMUM         28   1224 PM  82    1894  58    -30       38
  MINIMUM         17    752 AM   9    1911  36    -19       21
  AVERAGE         23                        47    -24       30

PRECIPITATION (IN)
  TODAY            0.00          2.92 1909   0.05  -0.05     0.00
  MONTH TO DATE    0.13                      0.67  -0.54     0.30
  SINCE SEP 1      2.01                      6.59  -4.58     5.38
  SINCE JAN 1     23.99                     30.68  -6.69    39.55

SNOWFALL (IN)
  TODAY            0.0           1.7  1940   0.1   -0.1      0.0
  MONTH TO DATE    0.0                       0.2   -0.2      0.0
  SINCE SEP 1      0.0                       0.3   -0.3       T
  SINCE JUL 1      0.0                       0.3   -0.3       T
  SNOW DEPTH       0

DEGREE DAYS
 HEATING
  TODAY           42                        18     24       35
  MONTH TO DATE  211                       183     28      195
  SINCE SEP 1    373                       468    -95      448
  SINCE JUL 1    374                       469    -95      449

 COOLING
  TODAY            0                         0      0        0
  MONTH TO DATE    0                         0      0        0
  SINCE SEP 1    353                       257     96      365
  SINCE JAN 1   1849                      1684    165     1778
..................................................................


WIND (MPH)
  HIGHEST WIND SPEED    25   HIGHEST WIND DIRECTION     N (340)
  HIGHEST GUST SPEED    32   HIGHEST GUST DIRECTION     N (350)
  AVERAGE WIND SPEED    18.3


SKY COVER
  POSSIBLE SUNSHINE  MM
  AVERAGE SKY COVER 0.6


WEATHER CONDITIONS
 THE FOLLOWING WEATHER WAS RECORDED TODAY.
  NO SIGNIFICANT WEATHER WAS OBSERVED.


RELATIVE HUMIDITY (PERCENT)
 HIGHEST    62           200 AM
 LOWEST     32           100 PM
 AVERAGE    47

..........................................................


THE WICHITA MID CONTINENT CLIMATE NORMALS FOR TOMORROW
                         NORMAL    RECORD    YEAR
 MAXIMUM TEMPERATURE (F)   58        79      1999
 MINIMUM TEMPERATURE (F)   36         4      1940


SUNRISE AND SUNSET
NOVEMBER 12 2014......SUNRISE   706 AM CST   SUNSET   521 PM CST
NOVEMBER 13 2014......SUNRISE   707 AM CST   SUNSET   520 PM CST


-  INDICATES NEGATIVE NUMBERS.
R  INDICATES RECORD WAS SET OR TIED.
MM INDICATES DATA IS MISSING.
T  INDICATES TRACE AMOUNT.




$$
