000
CDUS43 KICT 132208
CLIICT

CLIMATE REPORT
NATIONAL WEATHER SERVICE WICHITA KS
506 PM CDT MON OCT 13 2014

...................................

...THE WICHITA MID CONTINENT CLIMATE SUMMARY FOR OCTOBER 13 2014...
VALID TODAY AS OF 500 PM LOCAL TIME.

CLIMATE NORMAL PERIOD 1981 TO 2010
CLIMATE RECORD PERIOD 1888 TO 2014


WEATHER ITEM   OBSERVED TIME   RECORD YEAR NORMAL DEPARTURE LAST
                VALUE   (LST)  VALUE       VALUE  FROM      YEAR
                                                  NORMAL
..................................................................
TEMPERATURE (F)
 TODAY
  MAXIMUM         62    400 PM  90    1966  71     -9       72
                                      1954
  MINIMUM         53   1254 PM  33    1969  48      5       47
  AVERAGE         58                        59     -1       60

PRECIPITATION (IN)
  TODAY            0.56          2.30 1960   0.09   0.47     0.00
  MONTH TO DATE    1.38                      1.29   0.09     0.31
  SINCE SEP 1      1.85                      4.43  -2.58     2.34
  SINCE JAN 1     23.83                     28.52  -4.69    36.51

SNOWFALL (IN)
  TODAY            0.0           0.0  2007   0.0    0.0      0.0
  MONTH TO DATE    0.0                       0.0    0.0      0.0
  SINCE SEP 1      0.0                       0.0    0.0      0.0
  SINCE JUL 1      0.0                       0.0    0.0      0.0
  SNOW DEPTH       0

DEGREE DAYS
 HEATING
  TODAY            7                         7      0        5
  MONTH TO DATE   60                        70    -10       33
  SINCE SEP 1     80                       112    -32       37
  SINCE JUL 1     81                       113    -32       38

 COOLING
  TODAY            0                         1     -1        0
  MONTH TO DATE   44                        26     18       51
  SINCE SEP 1    319                       248     71      365
  SINCE JAN 1   1815                      1675    140     1778
..................................................................


WIND (MPH)
  HIGHEST WIND SPEED    32   HIGHEST WIND DIRECTION     N (350)
  HIGHEST GUST SPEED    43   HIGHEST GUST DIRECTION    NW (330)
  AVERAGE WIND SPEED    21.2


SKY COVER
  POSSIBLE SUNSHINE  MM
  AVERAGE SKY COVER 0.9


WEATHER CONDITIONS
 THE FOLLOWING WEATHER WAS RECORDED TODAY.
  HEAVY RAIN
  RAIN
  LIGHT RAIN
  FOG


RELATIVE HUMIDITY (PERCENT)
 HIGHEST    93          1200 AM
 LOWEST     64           300 PM
 AVERAGE    79

..........................................................


THE WICHITA MID CONTINENT CLIMATE NORMALS FOR TOMORROW
                         NORMAL    RECORD    YEAR
 MAXIMUM TEMPERATURE (F)   70        89      1989
                                             1938
                                             1911
 MINIMUM TEMPERATURE (F)   48        30      1969


SUNRISE AND SUNSET
OCTOBER 13 2014.......SUNRISE   736 AM CDT   SUNSET   655 PM CDT
OCTOBER 14 2014.......SUNRISE   737 AM CDT   SUNSET   654 PM CDT


-  INDICATES NEGATIVE NUMBERS.
R  INDICATES RECORD WAS SET OR TIED.
MM INDICATES DATA IS MISSING.
T  INDICATES TRACE AMOUNT.

$$
