000
CDUS43 KICT 220656
CLIICT


CLIMATE REPORT
NATIONAL WEATHER SERVICE WICHITA KS
155 AM CDT WED JUL 22 2015


...................................

...THE WICHITA EISENHOWER NATIONAL CLIMATE SUMMARY FOR JULY 21 2015...

CLIMATE NORMAL PERIOD 1981 TO 2010
CLIMATE RECORD PERIOD 1888 TO 2015


WEATHER ITEM   OBSERVED TIME   RECORD YEAR NORMAL DEPARTURE LAST
                VALUE   (LST)  VALUE       VALUE  FROM      YEAR
                                                  NORMAL
..................................................................
TEMPERATURE (F)
 YESTERDAY
  MAXIMUM         83   1218 PM 107    1974  93    -10       96
  MINIMUM         73   1159 PM  53    1970  70      3       72
  AVERAGE         78                        81     -3       84

PRECIPITATION (IN)
  YESTERDAY        0.71          1.82 1948   0.10   0.61     0.00
  MONTH TO DATE    5.60                      2.38   3.22     2.86
  SINCE JUN 1      7.80                      7.58   0.22    13.32
  SINCE JAN 1     24.24                     19.44   4.80    19.39

SNOWFALL (IN)
  YESTERDAY        0.0           0.0  2007   0.0    0.0      0.0
  MONTH TO DATE    0.0                       0.0    0.0      0.0
  SINCE JUN 1      0.0                       0.0    0.0      0.0
  SINCE JUL 1      0.0                       0.0    0.0      0.0
  SNOW DEPTH       0

DEGREE DAYS
 HEATING
  YESTERDAY        0                         0      0        0
  MONTH TO DATE    0                         0      0        1
  SINCE JUN 1      0                         6     -6        1
  SINCE JUL 1      0                         0      0        1

 COOLING
  YESTERDAY       13                        16     -3       19
  MONTH TO DATE  350                       331     19      228
  SINCE JUN 1    809                       660    149      570
  SINCE JAN 1    922                       796    126      837
..................................................................


WIND (MPH)
  HIGHEST WIND SPEED    20   HIGHEST WIND DIRECTION    NE (60)
  HIGHEST GUST SPEED    24   HIGHEST GUST DIRECTION    NE (50)
  AVERAGE WIND SPEED     9.6


SKY COVER
  POSSIBLE SUNSHINE  MM
  AVERAGE SKY COVER 0.7


WEATHER CONDITIONS
 THE FOLLOWING WEATHER WAS RECORDED YESTERDAY.
  THUNDERSTORM
  HEAVY RAIN
  LIGHT RAIN
  FOG


RELATIVE HUMIDITY (PERCENT)
 HIGHEST    87           600 PM
 LOWEST     69          1200 PM
 AVERAGE    78

..........................................................


THE WICHITA EISENHOWER NATIONAL CLIMATE NORMALS FOR TODAY
                         NORMAL    RECORD    YEAR
 MAXIMUM TEMPERATURE (F)   93       107      2001
                                             1981
                                             1954
 MINIMUM TEMPERATURE (F)   70        53      1970


SUNRISE AND SUNSET
JULY 22 2015..........SUNRISE   625 AM CDT   SUNSET   847 PM CDT
JULY 23 2015..........SUNRISE   626 AM CDT   SUNSET   846 PM CDT


-  INDICATES NEGATIVE NUMBERS.
R  INDICATES RECORD WAS SET OR TIED.
MM INDICATES DATA IS MISSING.
T  INDICATES TRACE AMOUNT.




$$
