000
CDUS43 KICT 070653
CLIICT


CLIMATE REPORT
NATIONAL WEATHER SERVICE WICHITA KS
1252 AM CST SAT JAN 7 2017


...................................

...THE WICHITA EISENHOWER NATIONAL CLIMATE SUMMARY FOR JANUARY 6 2017...

CLIMATE NORMAL PERIOD 1981 TO 2010
CLIMATE RECORD PERIOD 1888 TO 2017


WEATHER ITEM   OBSERVED TIME   RECORD YEAR NORMAL DEPARTURE LAST
                VALUE   (LST)  VALUE       VALUE  FROM      YEAR
                                                  NORMAL
..................................................................
TEMPERATURE (F)
 YESTERDAY
  MAXIMUM         22    432 PM  63    1903  42    -20       41
  MINIMUM          8   1127 PM -10    1912  22    -14       34
  AVERAGE         15                        32    -17       38

PRECIPITATION (IN)
  YESTERDAY        0.00          0.88 1940   0.03  -0.03     0.01
  MONTH TO DATE    0.05                      0.15  -0.10     0.02
  SINCE DEC 1      0.71                      1.35  -0.64     2.24
  SINCE JAN 1      0.05                      0.15  -0.10     0.02

SNOWFALL (IN)
  YESTERDAY        0.0           6.3  1988   0.1   -0.1       T
  MONTH TO DATE    T                         0.7   -0.7      0.1
  SINCE DEC 1      2.0                       4.9   -2.9      0.5
  SINCE JUL 1      2.0                       6.3   -4.3      0.8
  SNOW DEPTH       0

DEGREE DAYS
 HEATING
  YESTERDAY       50                        33     17       27
  MONTH TO DATE  216                       198     18      196
  SINCE DEC 1   1203                      1165     38      926
  SINCE JUL 1   1656                      2041   -385     1495

 COOLING
  YESTERDAY        0                         0      0        0
  MONTH TO DATE    0                         0      0        0
  SINCE DEC 1      0                         0      0        0
  SINCE JAN 1      0                         0      0        0
..................................................................


WIND (MPH)
  HIGHEST WIND SPEED    14   HIGHEST WIND DIRECTION     N (20)
  HIGHEST GUST SPEED    17   HIGHEST GUST DIRECTION     N (20)
  AVERAGE WIND SPEED     4.7


SKY COVER
  POSSIBLE SUNSHINE  MM
  AVERAGE SKY COVER 0.6


WEATHER CONDITIONS
 THE FOLLOWING WEATHER WAS RECORDED YESTERDAY.
  NO SIGNIFICANT WEATHER WAS OBSERVED.


RELATIVE HUMIDITY (PERCENT)
 HIGHEST    69          1000 PM
 LOWEST     39           300 PM
 AVERAGE    54

..........................................................


THE WICHITA EISENHOWER NATIONAL CLIMATE NORMALS FOR TODAY
                         NORMAL    RECORD    YEAR
 MAXIMUM TEMPERATURE (F)   42        69      1965
 MINIMUM TEMPERATURE (F)   22       -10      1912


SUNRISE AND SUNSET
JANUARY  7 2017.......SUNRISE   745 AM CST   SUNSET   527 PM CST
JANUARY  8 2017.......SUNRISE   745 AM CST   SUNSET   528 PM CST


-  INDICATES NEGATIVE NUMBERS.
R  INDICATES RECORD WAS SET OR TIED.
MM INDICATES DATA IS MISSING.
T  INDICATES TRACE AMOUNT.




$$
