000
CDUS43 KICT 020627
CLIICT


CLIMATE REPORT
NATIONAL WEATHER SERVICE WICHITA KS
1227 AM CST FRI DEC 2 2016


...................................

...THE WICHITA EISENHOWER NATIONAL CLIMATE SUMMARY FOR DECEMBER 1 2016...

CLIMATE NORMAL PERIOD 1981 TO 2010
CLIMATE RECORD PERIOD 1888 TO 2016


WEATHER ITEM   OBSERVED TIME   RECORD YEAR NORMAL DEPARTURE LAST
                VALUE   (LST)  VALUE       VALUE  FROM      YEAR
                                                  NORMAL
..................................................................
TEMPERATURE (F)
 YESTERDAY
  MAXIMUM         55    349 PM  71    1917  48      7       50
  MINIMUM         20    642 AM   3    2006  28     -8       25
  AVERAGE         38                        38      0       38

PRECIPITATION (IN)
  YESTERDAY        0.00          0.90 1933   0.05  -0.05     0.00
  MONTH TO DATE    0.00                      0.05  -0.05     0.00
  SINCE DEC 1      0.00                      0.05  -0.05     0.00
  SINCE JAN 1     49.94                     31.49  18.45    39.80

SNOWFALL (IN)
  YESTERDAY        0.0           0.7  1985   0.1   -0.1      0.0
  MONTH TO DATE    0.0                       0.1   -0.1      0.0
  SINCE DEC 1      0.0                       0.1   -0.1      0.0
  SINCE JUL 1      0.0                       1.5   -1.5      0.3
  SNOW DEPTH       0

DEGREE DAYS
 HEATING
  YESTERDAY       27                        27      0       27
  MONTH TO DATE   27                        27      0       27
  SINCE DEC 1     27                        27      0       27
  SINCE JUL 1    480                       903   -423      596

 COOLING
  YESTERDAY        0                         0      0        0
  MONTH TO DATE    0                         0      0        0
  SINCE DEC 1      0                         0      0        0
  SINCE JAN 1   2054                      1686    368     1907
..................................................................


WIND (MPH)
  HIGHEST WIND SPEED    10   HIGHEST WIND DIRECTION    NE (40)
  HIGHEST GUST SPEED    23   HIGHEST GUST DIRECTION     S (160)
  AVERAGE WIND SPEED     3.8


SKY COVER
  POSSIBLE SUNSHINE  MM
  AVERAGE SKY COVER 0.2


WEATHER CONDITIONS
 THE FOLLOWING WEATHER WAS RECORDED YESTERDAY.
  NO SIGNIFICANT WEATHER WAS OBSERVED.


RELATIVE HUMIDITY (PERCENT)
 HIGHEST    85           900 AM
 LOWEST     26           400 PM
 AVERAGE    56

..........................................................


THE WICHITA EISENHOWER NATIONAL CLIMATE NORMALS FOR TODAY
                         NORMAL    RECORD    YEAR
 MAXIMUM TEMPERATURE (F)   48        69      2012
 MINIMUM TEMPERATURE (F)   27         4      1985


SUNRISE AND SUNSET
DECEMBER  2 2016......SUNRISE   727 AM CST   SUNSET   511 PM CST
DECEMBER  3 2016......SUNRISE   728 AM CST   SUNSET   511 PM CST


-  INDICATES NEGATIVE NUMBERS.
R  INDICATES RECORD WAS SET OR TIED.
MM INDICATES DATA IS MISSING.
T  INDICATES TRACE AMOUNT.




$$
