000
CDUS43 KICT 180623
CLIICT

CLIMATE REPORT
NATIONAL WEATHER SERVICE WICHITA KS
123 AM CDT THU AUG 18 2016


...................................

...THE WICHITA EISENHOWER NATIONAL CLIMATE SUMMARY FOR AUGUST 17 2016...

CLIMATE NORMAL PERIOD 1981 TO 2010
CLIMATE RECORD PERIOD 1888 TO 2016


WEATHER ITEM   OBSERVED TIME   RECORD YEAR NORMAL DEPARTURE LAST
                VALUE   (LST)  VALUE       VALUE  FROM      YEAR
                                                  NORMAL
..................................................................
TEMPERATURE (F)
 YESTERDAY
  MAXIMUM         92    409 PM 106    1956  91      1       91
                                      1909
  MINIMUM         66    610 AM  57    1992  69     -3       67
  AVERAGE         79                        80     -1       79

PRECIPITATION (IN)
  YESTERDAY        0.00          1.57 1946   0.13  -0.13     0.00
  MONTH TO DATE    6.99                      1.98   5.01     3.50
  SINCE JUN 1     19.49                     10.50   8.99    13.10
  SINCE JAN 1     35.05                     22.36  12.69    29.54

SNOWFALL (IN)
  YESTERDAY        0.0           0.0  2007   0.0    0.0      0.0
  MONTH TO DATE    0.0                       0.0    0.0      0.0
  SINCE JUN 1      0.0                       0.0    0.0      0.0
  SINCE JUL 1      0.0                       0.0    0.0      0.0
  SNOW DEPTH       0

DEGREE DAYS
 HEATING
  YESTERDAY        0                         0      0        0
  MONTH TO DATE    0                         0      0        0
  SINCE JUN 1      0                         6     -6        0
  SINCE JUL 1      0                         0      0        0

 COOLING
  YESTERDAY       14                        15     -1       14
  MONTH TO DATE  287                       269     18      253
  SINCE JUN 1   1361                      1095    266     1255
  SINCE JAN 1   1491                      1231    260     1368
..................................................................


WIND (MPH)
  HIGHEST WIND SPEED    17   HIGHEST WIND DIRECTION     S (180)
  HIGHEST GUST SPEED    23   HIGHEST GUST DIRECTION     S (170)
  AVERAGE WIND SPEED    10.5


SKY COVER
  POSSIBLE SUNSHINE  MM
  AVERAGE SKY COVER 0.2


WEATHER CONDITIONS
 THE FOLLOWING WEATHER WAS RECORDED YESTERDAY.
  NO SIGNIFICANT WEATHER WAS OBSERVED.


RELATIVE HUMIDITY (PERCENT)
 HIGHEST    87           600 AM
 LOWEST     41           400 PM
 AVERAGE    64

..........................................................


THE WICHITA EISENHOWER NATIONAL CLIMATE NORMALS FOR TODAY
                         NORMAL    RECORD    YEAR
 MAXIMUM TEMPERATURE (F)   91       106      1970
 MINIMUM TEMPERATURE (F)   69        54      1943


SUNRISE AND SUNSET
AUGUST 18 2016........SUNRISE   648 AM CDT   SUNSET   818 PM CDT
AUGUST 19 2016........SUNRISE   649 AM CDT   SUNSET   816 PM CDT


-  INDICATES NEGATIVE NUMBERS.
R  INDICATES RECORD WAS SET OR TIED.
MM INDICATES DATA IS MISSING.
T  INDICATES TRACE AMOUNT.




$$
