000
CDUS43 KICT 050641
CLIICT


CLIMATE REPORT
NATIONAL WEATHER SERVICE WICHITA KS
138 AM CDT THU OCT 5 2017


...................................

...THE WICHITA EISENHOWER NATIONAL CLIMATE SUMMARY FOR OCTOBER 4 2017...

CLIMATE NORMAL PERIOD 1981 TO 2010
CLIMATE RECORD PERIOD 1888 TO 2017


WEATHER ITEM   OBSERVED TIME   RECORD YEAR NORMAL DEPARTURE LAST
                VALUE   (LST)  VALUE       VALUE  FROM      YEAR
                                                  NORMAL
..................................................................
TEMPERATURE (F)
 YESTERDAY
  MAXIMUM         73    547 AM  95    1954  74     -1       82
                                      1898
  MINIMUM         63   1113 AM  35    1999  51     12       56
  AVERAGE         68                        63      5       69

PRECIPITATION (IN)
  YESTERDAY        1.97R         1.37 1954   0.11   1.86     0.34
  MONTH TO DATE    1.97                      0.43   1.54     0.34
  SINCE SEP 1      4.31                      3.57   0.74    11.64
  SINCE JAN 1     31.66                     27.66   4.00    47.98

SNOWFALL (IN)
  YESTERDAY        0.0                       0.0    0.0      0.0
  MONTH TO DATE    0.0                       0.0    0.0      0.0
  SINCE SEP 1      0.0                       0.0    0.0      0.0
  SINCE JUL 1      0.0                       0.0    0.0      0.0
  SNOW DEPTH       0

DEGREE DAYS
 HEATING
  YESTERDAY        0                         5     -5        0
  MONTH TO DATE    0                        17    -17        1
  SINCE SEP 1      6                        59    -53       15
  SINCE JUL 1      6                        60    -54       15

 COOLING
  YESTERDAY        3                         2      1        4
  MONTH TO DATE   32                        11     21       17
  SINCE SEP 1    308                       233     75      297
  SINCE JAN 1   1747                      1660     87     1969
..................................................................


WIND (MPH)
  HIGHEST WIND SPEED    18   HIGHEST WIND DIRECTION     S (180)
  HIGHEST GUST SPEED    22   HIGHEST GUST DIRECTION     S (180)
  AVERAGE WIND SPEED     6.8


SKY COVER
  AVERAGE SKY COVER 1.0


WEATHER CONDITIONS
 THE FOLLOWING WEATHER WAS RECORDED YESTERDAY.
  THUNDERSTORM
  HEAVY RAIN
  RAIN
  LIGHT RAIN
  FOG


RELATIVE HUMIDITY (PERCENT)
 HIGHEST   100           200 AM
 LOWEST     90          1200 AM
 AVERAGE    95

..........................................................


THE WICHITA EISENHOWER NATIONAL CLIMATE NORMALS FOR TODAY
                         NORMAL    RECORD    YEAR
 MAXIMUM TEMPERATURE (F)   74        95      1947
 MINIMUM TEMPERATURE (F)   51        36      1991
                                             1932
                                             1902


SUNRISE AND SUNSET
OCTOBER  5 2017.......SUNRISE   729 AM CDT   SUNSET   706 PM CDT
OCTOBER  6 2017.......SUNRISE   730 AM CDT   SUNSET   705 PM CDT


-  INDICATES NEGATIVE NUMBERS.
R  INDICATES RECORD WAS SET OR TIED.
MM INDICATES DATA IS MISSING.
T  INDICATES TRACE AMOUNT.

$$
