000
CDUS43 KICT 120627
CLIICT


CLIMATE REPORT
NATIONAL WEATHER SERVICE WICHITA KS
127 AM CDT MON SEP 12 2016


...................................

...THE WICHITA EISENHOWER NATIONAL CLIMATE SUMMARY FOR SEPTEMBER 11 2016...

CLIMATE NORMAL PERIOD 1981 TO 2010
CLIMATE RECORD PERIOD 1888 TO 2016


WEATHER ITEM   OBSERVED TIME   RECORD YEAR NORMAL DEPARTURE LAST
                VALUE   (LST)  VALUE       VALUE  FROM      YEAR
                                                  NORMAL
..................................................................
TEMPERATURE (F)
 YESTERDAY
  MAXIMUM         81    408 PM 106    2000  85     -4       78
  MINIMUM         54    625 AM  42    1959  62     -8       60
  AVERAGE         68                        73     -5       69

PRECIPITATION (IN)
  YESTERDAY        0.00          1.72 2003   0.10  -0.10     0.00
  MONTH TO DATE    8.96                      1.19   7.77     1.14
  SINCE SEP 1      8.96                      1.19   7.77     1.14
  SINCE JAN 1     45.30                     25.28  20.02    33.56

SNOWFALL (IN)
  YESTERDAY        0.0           0.0  2007   0.0    0.0      0.0
  MONTH TO DATE    0.0                       0.0    0.0      0.0
  SINCE SEP 1      0.0                       0.0    0.0      0.0
  SINCE JUL 1      0.0                       0.0    0.0      0.0
  SNOW DEPTH       0

DEGREE DAYS
 HEATING
  YESTERDAY        0                         1     -1        0
  MONTH TO DATE    0                         1     -1        0
  SINCE SEP 1      0                         1     -1        0
  SINCE JUL 1      0                         2     -2        0

 COOLING
  YESTERDAY        3                         9     -6        4
  MONTH TO DATE  130                       114     16      177
  SINCE SEP 1    130                       114     16      177
  SINCE JAN 1   1802                      1541    261     1668
..................................................................


WIND (MPH)
  HIGHEST WIND SPEED    21   HIGHEST WIND DIRECTION     S (180)
  HIGHEST GUST SPEED    26   HIGHEST GUST DIRECTION     S (170)
  AVERAGE WIND SPEED    10.6


SKY COVER
  POSSIBLE SUNSHINE  MM
  AVERAGE SKY COVER 0.0


WEATHER CONDITIONS
 THE FOLLOWING WEATHER WAS RECORDED YESTERDAY.
  NO SIGNIFICANT WEATHER WAS OBSERVED.


RELATIVE HUMIDITY (PERCENT)
 HIGHEST    93           400 AM
 LOWEST     42           300 PM
 AVERAGE    68

..........................................................


THE WICHITA EISENHOWER NATIONAL CLIMATE NORMALS FOR TODAY
                         NORMAL    RECORD    YEAR
 MAXIMUM TEMPERATURE (F)   84       101      1980
 MINIMUM TEMPERATURE (F)   61        41      1902


SUNRISE AND SUNSET
SEPTEMBER 12 2016.....SUNRISE   709 AM CDT   SUNSET   741 PM CDT
SEPTEMBER 13 2016.....SUNRISE   710 AM CDT   SUNSET   740 PM CDT


-  INDICATES NEGATIVE NUMBERS.
R  INDICATES RECORD WAS SET OR TIED.
MM INDICATES DATA IS MISSING.
T  INDICATES TRACE AMOUNT.




$$
