000
CDUS43 KICT 150658
CLIICT


CLIMATE REPORT
NATIONAL WEATHER SERVICE WICHITA KS
157 AM CDT FRI JUL 15 2016


...................................

...THE WICHITA EISENHOWER NATIONAL CLIMATE SUMMARY FOR JULY 14 2016...

CLIMATE NORMAL PERIOD 1981 TO 2010
CLIMATE RECORD PERIOD 1888 TO 2016


WEATHER ITEM   OBSERVED TIME   RECORD YEAR NORMAL DEPARTURE LAST
                VALUE   (LST)  VALUE       VALUE  FROM      YEAR
                                                  NORMAL
..................................................................
TEMPERATURE (F)
 YESTERDAY
  MAXIMUM         84    704 PM 113    1954  93     -9       95
  MINIMUM         69   1154 PM  52    1990  70     -1       78
                                      1967
  AVERAGE         77                        81     -4       87

PRECIPITATION (IN)
  YESTERDAY        0.50          1.86 1907   0.11   0.39     0.00
  MONTH TO DATE    8.40                      1.69   6.71     4.87
  SINCE JUN 1     11.23                      6.89   4.34     7.07
  SINCE JAN 1     26.79                     18.75   8.04    23.51

SNOWFALL (IN)
  YESTERDAY        0.0           0.0  2007   0.0    0.0      0.0
  MONTH TO DATE    0.0                       0.0    0.0      0.0
  SINCE JUN 1      0.0                       0.0    0.0      0.0
  SINCE JUL 1      0.0                       0.0    0.0      0.0
  SNOW DEPTH       0

DEGREE DAYS
 HEATING
  YESTERDAY        0                         0      0        0
  MONTH TO DATE    0                         0      0        0
  SINCE JUN 1      0                         6     -6        0
  SINCE JUL 1      0                         0      0        0

 COOLING
  YESTERDAY       12                        16     -4       22
  MONTH TO DATE  248                       219     29      206
  SINCE JUN 1    734                       548    186      665
  SINCE JAN 1    864                       684    180      778
..................................................................


WIND (MPH)
  HIGHEST WIND SPEED    62   HIGHEST WIND DIRECTION    NW (330)
  HIGHEST GUST SPEED    80   HIGHEST GUST DIRECTION    NW (330)
  AVERAGE WIND SPEED     6.1


SKY COVER
  POSSIBLE SUNSHINE  MM
  AVERAGE SKY COVER 0.6


WEATHER CONDITIONS
 THE FOLLOWING WEATHER WAS RECORDED YESTERDAY.
  THUNDERSTORM
  RAIN
  LIGHT RAIN
  FOG
  HAZE


RELATIVE HUMIDITY (PERCENT)
 HIGHEST    90          1000 AM
 LOWEST     55           500 PM
 AVERAGE    73

..........................................................


THE WICHITA EISENHOWER NATIONAL CLIMATE NORMALS FOR TODAY
                         NORMAL    RECORD    YEAR
 MAXIMUM TEMPERATURE (F)   93       110      1936
 MINIMUM TEMPERATURE (F)   70        55      2014
                                             1990


SUNRISE AND SUNSET
JULY 15 2016..........SUNRISE   621 AM CDT   SUNSET   851 PM CDT
JULY 16 2016..........SUNRISE   621 AM CDT   SUNSET   850 PM CDT


-  INDICATES NEGATIVE NUMBERS.
R  INDICATES RECORD WAS SET OR TIED.
MM INDICATES DATA IS MISSING.
T  INDICATES TRACE AMOUNT.




$$
