000
CDUS43 KICT 242305
CLIICT

CLIMATE REPORT
NATIONAL WEATHER SERVICE WICHITA KS
504 PM CST SAT JAN 24 2015


...................................

...THE WICHITA MID CONTINENT CLIMATE SUMMARY FOR JANUARY 24 2015...
VALID TODAY AS OF 0500 PM LOCAL TIME.

CLIMATE NORMAL PERIOD 1981 TO 2010
CLIMATE RECORD PERIOD 1888 TO 2015


WEATHER ITEM   OBSERVED TIME   RECORD YEAR NORMAL DEPARTURE LAST
                VALUE   (LST)  VALUE       VALUE  FROM      YEAR
                                                  NORMAL
..................................................................
TEMPERATURE (F)
 TODAY
  MAXIMUM         66    330 PM  74    1981  43     23       49
  MINIMUM         30    750 AM -12    1894  22      8        4
  AVERAGE         48                        33     15       27

PRECIPITATION (IN)
  TODAY            0.00          0.70 1921   0.03  -0.03     0.00
  MONTH TO DATE    0.44                      0.60  -0.16     0.11
  SINCE DEC 1      1.73                      1.80  -0.07     0.71
  SINCE JAN 1      0.44                      0.60  -0.16     0.11

SNOWFALL (IN)
  TODAY            0.0           1.8  1966   0.2   -0.2      0.0
  MONTH TO DATE    4.0                       2.7    1.3      2.9
  SINCE DEC 1      8.2                       6.9    1.3      6.3
  SINCE JUL 1     10.0                       8.3    1.7      6.3
  SNOW DEPTH       0

DEGREE DAYS
 HEATING
  TODAY           17                        32    -15       38
  MONTH TO DATE  806                       790     16      796
  SINCE DEC 1   1631                      1757   -126     1866
  SINCE JUL 1   2511                      2633   -122     2751

 COOLING
  TODAY            0                         0      0        0
  MONTH TO DATE    0                         0      0        0
  SINCE DEC 1      0                         0      0        0
  SINCE JAN 1      0                         0      0        0
..................................................................


WIND (MPH)
  HIGHEST WIND SPEED    24   HIGHEST WIND DIRECTION     W (260)
  HIGHEST GUST SPEED    30   HIGHEST GUST DIRECTION     W (260)
  AVERAGE WIND SPEED    11.8


SKY COVER
  POSSIBLE SUNSHINE  MM
  AVERAGE SKY COVER 0.2


WEATHER CONDITIONS
 THE FOLLOWING WEATHER WAS RECORDED TODAY.
  NO SIGNIFICANT WEATHER WAS OBSERVED.


RELATIVE HUMIDITY (PERCENT)
 HIGHEST    78           700 AM
 LOWEST     24           300 PM
 AVERAGE    51

..........................................................


THE WICHITA MID CONTINENT CLIMATE NORMALS FOR TOMORROW
                         NORMAL    RECORD    YEAR
 MAXIMUM TEMPERATURE (F)   43        67      2005
                                             1911
 MINIMUM TEMPERATURE (F)   22        -6      1905


SUNRISE AND SUNSET
JANUARY 24 2015.......SUNRISE   739 AM CST   SUNSET   544 PM CST
JANUARY 25 2015.......SUNRISE   739 AM CST   SUNSET   546 PM CST


-  INDICATES NEGATIVE NUMBERS.
R  INDICATES RECORD WAS SET OR TIED.
MM INDICATES DATA IS MISSING.
T  INDICATES TRACE AMOUNT.




$$
