000
CDUS43 KICT 152318
CLIICT


CLIMATE REPORT
NATIONAL WEATHER SERVICE WICHITA KS
517 PM CST SUN JAN 15 2017


...................................

...THE WICHITA EISENHOWER NATIONAL CLIMATE SUMMARY FOR JANUARY 15 2017...
VALID TODAY AS OF 0500 PM LOCAL TIME.

CLIMATE NORMAL PERIOD 1981 TO 2010
CLIMATE RECORD PERIOD 1888 TO 2017


WEATHER ITEM   OBSERVED TIME   RECORD YEAR NORMAL DEPARTURE LAST
                VALUE   (LST)  VALUE       VALUE  FROM      YEAR
                                                  NORMAL
..................................................................
TEMPERATURE (F)
 TODAY
  MAXIMUM         35    233 PM  68    1990  42     -7       46
  MINIMUM         32    922 AM -11    1905  22     10       30
  AVERAGE         34                        32      2       38

PRECIPITATION (IN)
  TODAY            0.95R         0.70 1889   0.02   0.93     0.00
  MONTH TO DATE    1.33                      0.35   0.98     0.18
  SINCE DEC 1      1.99                      1.55   0.44     2.40
  SINCE JAN 1      1.33                      0.35   0.98     0.18

SNOWFALL (IN)
  TODAY            0.0           3.0  1978   0.1   -0.1      0.0
  MONTH TO DATE    T                         1.6   -1.6      0.1
  SINCE DEC 1      2.0                       5.8   -3.8      0.5
  SINCE JUL 1      2.0                       7.2   -5.2      0.8
  SNOW DEPTH       0

DEGREE DAYS
 HEATING
  TODAY           31                        33     -2       27
  MONTH TO DATE  506                       495     11      473
  SINCE DEC 1   1493                      1462     31     1203
  SINCE JUL 1   1946                      2338   -392     1772

 COOLING
  TODAY            0                         0      0        0
  MONTH TO DATE    0                         0      0        0
  SINCE DEC 1      0                         0      0        0
  SINCE JAN 1      0                         0      0        0
..................................................................


WIND (MPH)
  HIGHEST WIND SPEED    12   HIGHEST WIND DIRECTION    NE (60)
  HIGHEST GUST SPEED    15   HIGHEST GUST DIRECTION    NE (50)
  AVERAGE WIND SPEED     7.1


SKY COVER
  POSSIBLE SUNSHINE  MM
  AVERAGE SKY COVER 0.9


WEATHER CONDITIONS
 THE FOLLOWING WEATHER WAS RECORDED TODAY.
  RAIN
  LIGHT RAIN
  FREEZING RAIN
  LT FREEZING RAIN
  FOG


RELATIVE HUMIDITY (PERCENT)
 HIGHEST   100          1200 PM
 LOWEST     89          1000 AM
 AVERAGE    95

..........................................................


THE WICHITA EISENHOWER NATIONAL CLIMATE NORMALS FOR TOMORROW
                         NORMAL    RECORD    YEAR
 MAXIMUM TEMPERATURE (F)   42        72      1894
 MINIMUM TEMPERATURE (F)   22        -5      1930


SUNRISE AND SUNSET
JANUARY 15 2017.......SUNRISE   743 AM CST   SUNSET   535 PM CST
JANUARY 16 2017.......SUNRISE   743 AM CST   SUNSET   536 PM CST


-  INDICATES NEGATIVE NUMBERS.
R  INDICATES RECORD WAS SET OR TIED.
MM INDICATES DATA IS MISSING.
T  INDICATES TRACE AMOUNT.




$$
