000
CDUS43 KICT 152209
CLIICT


CLIMATE REPORT
NATIONAL WEATHER SERVICE WICHITA KS
509 PM CDT WED OCT 15 2014


...................................

...THE WICHITA MID CONTINENT CLIMATE SUMMARY FOR OCTOBER 15 2014...
VALID TODAY AS OF 0500 PM LOCAL TIME.

CLIMATE NORMAL PERIOD 1981 TO 2010
CLIMATE RECORD PERIOD 1888 TO 2014


WEATHER ITEM   OBSERVED TIME   RECORD YEAR NORMAL DEPARTURE LAST
                VALUE   (LST)  VALUE       VALUE  FROM      YEAR
                                                  NORMAL
..................................................................
TEMPERATURE (F)
 TODAY
  MAXIMUM         74    244 PM  89    1950  70      4       63
  MINIMUM         42    714 AM  33    1974  47     -5       44
                                      1943
  AVERAGE         58                        59     -1       54

PRECIPITATION (IN)
  TODAY            0.00          1.30 1916   0.09  -0.09     0.00
  MONTH TO DATE    1.38                      1.47  -0.09     0.73
  SINCE SEP 1      1.85                      4.61  -2.76     2.76
  SINCE JAN 1     23.83                     28.70  -4.87    36.93

SNOWFALL (IN)
  TODAY            0.0           0.0  2007   0.0    0.0      0.0
  MONTH TO DATE    0.0                       0.0    0.0      0.0
  SINCE SEP 1      0.0                       0.0    0.0      0.0
  SINCE JUL 1      0.0                       0.0    0.0      0.0
  SNOW DEPTH       0

DEGREE DAYS
 HEATING
  TODAY            7                         7      0       11
  MONTH TO DATE   72                        84    -12       47
  SINCE SEP 1     92                       126    -34       51
  SINCE JUL 1     93                       127    -34       52

 COOLING
  TODAY            0                         1     -1        0
  MONTH TO DATE   44                        28     16       51
  SINCE SEP 1    319                       250     69      365
  SINCE JAN 1   1815                      1677    138     1778
..................................................................


WIND (MPH)
  HIGHEST WIND SPEED    10   HIGHEST WIND DIRECTION    SW (240)
  HIGHEST GUST SPEED    17   HIGHEST GUST DIRECTION    SW (220)
  AVERAGE WIND SPEED     5.4


SKY COVER
  POSSIBLE SUNSHINE  MM
  AVERAGE SKY COVER 0.0


WEATHER CONDITIONS
 THE FOLLOWING WEATHER WAS RECORDED TODAY.
  HAZE


RELATIVE HUMIDITY (PERCENT)
 HIGHEST    82           700 AM
 LOWEST     29           300 PM
 AVERAGE    56

..........................................................


THE WICHITA MID CONTINENT CLIMATE NORMALS FOR TOMORROW
                         NORMAL    RECORD    YEAR
 MAXIMUM TEMPERATURE (F)   70        89      1995
 MINIMUM TEMPERATURE (F)   47        27      1966


SUNRISE AND SUNSET
OCTOBER 15 2014.......SUNRISE   738 AM CDT   SUNSET   652 PM CDT
OCTOBER 16 2014.......SUNRISE   739 AM CDT   SUNSET   651 PM CDT


-  INDICATES NEGATIVE NUMBERS.
R  INDICATES RECORD WAS SET OR TIED.
MM INDICATES DATA IS MISSING.
T  INDICATES TRACE AMOUNT.




$$
