000
CDUS43 KICT 112208
CLIICT


CLIMATE REPORT
NATIONAL WEATHER SERVICE WICHITA KS
508 PM CDT THU AUG 11 2016


...................................

...THE WICHITA EISENHOWER NATIONAL CLIMATE SUMMARY FOR AUGUST 11 2016...
VALID TODAY AS OF 0500 PM LOCAL TIME.

CLIMATE NORMAL PERIOD 1981 TO 2010
CLIMATE RECORD PERIOD 1888 TO 2016


WEATHER ITEM   OBSERVED TIME   RECORD YEAR NORMAL DEPARTURE LAST
                VALUE   (LST)  VALUE       VALUE  FROM      YEAR
                                                  NORMAL
..................................................................
TEMPERATURE (F)
 TODAY
  MAXIMUM         98    326 PM 112    1936  92      6       86
  MINIMUM         77    558 AM  52    1967  70      7       71
  AVERAGE         88                        81      7       79

PRECIPITATION (IN)
  TODAY            0.00          2.20 1977   0.12  -0.12     0.00
  MONTH TO DATE    6.82                      1.24   5.58     3.50
  SINCE JUN 1     19.32                      9.76   9.56    13.10
  SINCE JAN 1     34.88                     21.62  13.26    29.54

SNOWFALL (IN)
  TODAY            0.0           0.0  2007   0.0    0.0      0.0
  MONTH TO DATE    0.0                       0.0    0.0      0.0
  SINCE JUN 1      0.0                       0.0    0.0      0.0
  SINCE JUL 1      0.0                       0.0    0.0      0.0
  SNOW DEPTH       0

DEGREE DAYS
 HEATING
  TODAY            0                         0      0        0
  MONTH TO DATE    0                         0      0        0
  SINCE JUN 1      0                         6     -6        0
  SINCE JUL 1      0                         0      0        0

 COOLING
  TODAY           23                        16      7       14
  MONTH TO DATE  205                       176     29      180
  SINCE JUN 1   1279                      1002    277     1182
  SINCE JAN 1   1409                      1138    271     1295
..................................................................


WIND (MPH)
  HIGHEST WIND SPEED    21   HIGHEST WIND DIRECTION     S (200)
  HIGHEST GUST SPEED    26   HIGHEST GUST DIRECTION     S (200)
  AVERAGE WIND SPEED    12.5


SKY COVER
  POSSIBLE SUNSHINE  MM
  AVERAGE SKY COVER 0.2


WEATHER CONDITIONS
 THE FOLLOWING WEATHER WAS RECORDED TODAY.
  NO SIGNIFICANT WEATHER WAS OBSERVED.


RELATIVE HUMIDITY (PERCENT)
 HIGHEST    88           600 AM
 LOWEST     45           400 PM
 AVERAGE    67

..........................................................


THE WICHITA EISENHOWER NATIONAL CLIMATE NORMALS FOR TOMORROW
                         NORMAL    RECORD    YEAR
 MAXIMUM TEMPERATURE (F)   92       114      1936
 MINIMUM TEMPERATURE (F)   70        50      1967


SUNRISE AND SUNSET
AUGUST 11 2016........SUNRISE   642 AM CDT   SUNSET   826 PM CDT
AUGUST 12 2016........SUNRISE   643 AM CDT   SUNSET   825 PM CDT


-  INDICATES NEGATIVE NUMBERS.
R  INDICATES RECORD WAS SET OR TIED.
MM INDICATES DATA IS MISSING.
T  INDICATES TRACE AMOUNT.




$$
