000
CDUS43 KICT 220628
CLIICT

CLIMATE REPORT
NATIONAL WEATHER SERVICE WICHITA KS
1228 AM CST TUE NOV 22 2016


...................................

...THE WICHITA EISENHOWER NATIONAL CLIMATE SUMMARY FOR NOVEMBER 21 2016...

CLIMATE NORMAL PERIOD 1981 TO 2010
CLIMATE RECORD PERIOD 1888 TO 2016


WEATHER ITEM   OBSERVED TIME   RECORD YEAR NORMAL DEPARTURE LAST
                VALUE   (LST)  VALUE       VALUE  FROM      YEAR
                                                  NORMAL
..................................................................
TEMPERATURE (F)
 YESTERDAY
  MAXIMUM         62    231 PM  74    2012  53      9       44
  MINIMUM         35    235 AM  10    1898  32      3       24
  AVERAGE         49                        43      6       34

PRECIPITATION (IN)
  YESTERDAY        0.00          1.07 1934   0.05  -0.05      T
  MONTH TO DATE    0.14                      1.06  -0.92     0.92
  SINCE SEP 1     13.48                      6.98   6.50     4.13
  SINCE JAN 1     49.82                     31.07  18.75    36.55

SNOWFALL (IN)
  YESTERDAY        0.0           4.6  1898   0.1   -0.1       T
  MONTH TO DATE    0.0                       0.6   -0.6       T
  SINCE SEP 1      0.0                       0.7   -0.7       T
  SINCE JUL 1      0.0                       0.7   -0.7       T
  SNOW DEPTH       0

DEGREE DAYS
 HEATING
  YESTERDAY       16                        22     -6       31
  MONTH TO DATE  207                       365   -158      236
  SINCE SEP 1    297                       650   -353      361
  SINCE JUL 1    297                       651   -354      361

 COOLING
  YESTERDAY        0                         0      0        0
  MONTH TO DATE   11                         0     11        2
  SINCE SEP 1    382                       257    125      416
  SINCE JAN 1   2054                      1684    370     1907
..................................................................


WIND (MPH)
  HIGHEST WIND SPEED    22   HIGHEST WIND DIRECTION    SE (140)
  HIGHEST GUST SPEED    27   HIGHEST GUST DIRECTION    SE (140)
  AVERAGE WIND SPEED     9.7


SKY COVER
  POSSIBLE SUNSHINE  MM
  AVERAGE SKY COVER 0.7


WEATHER CONDITIONS
 THE FOLLOWING WEATHER WAS RECORDED YESTERDAY.
  NO SIGNIFICANT WEATHER WAS OBSERVED.


RELATIVE HUMIDITY (PERCENT)
 HIGHEST    70           200 AM
 LOWEST     37           100 PM
 AVERAGE    54

..........................................................


THE WICHITA EISENHOWER NATIONAL CLIMATE NORMALS FOR TODAY
                         NORMAL    RECORD    YEAR
 MAXIMUM TEMPERATURE (F)   53        78      1966
 MINIMUM TEMPERATURE (F)   32         8      1929


SUNRISE AND SUNSET
NOVEMBER 22 2016......SUNRISE   717 AM CST   SUNSET   514 PM CST
NOVEMBER 23 2016......SUNRISE   719 AM CST   SUNSET   514 PM CST


-  INDICATES NEGATIVE NUMBERS.
R  INDICATES RECORD WAS SET OR TIED.
MM INDICATES DATA IS MISSING.
T  INDICATES TRACE AMOUNT.




$$
