922
CDUS43 KICT 102303
CLIICT


CLIMATE REPORT
NATIONAL WEATHER SERVICE WICHITA KS
503 PM CST TUE JAN 10 2017


...................................

...THE WICHITA EISENHOWER NATIONAL CLIMATE SUMMARY FOR JANUARY 10 2017...
VALID TODAY AS OF 0500 PM LOCAL TIME.

CLIMATE NORMAL PERIOD 1981 TO 2010
CLIMATE RECORD PERIOD 1888 TO 2017


WEATHER ITEM   OBSERVED TIME   RECORD YEAR NORMAL DEPARTURE LAST
                VALUE   (LST)  VALUE       VALUE  FROM      YEAR
                                                  NORMAL
..................................................................
TEMPERATURE (F)
 TODAY
  MAXIMUM         60    336 PM  74    1911  42     18       28
  MINIMUM         50    459 PM -10    1982  22     28        7
  AVERAGE         55                        32     23       18

PRECIPITATION (IN)
  TODAY            0.00          0.85 1949   0.02  -0.02     0.00
  MONTH TO DATE    0.05                      0.24  -0.19     0.18
  SINCE DEC 1      0.71                      1.44  -0.73     2.40
  SINCE JAN 1      0.05                      0.24  -0.19     0.18

SNOWFALL (IN)
  TODAY            0.0           6.8  1918   0.1   -0.1      0.0
  MONTH TO DATE    T                         1.1   -1.1      0.1
  SINCE DEC 1      2.0                       5.3   -3.3      0.5
  SINCE JUL 1      2.0                       6.7   -4.7      0.8
  SNOW DEPTH       0

DEGREE DAYS
 HEATING
  TODAY           10                        33    -23       47
  MONTH TO DATE  336                       330      6      334
  SINCE DEC 1   1323                      1297     26     1064
  SINCE JUL 1   1776                      2173   -397     1633

 COOLING
  TODAY            0                         0      0        0
  MONTH TO DATE    0                         0      0        0
  SINCE DEC 1      0                         0      0        0
  SINCE JAN 1      0                         0      0        0
..................................................................


WIND (MPH)
  HIGHEST WIND SPEED    32   HIGHEST WIND DIRECTION    NW (320)
  HIGHEST GUST SPEED    42   HIGHEST GUST DIRECTION    NW (330)
  AVERAGE WIND SPEED    19.1


SKY COVER
  POSSIBLE SUNSHINE  MM
  AVERAGE SKY COVER 0.6


WEATHER CONDITIONS
 THE FOLLOWING WEATHER WAS RECORDED TODAY.
  NO SIGNIFICANT WEATHER WAS OBSERVED.


RELATIVE HUMIDITY (PERCENT)
 HIGHEST    66          1200 AM
 LOWEST     23           200 PM
 AVERAGE    45

..........................................................


THE WICHITA EISENHOWER NATIONAL CLIMATE NORMALS FOR TOMORROW
                         NORMAL    RECORD    YEAR
 MAXIMUM TEMPERATURE (F)   42        70      2007
 MINIMUM TEMPERATURE (F)   22       -14      1918


SUNRISE AND SUNSET
JANUARY 10 2017.......SUNRISE   745 AM CST   SUNSET   530 PM CST
JANUARY 11 2017.......SUNRISE   744 AM CST   SUNSET   531 PM CST


-  INDICATES NEGATIVE NUMBERS.
R  INDICATES RECORD WAS SET OR TIED.
MM INDICATES DATA IS MISSING.
T  INDICATES TRACE AMOUNT.




$$
