000
CDUS43 KICT 200613
CLIICT


CLIMATE REPORT
NATIONAL WEATHER SERVICE WICHITA KS
1213 AM CST THU NOV 20 2014


...................................

...THE WICHITA MID CONTINENT KS CLIMATE SUMMARY FOR NOVEMBER 19 2014...

CLIMATE NORMAL PERIOD 1981 TO 2010
CLIMATE RECORD PERIOD 1888 TO 2014


WEATHER ITEM   OBSERVED TIME   RECORD YEAR NORMAL DEPARTURE LAST
                VALUE   (LST)  VALUE       VALUE  FROM      YEAR
                                                  NORMAL
..................................................................
TEMPERATURE (F)
 YESTERDAY
  MAXIMUM         51    206 PM  79    2007  54     -3       61
  MINIMUM         24    537 AM  10    1937  33     -9       41
  AVERAGE         38                        44     -6       51

PRECIPITATION (IN)
  YESTERDAY        0.00          1.30 1994   0.03  -0.03     0.00
  MONTH TO DATE    0.34                      0.97  -0.63     0.30
  SINCE SEP 1      2.22                      6.89  -4.67     5.38
  SINCE JAN 1     24.20                     30.98  -6.78    39.55

SNOWFALL (IN)
  YESTERDAY        0.0           6.1  1906   0.0    0.0      0.0
  MONTH TO DATE    1.8                       0.4    1.4      0.0
  SINCE SEP 1      1.8                       0.5    1.3       T
  SINCE JUL 1      1.8                       0.5    1.3       T
  SNOW DEPTH       T

DEGREE DAYS
 HEATING
  YESTERDAY       27                        21      6       14
  MONTH TO DATE  476                       321    155      302
  SINCE SEP 1    638                       606     32      555
  SINCE JUL 1    639                       607     32      556

 COOLING
  YESTERDAY        0                         0      0        0
  MONTH TO DATE    0                         0      0        0
  SINCE SEP 1    353                       257     96      365
  SINCE JAN 1   1849                      1684    165     1778
..................................................................


WIND (MPH)
  HIGHEST WIND SPEED    17   HIGHEST WIND DIRECTION     N (350)
  HIGHEST GUST SPEED    24   HIGHEST GUST DIRECTION     N (350)
  AVERAGE WIND SPEED     8.7


SKY COVER
  POSSIBLE SUNSHINE  MM
  AVERAGE SKY COVER 0.3


WEATHER CONDITIONS
 THE FOLLOWING WEATHER WAS RECORDED YESTERDAY.
  NO SIGNIFICANT WEATHER WAS OBSERVED.


RELATIVE HUMIDITY (PERCENT)
 HIGHEST    81           500 AM
 LOWEST     36           200 PM
 AVERAGE    59

..........................................................


THE WICHITA MID CONTINENT KS CLIMATE NORMALS FOR TODAY
                         NORMAL    RECORD    YEAR
 MAXIMUM TEMPERATURE (F)   54        83      1897
 MINIMUM TEMPERATURE (F)   33        13      1937


SUNRISE AND SUNSET
NOVEMBER 20 2014......SUNRISE   715 AM CST   SUNSET   515 PM CST
NOVEMBER 21 2014......SUNRISE   716 AM CST   SUNSET   515 PM CST


-  INDICATES NEGATIVE NUMBERS.
R  INDICATES RECORD WAS SET OR TIED.
MM INDICATES DATA IS MISSING.
T  INDICATES TRACE AMOUNT.




$$
