000
CDUS43 KICT 120645
CLIICT


CLIMATE REPORT
NATIONAL WEATHER SERVICE WICHITA KS
1245 AM CST SUN NOV 12 2017


...................................

...THE WICHITA EISENHOWER NATIONAL CLIMATE SUMMARY FOR NOVEMBER 11 2017...

CLIMATE NORMAL PERIOD 1981 TO 2010
CLIMATE RECORD PERIOD 1888 TO 2017


WEATHER ITEM   OBSERVED TIME   RECORD YEAR NORMAL DEPARTURE LAST
                VALUE   (LST)  VALUE       VALUE  FROM      YEAR
                                                  NORMAL
..................................................................
TEMPERATURE (F)
 YESTERDAY
  MAXIMUM         51    709 AM  80    1989  59     -8       65
                                      1956
  MINIMUM         42   1200 AM  10    1911  37      5       43
  AVERAGE         47                        48     -1       54

PRECIPITATION (IN)
  YESTERDAY        0.05          3.68 1922   0.05   0.00     0.00
  MONTH TO DATE    0.05                      0.62  -0.57     0.14
  SINCE SEP 1      5.99                      6.54  -0.55    13.48
  SINCE JAN 1     33.34                     30.63   2.71    49.82

SNOWFALL (IN)
  YESTERDAY        0.0           0.2  1904   0.0    0.0      0.0
  MONTH TO DATE    0.0                       0.1   -0.1      0.0
  SINCE SEP 1      0.0                       0.2   -0.2      0.0
  SINCE JUL 1      0.0                       0.2   -0.2      0.0
  SNOW DEPTH       0

DEGREE DAYS
 HEATING
  YESTERDAY       18                        17      1       11
  MONTH TO DATE  219                       165     54       70
  SINCE SEP 1    443                       450     -7      160
  SINCE JUL 1    443                       451     -8      160

 COOLING
  YESTERDAY        0                         0      0        0
  MONTH TO DATE    0                         0      0       11
  SINCE SEP 1    344                       257     87      382
  SINCE JAN 1   1783                      1684     99     2054
..................................................................


WIND (MPH)
  HIGHEST WIND SPEED    24   HIGHEST WIND DIRECTION     S (170)
  HIGHEST GUST SPEED    31   HIGHEST GUST DIRECTION     S (180)
  AVERAGE WIND SPEED    10.6


SKY COVER
  POSSIBLE SUNSHINE  MM
  AVERAGE SKY COVER 1.0


WEATHER CONDITIONS
 THE FOLLOWING WEATHER WAS RECORDED YESTERDAY.
  LIGHT RAIN
  FOG


RELATIVE HUMIDITY (PERCENT)
 HIGHEST   100          1200 PM
 LOWEST     63           700 AM
 AVERAGE    82

..........................................................


THE WICHITA EISENHOWER NATIONAL CLIMATE NORMALS FOR TODAY
                         NORMAL    RECORD    YEAR
 MAXIMUM TEMPERATURE (F)   58        82      1894
 MINIMUM TEMPERATURE (F)   36         9      1911


SUNRISE AND SUNSET
NOVEMBER 12 2017......SUNRISE   707 AM CST   SUNSET   521 PM CST
NOVEMBER 13 2017......SUNRISE   708 AM CST   SUNSET   520 PM CST


-  INDICATES NEGATIVE NUMBERS.
R  INDICATES RECORD WAS SET OR TIED.
MM INDICATES DATA IS MISSING.
T  INDICATES TRACE AMOUNT.




$$
