000
CDUS43 KICT 080630
CLIICT


CLIMATE REPORT
NATIONAL WEATHER SERVICE WICHITA KS
130 AM CDT FRI SEP 8 2017


...................................

...THE WICHITA EISENHOWER NATIONAL CLIMATE SUMMARY FOR SEPTEMBER 7 2017...

CLIMATE NORMAL PERIOD 1981 TO 2010
CLIMATE RECORD PERIOD 1888 TO 2017


WEATHER ITEM   OBSERVED TIME   RECORD YEAR NORMAL DEPARTURE LAST
                VALUE   (LST)  VALUE       VALUE  FROM      YEAR
                                                  NORMAL
..................................................................
TEMPERATURE (F)
 YESTERDAY
  MAXIMUM         87    401 PM 103    1947  86      1       93
  MINIMUM         51    555 AM  43    1956  63    -12       76
  AVERAGE         69                        75     -6       85

PRECIPITATION (IN)
  YESTERDAY        0.00          4.73 1911   0.11  -0.11     0.11
  MONTH TO DATE    0.13                      0.78  -0.65     0.11
  SINCE SEP 1      0.13                      0.78  -0.65     0.11
  SINCE JAN 1     27.48                     24.87   2.61    36.45

SNOWFALL (IN)
  YESTERDAY        0.0           0.0  2007   0.0    0.0      0.0
  MONTH TO DATE    0.0                       0.0    0.0      0.0
  SINCE SEP 1      0.0                       0.0    0.0      0.0
  SINCE JUL 1      0.0                       0.0    0.0      0.0
  SNOW DEPTH       0

DEGREE DAYS
 HEATING
  YESTERDAY        0                         0      0        0
  MONTH TO DATE    1                         0      1        0
  SINCE SEP 1      1                         0      1        0
  SINCE JUL 1      1                         1      0        0

 COOLING
  YESTERDAY        4                        10     -6       20
  MONTH TO DATE   60                        77    -17       97
  SINCE SEP 1     60                        77    -17       97
  SINCE JAN 1   1499                      1504     -5     1769
..................................................................


WIND (MPH)
  HIGHEST WIND SPEED    17   HIGHEST WIND DIRECTION     S (180)
  HIGHEST GUST SPEED    23   HIGHEST GUST DIRECTION     S (190)
  AVERAGE WIND SPEED     6.9


SKY COVER
  POSSIBLE SUNSHINE  MM
  AVERAGE SKY COVER 0.2


WEATHER CONDITIONS
 THE FOLLOWING WEATHER WAS RECORDED YESTERDAY.
  NO SIGNIFICANT WEATHER WAS OBSERVED.


RELATIVE HUMIDITY (PERCENT)
 HIGHEST    83           600 AM
 LOWEST     25           100 PM
 AVERAGE    54

..........................................................


THE WICHITA EISENHOWER NATIONAL CLIMATE NORMALS FOR TODAY
                         NORMAL    RECORD    YEAR
 MAXIMUM TEMPERATURE (F)   86       101      2013
                                             1985
 MINIMUM TEMPERATURE (F)   63        48      1890


SUNRISE AND SUNSET
SEPTEMBER  8 2017.....SUNRISE   706 AM CDT   SUNSET   748 PM CDT
SEPTEMBER  9 2017.....SUNRISE   707 AM CDT   SUNSET   746 PM CDT


-  INDICATES NEGATIVE NUMBERS.
R  INDICATES RECORD WAS SET OR TIED.
MM INDICATES DATA IS MISSING.
T  INDICATES TRACE AMOUNT.




$$
