000
CDUS43 KICT 092204
CLIICT


CLIMATE REPORT
NATIONAL WEATHER SERVICE WICHITA KS
504 PM CDT WED APR 9 2014


...................................

...THE WICHITA MID CONTINENT CLIMATE SUMMARY FOR APRIL 9 2014...
VALID TODAY AS OF 500 PM LOCAL TIME.

CLIMATE NORMAL PERIOD 1981 TO 2010
CLIMATE RECORD PERIOD 1888 TO 2014


WEATHER ITEM   OBSERVED TIME   RECORD YEAR NORMAL DEPARTURE LAST
                VALUE   (LST)  VALUE       VALUE  FROM      YEAR
                                                  NORMAL
..................................................................
TEMPERATURE (F)
 TODAY
  MAXIMUM         82    359 PM  91    1930  66     16       75
  MINIMUM         36    620 AM  25    2003  42     -6       33
  AVERAGE         59                        54      5       54

PRECIPITATION (IN)
  TODAY            0.00          1.16 1929   0.08  -0.08     0.48
  MONTH TO DATE    0.41                      0.68  -0.27     0.91
  SINCE MAR 1      0.90                      3.37  -2.47     3.02
  SINCE JAN 1      1.89                      5.38  -3.49     6.04

SNOWFALL (IN)
  TODAY            0.0           0.6  2009   0.0    0.0       T
  MONTH TO DATE    0.0                       0.1   -0.1       T
  SINCE MAR 1      3.2                       2.4    0.8      5.3
  SINCE JUL 1     22.7                      14.8    7.9     29.8
  SNOW DEPTH       0

DEGREE DAYS
 HEATING
  TODAY            6                        12     -6       11
  MONTH TO DATE  121                       115      6      119
  SINCE MAR 1    798                       692    106      785
  SINCE JUL 1   4717                      4332    385     4056

 COOLING
  TODAY            0                         1     -1        0
  MONTH TO DATE    0                         2     -2        2
  SINCE MAR 1      0                         4     -4        2
  SINCE JAN 1      0                         4     -4        2
..................................................................


WIND (MPH)
  HIGHEST WIND SPEED    29   HIGHEST WIND DIRECTION     S (200)
  HIGHEST GUST SPEED    38   HIGHEST GUST DIRECTION     S (200)
  AVERAGE WIND SPEED    12.7


SKY COVER
  POSSIBLE SUNSHINE  MM
  AVERAGE SKY COVER 0.2


WEATHER CONDITIONS
 THE FOLLOWING WEATHER WAS RECORDED TODAY.
  NO SIGNIFICANT WEATHER WAS OBSERVED.


RELATIVE HUMIDITY (PERCENT)
 HIGHEST    60           700 AM
 LOWEST     21           300 PM
 AVERAGE    41

..........................................................


THE WICHITA MID CONTINENT CLIMATE NORMALS FOR TOMORROW
                         NORMAL    RECORD    YEAR
 MAXIMUM TEMPERATURE (F)   66        87      1930
                                             1896
 MINIMUM TEMPERATURE (F)   43        26      1973
                                             1952


SUNRISE AND SUNSET
APRIL  9 2014.........SUNRISE   703 AM CDT   SUNSET   800 PM CDT
APRIL 10 2014.........SUNRISE   702 AM CDT   SUNSET   801 PM CDT


-  INDICATES NEGATIVE NUMBERS.
R  INDICATES RECORD WAS SET OR TIED.
MM INDICATES DATA IS MISSING.
T  INDICATES TRACE AMOUNT.




$$

VP
