000
CDUS43 KICT 100636
CLIICT


CLIMATE REPORT
NATIONAL WEATHER SERVICE WICHITA KS
1235 AM CST WED DEC 10 2014


...................................

...THE WICHITA MID CONTINENT KS CLIMATE SUMMARY FOR DECEMBER 9 2014...

CLIMATE NORMAL PERIOD 1981 TO 2010
CLIMATE RECORD PERIOD 1888 TO 2014


WEATHER ITEM   OBSERVED TIME   RECORD YEAR NORMAL DEPARTURE LAST
                VALUE   (LST)  VALUE       VALUE  FROM      YEAR
                                                  NORMAL
..................................................................
TEMPERATURE (F)
 YESTERDAY
  MAXIMUM         48    422 PM  67    1946  45      3       18
                                      1896
  MINIMUM         30    742 AM  -4    1919  25      5        6
  AVERAGE         39                        35      4       12

PRECIPITATION (IN)
  YESTERDAY        0.00          1.79 1911   0.04  -0.04     0.00
  MONTH TO DATE    0.57                      0.39   0.18      T
  SINCE DEC 1      0.57                      0.39   0.18      T
  SINCE JAN 1     24.88                     31.83  -6.95    39.85

SNOWFALL (IN)
  YESTERDAY        0.0           3.4  1947   0.1   -0.1      0.0
  MONTH TO DATE    0.0                       1.1   -1.1       T
  SINCE DEC 1      0.0                       1.1   -1.1       T
  SINCE JUL 1      1.8                       2.5   -0.7       T
  SNOW DEPTH       0

DEGREE DAYS
 HEATING
  YESTERDAY       26                        30     -4       53
  MONTH TO DATE  230                       258    -28      335
  SINCE DEC 1    230                       258    -28      335
  SINCE JUL 1   1110                      1134    -24     1220

 COOLING
  YESTERDAY        0                         0      0        0
  MONTH TO DATE    0                         0      0        0
  SINCE DEC 1      0                         0      0        0
  SINCE JAN 1   1849                      1686    163     1778
..................................................................


WIND (MPH)
  HIGHEST WIND SPEED    16   HIGHEST WIND DIRECTION    NE (40)
  HIGHEST GUST SPEED    19   HIGHEST GUST DIRECTION    NE (30)
  AVERAGE WIND SPEED     8.9


SKY COVER
  POSSIBLE SUNSHINE  MM
  AVERAGE SKY COVER 0.3


WEATHER CONDITIONS
 THE FOLLOWING WEATHER WAS RECORDED YESTERDAY.
  NO SIGNIFICANT WEATHER WAS OBSERVED.


RELATIVE HUMIDITY (PERCENT)
 HIGHEST    82           200 AM
 LOWEST     45           200 PM
 AVERAGE    64

..........................................................


THE WICHITA MID CONTINENT KS CLIMATE NORMALS FOR TODAY
                         NORMAL    RECORD    YEAR
 MAXIMUM TEMPERATURE (F)   44        72      1890
 MINIMUM TEMPERATURE (F)   25        -3      1919


SUNRISE AND SUNSET
DECEMBER 10 2014......SUNRISE   734 AM CST   SUNSET   511 PM CST
DECEMBER 11 2014......SUNRISE   735 AM CST   SUNSET   511 PM CST


-  INDICATES NEGATIVE NUMBERS.
R  INDICATES RECORD WAS SET OR TIED.
MM INDICATES DATA IS MISSING.
T  INDICATES TRACE AMOUNT.




$$
