000
CDUS43 KICT 250635
CLIICT


CLIMATE REPORT
NATIONAL WEATHER SERVICE WICHITA KS
135 AM CDT MON AUG 25 2014


...................................

...THE WICHITA MID CONTINENT KS CLIMATE SUMMARY FOR AUGUST 24 2014...

CLIMATE NORMAL PERIOD 1981 TO 2010
CLIMATE RECORD PERIOD 1888 TO 2014


WEATHER ITEM   OBSERVED TIME   RECORD YEAR NORMAL DEPARTURE LAST
                VALUE   (LST)  VALUE       VALUE  FROM      YEAR
                                                  NORMAL
..................................................................
TEMPERATURE (F)
 YESTERDAY
  MAXIMUM        103    300 PM 107    2011  90     13       92
  MINIMUM         75    647 AM  47    1891  68      7       71
  AVERAGE         89                        79     10       82

PRECIPITATION (IN)
  YESTERDAY        0.00          3.10 1960   0.12  -0.12     0.00
  MONTH TO DATE    2.11                      2.84  -0.73    10.63
  SINCE JUN 1     15.64                     11.36   4.28    20.15
  SINCE JAN 1     21.71                     23.22  -1.51    34.17

SNOWFALL (IN)
  YESTERDAY        0.0           0.0  2007   0.0    0.0      0.0
  MONTH TO DATE    0.0                       0.0    0.0      0.0
  SINCE JUN 1      0.0                       0.0    0.0      0.0
  SINCE JUL 1      0.0                       0.0    0.0      0.0
  SNOW DEPTH       0

DEGREE DAYS
 HEATING
  YESTERDAY        0                         0      0        0
  MONTH TO DATE    0                         0      0        0
  SINCE JUN 1      1                         6     -5        4
  SINCE JUL 1      1                         0      1        1

 COOLING
  YESTERDAY       24                        14     10       17
  MONTH TO DATE  389                       372     17      282
  SINCE JUN 1   1114                      1198    -84     1143
  SINCE JAN 1   1381                      1334     47     1281
..................................................................


WIND (MPH)
  HIGHEST WIND SPEED    25   HIGHEST WIND DIRECTION     S (170)
  HIGHEST GUST SPEED    30   HIGHEST GUST DIRECTION     S (170)
  AVERAGE WIND SPEED    15.3


SKY COVER
  POSSIBLE SUNSHINE  MM
  AVERAGE SKY COVER 0.4


WEATHER CONDITIONS
 THE FOLLOWING WEATHER WAS RECORDED YESTERDAY.
  NO SIGNIFICANT WEATHER WAS OBSERVED.


RELATIVE HUMIDITY (PERCENT)
 HIGHEST    64           700 AM
 LOWEST     21           300 PM
 AVERAGE    43

..........................................................


THE WICHITA MID CONTINENT KS CLIMATE NORMALS FOR TODAY
                         NORMAL    RECORD    YEAR
 MAXIMUM TEMPERATURE (F)   90       105      2000
 MINIMUM TEMPERATURE (F)   68        54      1910


SUNRISE AND SUNSET
AUGUST 25 2014........SUNRISE   654 AM CDT   SUNSET   809 PM CDT
AUGUST 26 2014........SUNRISE   655 AM CDT   SUNSET   807 PM CDT


-  INDICATES NEGATIVE NUMBERS.
R  INDICATES RECORD WAS SET OR TIED.
MM INDICATES DATA IS MISSING.
T  INDICATES TRACE AMOUNT.




$$
