000
CDUS43 KICT 142204
CLIICT


CLIMATE REPORT
NATIONAL WEATHER SERVICE WICHITA KS
504 PM CDT MON JUL 14 2014


...................................

...THE WICHITA MID CONTINENT CLIMATE SUMMARY FOR JULY 14 2014...
VALID TODAY AS OF 0500 PM LOCAL TIME.

CLIMATE NORMAL PERIOD 1981 TO 2010
CLIMATE RECORD PERIOD 1888 TO 2014


WEATHER ITEM   OBSERVED TIME   RECORD YEAR NORMAL DEPARTURE LAST
                VALUE   (LST)  VALUE       VALUE  FROM      YEAR
                                                  NORMAL
..................................................................
TEMPERATURE (F)
 TODAY
  MAXIMUM         92    134 PM 113    1954  93     -1       83
  MINIMUM         69    537 AM  52    1990  70     -1       69
                                      1967
  AVERAGE         81                        81      0       76

PRECIPITATION (IN)
  TODAY            0.04          1.86 1907   0.11  -0.07     0.62
  MONTH TO DATE    2.65                      1.69   0.96     0.80
  SINCE JUN 1     13.11                      6.89   6.22     2.63
  SINCE JAN 1     19.18                     18.75   0.43    16.65

SNOWFALL (IN)
  TODAY            0.0           0.0  2007   0.0    0.0      0.0
  MONTH TO DATE    0.0                       0.0    0.0      0.0
  SINCE JUN 1      0.0                       0.0    0.0      0.0
  SINCE JUL 1      0.0                       0.0    0.0      0.0
  SNOW DEPTH       0

DEGREE DAYS
 HEATING
  TODAY            0                         0      0        0
  MONTH TO DATE    0                         0      0        0
  SINCE JUN 1      0                         6     -6        3
  SINCE JUL 1      0                         0      0        0

 COOLING
  TODAY           16                        16      0       11
  MONTH TO DATE  185                       219    -34      236
  SINCE JUN 1    527                       548    -21      638
  SINCE JAN 1    794                       684    110      776
..................................................................


WIND (MPH)
  HIGHEST WIND SPEED    24   HIGHEST WIND DIRECTION    NE (30)
  HIGHEST GUST SPEED    30   HIGHEST GUST DIRECTION    NE (30)
  AVERAGE WIND SPEED     4.1


SKY COVER
  POSSIBLE SUNSHINE  MM
  AVERAGE SKY COVER 0.6


WEATHER CONDITIONS
 THE FOLLOWING WEATHER WAS RECORDED TODAY.
  THUNDERSTORM
  LIGHT RAIN
  FOG
  HAZE


RELATIVE HUMIDITY (PERCENT)
 HIGHEST    97           600 AM
 LOWEST     41          1200 PM
 AVERAGE    69

..........................................................


THE WICHITA MID CONTINENT CLIMATE NORMALS FOR TOMORROW
                         NORMAL    RECORD    YEAR
 MAXIMUM TEMPERATURE (F)   93       110      1936
 MINIMUM TEMPERATURE (F)   70        55      1990


SUNRISE AND SUNSET
JULY 14 2014..........SUNRISE   619 AM CDT   SUNSET   851 PM CDT
JULY 15 2014..........SUNRISE   620 AM CDT   SUNSET   851 PM CDT


-  INDICATES NEGATIVE NUMBERS.
R  INDICATES RECORD WAS SET OR TIED.
MM INDICATES DATA IS MISSING.
T  INDICATES TRACE AMOUNT.




$$
