000
CDUS43 KICT 172207
CLIICT


CLIMATE REPORT
NATIONAL WEATHER SERVICE WICHITA KS
506 PM CDT WED MAY 17 2017


...................................

...THE WICHITA EISENHOWER NATIONAL CLIMATE SUMMARY FOR MAY 17 2017...
VALID TODAY AS OF 0500 PM LOCAL TIME.

CLIMATE NORMAL PERIOD 1981 TO 2010
CLIMATE RECORD PERIOD 1888 TO 2017


WEATHER ITEM   OBSERVED TIME   RECORD YEAR NORMAL DEPARTURE LAST
                VALUE   (LST)  VALUE       VALUE  FROM      YEAR
                                                  NORMAL
..................................................................
TEMPERATURE (F)
 TODAY
  MAXIMUM         79    359 PM  93    1996  77      2       62
  MINIMUM         62    635 AM  37    1973  56      6       51
                                      1945
  AVERAGE         71                        66      5       57

PRECIPITATION (IN)
  TODAY            0.16          2.47 1940   0.15   0.01     0.01
  MONTH TO DATE    3.48                      2.35   1.13     1.81
  SINCE MAR 1     14.26                      7.63   6.63     9.57
  SINCE JAN 1     17.88                      9.64   8.24    10.31

SNOWFALL (IN)
  TODAY            0.0           0.0  2002   0.0    0.0      0.0
                                      2001
  MONTH TO DATE    0.0                       0.0    0.0      0.0
  SINCE MAR 1      T                         2.5   -2.5      3.5
  SINCE JUL 1      2.0                      14.9  -12.9      4.3
  SNOW DEPTH       0

DEGREE DAYS
 HEATING
  TODAY            0                         2     -2        8
  MONTH TO DATE   45                        60    -15       71
  SINCE MAR 1    710                       928   -218      634
  SINCE JUL 1   3554                      4568  -1014     3484

 COOLING
  TODAY            6                         4      2        0
  MONTH TO DATE   55                        40     15       19
  SINCE MAR 1    100                        66     34       56
  SINCE JAN 1    100                        66     34       56
..................................................................


WIND (MPH)
  HIGHEST WIND SPEED    39   HIGHEST WIND DIRECTION     S (190)
  HIGHEST GUST SPEED    49   HIGHEST GUST DIRECTION     S (190)
  AVERAGE WIND SPEED    26.9


SKY COVER
  POSSIBLE SUNSHINE  MM
  AVERAGE SKY COVER 0.3


WEATHER CONDITIONS
 THE FOLLOWING WEATHER WAS RECORDED TODAY.
  THUNDERSTORM
  RAIN
  LIGHT RAIN
  FOG


RELATIVE HUMIDITY (PERCENT)
 HIGHEST    93           600 AM
 LOWEST     45           300 PM
 AVERAGE    69

..........................................................


THE WICHITA EISENHOWER NATIONAL CLIMATE NORMALS FOR TOMORROW
                         NORMAL    RECORD    YEAR
 MAXIMUM TEMPERATURE (F)   77        99      1956
 MINIMUM TEMPERATURE (F)   56        38      1976


SUNRISE AND SUNSET
MAY 17 2017...........SUNRISE   618 AM CDT   SUNSET   834 PM CDT
MAY 18 2017...........SUNRISE   618 AM CDT   SUNSET   835 PM CDT


-  INDICATES NEGATIVE NUMBERS.
R  INDICATES RECORD WAS SET OR TIED.
MM INDICATES DATA IS MISSING.
T  INDICATES TRACE AMOUNT.




$$
