000
CDUS43 KICT 190622
CLIICT


CLIMATE REPORT
NATIONAL WEATHER SERVICE WICHITA KS
1221 AM CST THU FEB 19 2015


...................................

...THE WICHITA EISENHOWER NATIONAL CLIMATE SUMMARY FOR FEBRUARY 18 2015...

CLIMATE NORMAL PERIOD 1981 TO 2010
CLIMATE RECORD PERIOD 1888 TO 2015


WEATHER ITEM   OBSERVED TIME   RECORD YEAR NORMAL DEPARTURE LAST
                VALUE   (LST)  VALUE       VALUE  FROM      YEAR
                                                  NORMAL
..................................................................
TEMPERATURE (F)
 YESTERDAY
  MAXIMUM         36    449 PM  74    1930  49    -13       71
  MINIMUM         12    445 AM  -2    1889  27    -15       38
  AVERAGE         24                        38    -14       55

PRECIPITATION (IN)
  YESTERDAY        0.00          1.46 1915   0.05  -0.05     0.00
  MONTH TO DATE    0.08                      0.71  -0.63     0.81
  SINCE DEC 1      2.48                      2.74  -0.26     1.54
  SINCE JAN 1      1.19                      1.54  -0.35     0.94

SNOWFALL (IN)
  YESTERDAY        0.0           6.0  1938   0.1   -0.1      0.0
  MONTH TO DATE    0.9                       2.4   -1.5     13.0
  SINCE DEC 1      9.1                      10.2   -1.1     19.4
  SINCE JUL 1     10.9                      11.6   -0.7     19.4
  SNOW DEPTH       0

DEGREE DAYS
 HEATING
  YESTERDAY       41                        27     14       10
  MONTH TO DATE  541                       527     14      670
  SINCE DEC 1   2315                      2511   -196     2759
  SINCE JUL 1   3195                      3387   -192     3644

 COOLING
  YESTERDAY        0                         0      0        0
  MONTH TO DATE    0                         0      0        0
  SINCE DEC 1      0                         0      0        0
  SINCE JAN 1      0                         0      0        0
..................................................................


WIND (MPH)
  HIGHEST WIND SPEED    21   HIGHEST WIND DIRECTION    NW (330)
  HIGHEST GUST SPEED    26   HIGHEST GUST DIRECTION    NW (330)
  AVERAGE WIND SPEED     9.8


SKY COVER
  POSSIBLE SUNSHINE  MM
  AVERAGE SKY COVER 0.6


WEATHER CONDITIONS
 THE FOLLOWING WEATHER WAS RECORDED YESTERDAY.
  NO SIGNIFICANT WEATHER WAS OBSERVED.


RELATIVE HUMIDITY (PERCENT)
 HIGHEST    74          1200 AM
 LOWEST     22           400 PM
 AVERAGE    48

..........................................................


THE WICHITA EISENHOWER NATIONAL CLIMATE NORMALS FOR TODAY
                         NORMAL    RECORD    YEAR
 MAXIMUM TEMPERATURE (F)   49        74      1996
                                             1930
 MINIMUM TEMPERATURE (F)   27         2      1975
                                             1903


SUNRISE AND SUNSET
FEBRUARY 19 2015......SUNRISE   715 AM CST   SUNSET   613 PM CST
FEBRUARY 20 2015......SUNRISE   713 AM CST   SUNSET   614 PM CST


-  INDICATES NEGATIVE NUMBERS.
R  INDICATES RECORD WAS SET OR TIED.
MM INDICATES DATA IS MISSING.
T  INDICATES TRACE AMOUNT.




$$
