000
CDUS43 KICT 172209
CLIICT

CLIMATE REPORT
NATIONAL WEATHER SERVICE WICHITA KS
508 PM CDT SUN APR 17 2016


...................................

...THE WICHITA EISENHOWER NATIONAL CLIMATE SUMMARY FOR APRIL 17 2016...
VALID TODAY AS OF 0500 PM LOCAL TIME.

CLIMATE NORMAL PERIOD 1981 TO 2010
CLIMATE RECORD PERIOD 1888 TO 2016


WEATHER ITEM   OBSERVED TIME   RECORD YEAR NORMAL DEPARTURE LAST
                VALUE   (LST)  VALUE       VALUE  FROM      YEAR
                                                  NORMAL
..................................................................
TEMPERATURE (F)
 TODAY
  MAXIMUM         64    359 PM  92    2006  68     -4       74
  MINIMUM         60    919 AM  25    1907  45     15       58
  AVERAGE         62                        57      5       66

PRECIPITATION (IN)
  TODAY            1.10          1.73 1889   0.09   1.01     0.40
  MONTH TO DATE    1.24                      1.31  -0.07     1.84
  SINCE MAR 1      2.77                      4.00  -1.23     2.12
  SINCE JAN 1      3.51                      6.01  -2.50     3.89

SNOWFALL (IN)
  TODAY            0.0           0.2  1905   0.0    0.0      0.0
  MONTH TO DATE    0.0                       0.2   -0.2      0.0
  SINCE MAR 1      3.5                       2.5    1.0      1.1
  SINCE JUL 1      4.3                      14.9  -10.6     18.0
  SNOW DEPTH       0

DEGREE DAYS
 HEATING
  TODAY            3                         9     -6        0
  MONTH TO DATE  108                       197    -89       88
  SINCE MAR 1    497                       774   -277      562
  SINCE JUL 1   3347                      4414  -1067     4127

 COOLING
  TODAY            0                         1     -1        1
  MONTH TO DATE   12                        10      2       25
  SINCE MAR 1     19                        12      7       25
  SINCE JAN 1     19                        12      7       25
..................................................................


WIND (MPH)
  HIGHEST WIND SPEED    21   HIGHEST WIND DIRECTION    SE (140)
  HIGHEST GUST SPEED    27   HIGHEST GUST DIRECTION    SE (150)
  AVERAGE WIND SPEED    12.7


SKY COVER
  POSSIBLE SUNSHINE  MM
  AVERAGE SKY COVER 1.0


WEATHER CONDITIONS
 THE FOLLOWING WEATHER WAS RECORDED TODAY.
  THUNDERSTORM
  HEAVY RAIN
  RAIN
  LIGHT RAIN
  FOG


RELATIVE HUMIDITY (PERCENT)
 HIGHEST    97          1100 AM
 LOWEST     73          1200 AM
 AVERAGE    85

..........................................................


THE WICHITA EISENHOWER NATIONAL CLIMATE NORMALS FOR TOMORROW
                         NORMAL    RECORD    YEAR
 MAXIMUM TEMPERATURE (F)   69        91      1987
 MINIMUM TEMPERATURE (F)   45        28      1953


SUNRISE AND SUNSET
APRIL 17 2016.........SUNRISE   651 AM CDT   SUNSET   808 PM CDT
APRIL 18 2016.........SUNRISE   650 AM CDT   SUNSET   808 PM CDT


-  INDICATES NEGATIVE NUMBERS.
R  INDICATES RECORD WAS SET OR TIED.
MM INDICATES DATA IS MISSING.
T  INDICATES TRACE AMOUNT.




$$
