000
CDUS43 KICT 232204
CLIICT


CLIMATE REPORT
NATIONAL WEATHER SERVICE WICHITA KS
503 PM CDT SAT AUG 23 2014


...................................

...THE WICHITA MID CONTINENT CLIMATE SUMMARY FOR AUGUST 23 2014...
VALID TODAY AS OF 500 PM LOCAL TIME.

CLIMATE NORMAL PERIOD 1981 TO 2010
CLIMATE RECORD PERIOD 1888 TO 2014


WEATHER ITEM   OBSERVED TIME   RECORD YEAR NORMAL DEPARTURE LAST
                VALUE   (LST)  VALUE       VALUE  FROM      YEAR
                                                  NORMAL
..................................................................
TEMPERATURE (F)
 TODAY
  MAXIMUM        102    320 PM 106    2011  91     11       92
  MINIMUM         71    636 AM  48    1891  68      3       72
  AVERAGE         87                        79      8       82

PRECIPITATION (IN)
  TODAY            0.00          1.96 2005   0.13  -0.13     0.00
  MONTH TO DATE    2.11                      2.72  -0.61    10.63
  SINCE JUN 1     15.64                     11.24   4.40    20.15
  SINCE JAN 1     21.71                     23.10  -1.39    34.17

SNOWFALL (IN)
  TODAY            0.0           0.0  2007   0.0    0.0      0.0
  MONTH TO DATE    0.0                       0.0    0.0      0.0
  SINCE JUN 1      0.0                       0.0    0.0      0.0
  SINCE JUL 1      0.0                       0.0    0.0      0.0
  SNOW DEPTH       0

DEGREE DAYS
 HEATING
  TODAY            0                         0      0        0
  MONTH TO DATE    0                         0      0        0
  SINCE JUN 1      1                         6     -5        4
  SINCE JUL 1      1                         0      1        1

 COOLING
  TODAY           22                        14      8       17
  MONTH TO DATE  365                       358      7      265
  SINCE JUN 1   1090                      1184    -94     1126
  SINCE JAN 1   1357                      1320     37     1264
..................................................................


WIND (MPH)
  HIGHEST WIND SPEED    29   HIGHEST WIND DIRECTION     S (200)
  HIGHEST GUST SPEED    37   HIGHEST GUST DIRECTION    SW (210)
  AVERAGE WIND SPEED    13.7


SKY COVER
  POSSIBLE SUNSHINE  MM
  AVERAGE SKY COVER 0.3


WEATHER CONDITIONS
 THE FOLLOWING WEATHER WAS RECORDED TODAY.
  NO SIGNIFICANT WEATHER WAS OBSERVED.


RELATIVE HUMIDITY (PERCENT)
 HIGHEST    68           400 AM
 LOWEST     17           300 PM
 AVERAGE    43

..........................................................


THE WICHITA MID CONTINENT CLIMATE NORMALS FOR TOMORROW
                         NORMAL    RECORD    YEAR
 MAXIMUM TEMPERATURE (F)   90       107      2011
 MINIMUM TEMPERATURE (F)   68        47      1891


SUNRISE AND SUNSET
AUGUST 23 2014........SUNRISE   652 AM CDT   SUNSET   812 PM CDT
AUGUST 24 2014........SUNRISE   653 AM CDT   SUNSET   810 PM CDT


-  INDICATES NEGATIVE NUMBERS.
R  INDICATES RECORD WAS SET OR TIED.
MM INDICATES DATA IS MISSING.
T  INDICATES TRACE AMOUNT.




$$

VP
