000
CDUS43 KICT 092306
CLIICT


CLIMATE REPORT
NATIONAL WEATHER SERVICE WICHITA KS
506 PM CST THU MAR 9 2017


...................................

...THE WICHITA EISENHOWER NATIONAL CLIMATE SUMMARY FOR MARCH 9 2017...
VALID TODAY AS OF 0500 PM LOCAL TIME.

CLIMATE NORMAL PERIOD 1981 TO 2010
CLIMATE RECORD PERIOD 1888 TO 2017


WEATHER ITEM   OBSERVED TIME   RECORD YEAR NORMAL DEPARTURE LAST
                VALUE   (LST)  VALUE       VALUE  FROM      YEAR
                                                  NORMAL
..................................................................
TEMPERATURE (F)
 TODAY
  MAXIMUM         76    441 PM  81    1986  56     20       67
  MINIMUM         38    307 AM   3    1996  33      5       42
  AVERAGE         57                        44     13       55

PRECIPITATION (IN)
  TODAY            0.00          0.98 1909   0.08  -0.08     0.00
  MONTH TO DATE    0.00                      0.66  -0.66     0.05
  SINCE MAR 1      0.00                      0.66  -0.66     0.05
  SINCE JAN 1      3.62                      2.67   0.95     0.79

SNOWFALL (IN)
  TODAY            0.0          12.0  1909   0.1   -0.1      0.0
  MONTH TO DATE    0.0                       0.8   -0.8      0.0
  SINCE MAR 1      0.0                       0.8   -0.8      0.0
  SINCE JUL 1      2.0                      13.2  -11.2      0.8
  SNOW DEPTH       0

DEGREE DAYS
 HEATING
  TODAY            8                        21    -13       10
  MONTH TO DATE  116                       198    -82      103
  SINCE MAR 1    116                       198    -82      103
  SINCE JUL 1   2960                      3838   -878     2953

 COOLING
  TODAY            0                         0      0        0
  MONTH TO DATE    0                         0      0        3
  SINCE MAR 1      0                         0      0        3
  SINCE JAN 1      0                         0      0        3
..................................................................


WIND (MPH)
  HIGHEST WIND SPEED    17   HIGHEST WIND DIRECTION     N (360)
  HIGHEST GUST SPEED    22   HIGHEST GUST DIRECTION     N (360)
  AVERAGE WIND SPEED     6.1


SKY COVER
  POSSIBLE SUNSHINE  MM
  AVERAGE SKY COVER 0.3


WEATHER CONDITIONS
 THE FOLLOWING WEATHER WAS RECORDED TODAY.
  NO SIGNIFICANT WEATHER WAS OBSERVED.


RELATIVE HUMIDITY (PERCENT)
 HIGHEST    82           600 AM
 LOWEST     41           300 PM
 AVERAGE    62

..........................................................


THE WICHITA EISENHOWER NATIONAL CLIMATE NORMALS FOR TOMORROW
                         NORMAL    RECORD    YEAR
 MAXIMUM TEMPERATURE (F)   56        85      1989
                                             1967
                                             1955
 MINIMUM TEMPERATURE (F)   33        -1      1948


SUNRISE AND SUNSET
MARCH  9 2017.........SUNRISE   649 AM CST   SUNSET   632 PM CST
MARCH 10 2017.........SUNRISE   648 AM CST   SUNSET   632 PM CST


-  INDICATES NEGATIVE NUMBERS.
R  INDICATES RECORD WAS SET OR TIED.
MM INDICATES DATA IS MISSING.
T  INDICATES TRACE AMOUNT.




$$
