000
CDUS43 KICT 180622
CLIICT


CLIMATE REPORT
NATIONAL WEATHER SERVICE WICHITA KS
1222 AM CST TUE NOV 18 2014


...................................

...THE WICHITA MID CONTINENT KS CLIMATE SUMMARY FOR NOVEMBER 17 2014...

CLIMATE NORMAL PERIOD 1981 TO 2010
CLIMATE RECORD PERIOD 1888 TO 2014


WEATHER ITEM   OBSERVED TIME   RECORD YEAR NORMAL DEPARTURE LAST
                VALUE   (LST)  VALUE       VALUE  FROM      YEAR
                                                  NORMAL
..................................................................
TEMPERATURE (F)
 YESTERDAY
  MAXIMUM         30    330 PM  78    1999  56    -26       68
  MINIMUM         11   1015 PM   8    1959  34    -23       46
  AVERAGE         21                        45    -24       57

PRECIPITATION (IN)
  YESTERDAY        0.00          1.41 1958   0.04  -0.04     0.00
  MONTH TO DATE    0.34                      0.90  -0.56     0.30
  SINCE SEP 1      2.22                      6.82  -4.60     5.38
  SINCE JAN 1     24.20                     30.91  -6.71    39.55

SNOWFALL (IN)
  YESTERDAY        0.0           0.8  1972   0.0    0.0      0.0
  MONTH TO DATE    1.8                       0.3    1.5      0.0
  SINCE SEP 1      1.8                       0.4    1.4       T
  SINCE JUL 1      1.8                       0.4    1.4       T
  SNOW DEPTH       1

DEGREE DAYS
 HEATING
  YESTERDAY       44                        20     24        8
  MONTH TO DATE  406                       279    127      269
  SINCE SEP 1    568                       564      4      522
  SINCE JUL 1    569                       565      4      523

 COOLING
  YESTERDAY        0                         0      0        0
  MONTH TO DATE    0                         0      0        0
  SINCE SEP 1    353                       257     96      365
  SINCE JAN 1   1849                      1684    165     1778
..................................................................


WIND (MPH)
  HIGHEST WIND SPEED    24   HIGHEST WIND DIRECTION    NW (330)
  HIGHEST GUST SPEED    29   HIGHEST GUST DIRECTION    NW (320)
  AVERAGE WIND SPEED     9.8


SKY COVER
  POSSIBLE SUNSHINE  MM
  AVERAGE SKY COVER 0.2


WEATHER CONDITIONS
 THE FOLLOWING WEATHER WAS RECORDED YESTERDAY.
  NO SIGNIFICANT WEATHER WAS OBSERVED.


RELATIVE HUMIDITY (PERCENT)
 HIGHEST    76          1100 PM
 LOWEST     42          1200 PM
 AVERAGE    59

..........................................................


THE WICHITA MID CONTINENT KS CLIMATE NORMALS FOR TODAY
                         NORMAL    RECORD    YEAR
 MAXIMUM TEMPERATURE (F)   55        77      1942
 MINIMUM TEMPERATURE (F)   33        12      1903


SUNRISE AND SUNSET
NOVEMBER 18 2014......SUNRISE   713 AM CST   SUNSET   517 PM CST
NOVEMBER 19 2014......SUNRISE   714 AM CST   SUNSET   516 PM CST


-  INDICATES NEGATIVE NUMBERS.
R  INDICATES RECORD WAS SET OR TIED.
MM INDICATES DATA IS MISSING.
T  INDICATES TRACE AMOUNT.




$$
