000
CDUS43 KICT 140716
CLIICT

CLIMATE REPORT
NATIONAL WEATHER SERVICE WICHITA KS
113 AM CST TUE NOV 14 2017

...................................

...THE WICHITA EISENHOWER NATIONAL CLIMATE SUMMARY FOR NOVEMBER 13 2017...

CLIMATE NORMAL PERIOD 1981 TO 2010
CLIMATE RECORD PERIOD 1888 TO 2017


WEATHER ITEM   OBSERVED TIME   RECORD YEAR NORMAL DEPARTURE LAST
                VALUE   (LST)  VALUE       VALUE  FROM      YEAR
                                                  NORMAL
..................................................................
TEMPERATURE (F)
 YESTERDAY
  MAXIMUM         54    244 PM  79    1999  58     -4       67
  MINIMUM         43    519 AM   4    1940  36      7       32
  AVERAGE         49                        47      2       50

PRECIPITATION (IN)
  YESTERDAY        0.02          2.19 1909   0.06  -0.04     0.00
  MONTH TO DATE    0.07                      0.73  -0.66     0.14
  SINCE SEP 1      6.01                      6.65  -0.64    13.48
  SINCE JAN 1     33.36                     30.74   2.62    49.82

SNOWFALL (IN)
  YESTERDAY        0.0           0.1  1929   0.0    0.0      0.0
  MONTH TO DATE    0.0                       0.2   -0.2      0.0
  SINCE SEP 1      0.0                       0.3   -0.3      0.0
  SINCE JUL 1      0.0                       0.3   -0.3      0.0
  SNOW DEPTH       0

DEGREE DAYS
 HEATING
  YESTERDAY       16                        18     -2       15
  MONTH TO DATE  249                       201     48      105
  SINCE SEP 1    473                       486    -13      195
  SINCE JUL 1    473                       487    -14      195

 COOLING
  YESTERDAY        0                         0      0        0
  MONTH TO DATE    0                         0      0       11
  SINCE SEP 1    344                       257     87      382
  SINCE JAN 1   1783                      1684     99     2054
..................................................................


WIND (MPH)
  HIGHEST WIND SPEED    15   HIGHEST WIND DIRECTION    SE (150)
  HIGHEST GUST SPEED    18   HIGHEST GUST DIRECTION    SE (150)
  AVERAGE WIND SPEED     8.1


SKY COVER
  AVERAGE SKY COVER 1.0


WEATHER CONDITIONS
 THE FOLLOWING WEATHER WAS RECORDED YESTERDAY.
  LIGHT RAIN
  FOG


RELATIVE HUMIDITY (PERCENT)
 HIGHEST   100           500 AM
 LOWEST     77          1200 PM
 AVERAGE    89

..........................................................


THE WICHITA EISENHOWER NATIONAL CLIMATE NORMALS FOR TODAY
                         NORMAL    RECORD    YEAR
 MAXIMUM TEMPERATURE (F)   57        78      1897
 MINIMUM TEMPERATURE (F)   35         7      1940


SUNRISE AND SUNSET
NOVEMBER 14 2017......SUNRISE   709 AM CST   SUNSET   519 PM CST
NOVEMBER 15 2017......SUNRISE   710 AM CST   SUNSET   518 PM CST


-  INDICATES NEGATIVE NUMBERS.
R  INDICATES RECORD WAS SET OR TIED.
MM INDICATES DATA IS MISSING.
T  INDICATES TRACE AMOUNT.

$$
