000
CDUS43 KICT 230633
CLIICT


CLIMATE REPORT
NATIONAL WEATHER SERVICE WICHITA KS
132 AM CDT MON MAY 23 2016


...................................

...THE WICHITA EISENHOWER NATIONAL CLIMATE SUMMARY FOR MAY 22 2016...

CLIMATE NORMAL PERIOD 1981 TO 2010
CLIMATE RECORD PERIOD 1888 TO 2016


WEATHER ITEM   OBSERVED TIME   RECORD YEAR NORMAL DEPARTURE LAST
                VALUE   (LST)  VALUE       VALUE  FROM      YEAR
                                                  NORMAL
..................................................................
TEMPERATURE (F)
 YESTERDAY
  MAXIMUM         83    325 PM  95    1956  78      5       62
  MINIMUM         65    517 AM  38    1931  57      8       51
  AVERAGE         74                        68      6       57

PRECIPITATION (IN)
  YESTERDAY        0.00          1.82 1938   0.16  -0.16     0.29
  MONTH TO DATE    1.90                      3.13  -1.23     8.47
  SINCE MAR 1      9.66                      8.41   1.25    11.37
  SINCE JAN 1     10.40                     10.42  -0.02    13.14

SNOWFALL (IN)
  YESTERDAY        0.0           T    2006   0.0    0.0      0.0
  MONTH TO DATE    0.0                       0.0    0.0      0.0
  SINCE MAR 1      3.5                       2.5    1.0      1.1
  SINCE JUL 1      4.3                      14.9  -10.6     18.0
  SNOW DEPTH       0

DEGREE DAYS
 HEATING
  YESTERDAY        0                         2     -2        8
  MONTH TO DATE   91                        70     21       67
  SINCE MAR 1    654                       938   -284      704
  SINCE JUL 1   3504                      4578  -1074     4269

 COOLING
  YESTERDAY        9                         4      5        0
  MONTH TO DATE   31                        60    -29       55
  SINCE MAR 1     68                        86    -18       83
  SINCE JAN 1     68                        86    -18       83
..................................................................


WIND (MPH)
  HIGHEST WIND SPEED    32   HIGHEST WIND DIRECTION     S (180)
  HIGHEST GUST SPEED    39   HIGHEST GUST DIRECTION     S (180)
  AVERAGE WIND SPEED    21.1


SKY COVER
  POSSIBLE SUNSHINE  MM
  AVERAGE SKY COVER 0.8


WEATHER CONDITIONS
 THE FOLLOWING WEATHER WAS RECORDED YESTERDAY.
  NO SIGNIFICANT WEATHER WAS OBSERVED.


RELATIVE HUMIDITY (PERCENT)
 HIGHEST    79          1000 PM
 LOWEST     62          1200 PM
 AVERAGE    71

..........................................................


THE WICHITA EISENHOWER NATIONAL CLIMATE NORMALS FOR TODAY
                         NORMAL    RECORD    YEAR
 MAXIMUM TEMPERATURE (F)   79       100      1996
 MINIMUM TEMPERATURE (F)   58        40      1917
                                             1893


SUNRISE AND SUNSET
MAY 23 2016...........SUNRISE   614 AM CDT   SUNSET   839 PM CDT
MAY 24 2016...........SUNRISE   613 AM CDT   SUNSET   840 PM CDT


-  INDICATES NEGATIVE NUMBERS.
R  INDICATES RECORD WAS SET OR TIED.
MM INDICATES DATA IS MISSING.
T  INDICATES TRACE AMOUNT.




$$
