000
CDUS43 KICT 050630
CLIICT


CLIMATE REPORT
NATIONAL WEATHER SERVICE WICHITA KS
1230 AM CST MON FEB 5 2018


...................................

...THE WICHITA EISENHOWER NATIONAL CLIMATE SUMMARY FOR FEBRUARY 4 2018...

CLIMATE NORMAL PERIOD 1981 TO 2010
CLIMATE RECORD PERIOD 1888 TO 2018


WEATHER ITEM   OBSERVED TIME   RECORD YEAR NORMAL DEPARTURE LAST
                VALUE   (LST)  VALUE       VALUE  FROM      YEAR
                                                  NORMAL
..................................................................
TEMPERATURE (F)
 YESTERDAY
  MAXIMUM         43    100 AM  73    1946  45     -2       58
                                      1890
  MINIMUM         11   1159 PM  -7    1996  23    -12       22
  AVERAGE         27                        34     -7       40

PRECIPITATION (IN)
  YESTERDAY        T             0.86 1897   0.03  -0.03     0.00
  MONTH TO DATE    T                         0.13  -0.13     0.00
  SINCE DEC 1      0.23                      2.16  -1.93     3.45
  SINCE JAN 1      0.20                      0.96  -0.76     2.79

SNOWFALL (IN)
  YESTERDAY        T             8.7  2014   0.2   -0.2      0.0
  MONTH TO DATE    T                         0.6   -0.6      0.0
  SINCE DEC 1      0.3                       8.4   -8.1      2.0
  SINCE JUL 1      0.3                       9.8   -9.5      2.0
  SNOW DEPTH       0

DEGREE DAYS
 HEATING
  YESTERDAY       38                        31      7       25
  MONTH TO DATE  130                       124      6      123
  SINCE DEC 1   1947                      2108   -161     1982
  SINCE JUL 1   2677                      2984   -307     2435

 COOLING
  YESTERDAY        0                         0      0        0
  MONTH TO DATE    0                         0      0        0
  SINCE DEC 1      0                         0      0        0
  SINCE JAN 1      0                         0      0        0
..................................................................


WIND (MPH)
  HIGHEST WIND SPEED    35   HIGHEST WIND DIRECTION     N (360)
  HIGHEST GUST SPEED    44   HIGHEST GUST DIRECTION     N (10)
  AVERAGE WIND SPEED    16.4


SKY COVER
  POSSIBLE SUNSHINE  MM
  AVERAGE SKY COVER 0.6


WEATHER CONDITIONS
 THE FOLLOWING WEATHER WAS RECORDED YESTERDAY.
  LIGHT SNOW


RELATIVE HUMIDITY (PERCENT)
 HIGHEST    82           400 AM
 LOWEST     54           300 PM
 AVERAGE    68

..........................................................


THE WICHITA EISENHOWER NATIONAL CLIMATE NORMALS FOR TODAY
                         NORMAL    RECORD    YEAR
 MAXIMUM TEMPERATURE (F)   46        70      1938
 MINIMUM TEMPERATURE (F)   24       -16      1982


SUNRISE AND SUNSET
FEBRUARY  5 2018......SUNRISE   730 AM CST   SUNSET   558 PM CST
FEBRUARY  6 2018......SUNRISE   729 AM CST   SUNSET   559 PM CST


-  INDICATES NEGATIVE NUMBERS.
R  INDICATES RECORD WAS SET OR TIED.
MM INDICATES DATA IS MISSING.
T  INDICATES TRACE AMOUNT.




$$
