000
CDUS43 KICT 110654
CLIICT


CLIMATE REPORT
NATIONAL WEATHER SERVICE WICHITA KS
153 AM CDT THU MAY 11 2017


...................................

...THE WICHITA EISENHOWER NATIONAL CLIMATE SUMMARY FOR MAY 10 2017...

CLIMATE NORMAL PERIOD 1981 TO 2010
CLIMATE RECORD PERIOD 1888 TO 2017


WEATHER ITEM   OBSERVED TIME   RECORD YEAR NORMAL DEPARTURE LAST
                VALUE   (LST)  VALUE       VALUE  FROM      YEAR
                                                  NORMAL
..................................................................
TEMPERATURE (F)
 YESTERDAY
  MAXIMUM         70    531 PM 100    1967  75     -5       85
  MINIMUM         62   1011 AM  37    1946  53      9       50
  AVERAGE         66                        64      2       68

PRECIPITATION (IN)
  YESTERDAY        1.46          1.60 1912   0.14   1.32     0.00
  MONTH TO DATE    2.41                      1.34   1.07     0.45
  SINCE MAR 1     13.19                      6.62   6.57     8.21
  SINCE JAN 1     16.81                      8.63   8.18     8.95

SNOWFALL (IN)
  YESTERDAY        0.0           0.0  2007   0.0    0.0      0.0
                                      2001
  MONTH TO DATE    0.0                       0.0    0.0      0.0
  SINCE MAR 1      T                         2.5   -2.5      3.5
  SINCE JUL 1      2.0                      14.9  -12.9      4.3
  SNOW DEPTH       0

DEGREE DAYS
 HEATING
  YESTERDAY        0                         3     -3        0
  MONTH TO DATE   39                        41     -2       39
  SINCE MAR 1    704                       909   -205      602
  SINCE JUL 1   3548                      4549  -1001     3452

 COOLING
  YESTERDAY        1                         2     -1        3
  MONTH TO DATE   20                        18      2       13
  SINCE MAR 1     65                        44     21       50
  SINCE JAN 1     65                        44     21       50
..................................................................


WIND (MPH)
  HIGHEST WIND SPEED    39   HIGHEST WIND DIRECTION     S (180)
  HIGHEST GUST SPEED    48   HIGHEST GUST DIRECTION     S (170)
  AVERAGE WIND SPEED    11.0


SKY COVER
  POSSIBLE SUNSHINE  MM
  AVERAGE SKY COVER 0.9


WEATHER CONDITIONS
 THE FOLLOWING WEATHER WAS RECORDED YESTERDAY.
  THUNDERSTORM
  HEAVY RAIN
  RAIN
  LIGHT RAIN
  FOG


RELATIVE HUMIDITY (PERCENT)
 HIGHEST    93           500 AM
 LOWEST     78           600 PM
 AVERAGE    86

..........................................................


THE WICHITA EISENHOWER NATIONAL CLIMATE NORMALS FOR TODAY
                         NORMAL    RECORD    YEAR
 MAXIMUM TEMPERATURE (F)   75        94      2000
 MINIMUM TEMPERATURE (F)   54        33      1946


SUNRISE AND SUNSET
MAY 11 2017...........SUNRISE   623 AM CDT   SUNSET   829 PM CDT
MAY 12 2017...........SUNRISE   622 AM CDT   SUNSET   830 PM CDT


-  INDICATES NEGATIVE NUMBERS.
R  INDICATES RECORD WAS SET OR TIED.
MM INDICATES DATA IS MISSING.
T  INDICATES TRACE AMOUNT.




$$
