000
CDUS43 KICT 102305
CLIICT


CLIMATE REPORT
NATIONAL WEATHER SERVICE WICHITA KS
505 PM CST FRI MAR 10 2017


...................................

...THE WICHITA EISENHOWER NATIONAL CLIMATE SUMMARY FOR MARCH 10 2017...
VALID TODAY AS OF 0500 PM LOCAL TIME.

CLIMATE NORMAL PERIOD 1981 TO 2010
CLIMATE RECORD PERIOD 1888 TO 2017


WEATHER ITEM   OBSERVED TIME   RECORD YEAR NORMAL DEPARTURE LAST
                VALUE   (LST)  VALUE       VALUE  FROM      YEAR
                                                  NORMAL
..................................................................
TEMPERATURE (F)
 TODAY
  MAXIMUM         49    254 PM  85    1989  56     -7       72
                                      1967
                                      1955
  MINIMUM         30    747 AM  -1    1948  33     -3       39
  AVERAGE         40                        45     -5       56

PRECIPITATION (IN)
  TODAY            0.00          1.80 1973   0.08  -0.08     0.00
  MONTH TO DATE    0.00                      0.74  -0.74     0.05
  SINCE MAR 1      0.00                      0.74  -0.74     0.05
  SINCE JAN 1      3.62                      2.75   0.87     0.79

SNOWFALL (IN)
  TODAY            0.0           3.2  2000   0.0    0.0      0.0
  MONTH TO DATE    0.0                       0.8   -0.8      0.0
  SINCE MAR 1      0.0                       0.8   -0.8      0.0
  SINCE JUL 1      2.0                      13.2  -11.2      0.8
  SNOW DEPTH       0

DEGREE DAYS
 HEATING
  TODAY           25                        20      5        9
  MONTH TO DATE  141                       218    -77      112
  SINCE MAR 1    141                       218    -77      112
  SINCE JUL 1   2985                      3858   -873     2962

 COOLING
  TODAY            0                         0      0        0
  MONTH TO DATE    0                         0      0        3
  SINCE MAR 1      0                         0      0        3
  SINCE JAN 1      0                         0      0        3
..................................................................


WIND (MPH)
  HIGHEST WIND SPEED    32   HIGHEST WIND DIRECTION    NE (40)
  HIGHEST GUST SPEED    38   HIGHEST GUST DIRECTION    NE (40)
  AVERAGE WIND SPEED    17.9


SKY COVER
  POSSIBLE SUNSHINE  MM
  AVERAGE SKY COVER 0.2


WEATHER CONDITIONS
 THE FOLLOWING WEATHER WAS RECORDED TODAY.
  NO SIGNIFICANT WEATHER WAS OBSERVED.


RELATIVE HUMIDITY (PERCENT)
 HIGHEST    70           400 AM
 LOWEST     34           200 PM
 AVERAGE    52

..........................................................


THE WICHITA EISENHOWER NATIONAL CLIMATE NORMALS FOR TOMORROW
                         NORMAL    RECORD    YEAR
 MAXIMUM TEMPERATURE (F)   56        89      1989
 MINIMUM TEMPERATURE (F)   34        -3      1948


SUNRISE AND SUNSET
MARCH 10 2017.........SUNRISE   648 AM CST   SUNSET   632 PM CST
MARCH 11 2017.........SUNRISE   646 AM CST   SUNSET   633 PM CST


-  INDICATES NEGATIVE NUMBERS.
R  INDICATES RECORD WAS SET OR TIED.
MM INDICATES DATA IS MISSING.
T  INDICATES TRACE AMOUNT.




$$
