000
CDUS43 KICT 290655
CLIICT


CLIMATE REPORT
NATIONAL WEATHER SERVICE WICHITA KS
1255 AM CST FRI JAN 29 2016


...................................

...THE WICHITA EISENHOWER NATIONAL CLIMATE SUMMARY FOR JANUARY 28 2016...

CLIMATE NORMAL PERIOD 1981 TO 2010
CLIMATE RECORD PERIOD 1888 TO 2016


WEATHER ITEM   OBSERVED TIME   RECORD YEAR NORMAL DEPARTURE LAST
                VALUE   (LST)  VALUE       VALUE  FROM      YEAR
                                                  NORMAL
..................................................................
TEMPERATURE (F)
 YESTERDAY
  MAXIMUM         61    417 PM  74    2013  44     17       72
  MINIMUM         26    455 AM  -3    1948  22      4       38
  AVERAGE         44                        33     11       55

PRECIPITATION (IN)
  YESTERDAY        0.00          0.98 2001   0.04  -0.04     0.00
  MONTH TO DATE    0.19                      0.73  -0.54     0.44
  SINCE DEC 1      2.41                      1.93   0.48     1.73
  SINCE JAN 1      0.19                      0.73  -0.54     0.44

SNOWFALL (IN)
  YESTERDAY        0.0           2.8  2005   0.1   -0.1      0.0
  MONTH TO DATE    0.1                       3.2   -3.1      4.0
  SINCE DEC 1      0.5                       7.4   -6.9      8.2
  SINCE JUL 1      0.8                       8.8   -8.0     10.0
  SNOW DEPTH       0

DEGREE DAYS
 HEATING
  YESTERDAY       21                        32    -11       10
  MONTH TO DATE  901                       918    -17      867
  SINCE DEC 1   1631                      1885   -254     1692
  SINCE JUL 1   2200                      2761   -561     2572

 COOLING
  YESTERDAY        0                         0      0        0
  MONTH TO DATE    0                         0      0        0
  SINCE DEC 1      0                         0      0        0
  SINCE JAN 1      0                         0      0        0
..................................................................


WIND (MPH)
  HIGHEST WIND SPEED    16   HIGHEST WIND DIRECTION    NW (310)
  HIGHEST GUST SPEED    21   HIGHEST GUST DIRECTION     N (340)
  AVERAGE WIND SPEED     7.1


SKY COVER
  POSSIBLE SUNSHINE  MM
  AVERAGE SKY COVER 0.3


WEATHER CONDITIONS
 THE FOLLOWING WEATHER WAS RECORDED YESTERDAY.
  NO SIGNIFICANT WEATHER WAS OBSERVED.


RELATIVE HUMIDITY (PERCENT)
 HIGHEST    81           500 AM
 LOWEST     32           300 PM
 AVERAGE    57

..........................................................


THE WICHITA EISENHOWER NATIONAL CLIMATE NORMALS FOR TODAY
                         NORMAL    RECORD    YEAR
 MAXIMUM TEMPERATURE (F)   44        70      2011
                                             1971
 MINIMUM TEMPERATURE (F)   22        -3      1966


SUNRISE AND SUNSET
JANUARY 29 2016.......SUNRISE   736 AM CST   SUNSET   550 PM CST
JANUARY 30 2016.......SUNRISE   735 AM CST   SUNSET   551 PM CST


-  INDICATES NEGATIVE NUMBERS.
R  INDICATES RECORD WAS SET OR TIED.
MM INDICATES DATA IS MISSING.
T  INDICATES TRACE AMOUNT.




$$
