000
CDUS43 KICT 082306
CLIICT

CLIMATE REPORT
NATIONAL WEATHER SERVICE WICHITA KS
505 PM CST MON DEC 8 2014

...................................

...THE WICHITA MID CONTINENT CLIMATE SUMMARY FOR DECEMBER 8 2014...
VALID TODAY AS OF 0500 PM LOCAL TIME.

CLIMATE NORMAL PERIOD 1981 TO 2010
CLIMATE RECORD PERIOD 1888 TO 2014


WEATHER ITEM   OBSERVED TIME   RECORD YEAR NORMAL DEPARTURE LAST
                VALUE   (LST)  VALUE       VALUE  FROM      YEAR
                                                  NORMAL
..................................................................
TEMPERATURE (F)
 TODAY
  MAXIMUM         60    348 PM  69    1918  45     15       24
  MINIMUM         36    722 AM  -5    1917  25     11       18
  AVERAGE         48                        35     13       21

PRECIPITATION (IN)
  TODAY            0.00          0.51 1961   0.04  -0.04      T
  MONTH TO DATE    0.57                      0.35   0.22      T
  SINCE DEC 1      0.57                      0.35   0.22      T
  SINCE JAN 1     24.88                     31.79  -6.91    39.85

SNOWFALL (IN)
  TODAY            0.0           2.5  1961   0.2   -0.2       T
  MONTH TO DATE    0.0                       1.0   -1.0       T
  SINCE DEC 1      0.0                       1.0   -1.0       T
  SINCE JUL 1      1.8                       2.4   -0.6       T
  SNOW DEPTH       0

DEGREE DAYS
 HEATING
  TODAY           17                        30    -13       44
  MONTH TO DATE  204                       228    -24      282
  SINCE DEC 1    204                       228    -24      282
  SINCE JUL 1   1084                      1104    -20     1167

 COOLING
  TODAY            0                         0      0        0
  MONTH TO DATE    0                         0      0        0
  SINCE DEC 1      0                         0      0        0
  SINCE JAN 1   1849                      1686    163     1778
..................................................................


WIND (MPH)
  HIGHEST WIND SPEED    14   HIGHEST WIND DIRECTION     N (10)
  HIGHEST GUST SPEED    16   HIGHEST GUST DIRECTION     N (10)
  AVERAGE WIND SPEED     6.6


SKY COVER
  POSSIBLE SUNSHINE  MM
  AVERAGE SKY COVER 0.5


WEATHER CONDITIONS
 THE FOLLOWING WEATHER WAS RECORDED TODAY.
  FOG
  FOG W/VISIBILITY <= 1/4 MILE


RELATIVE HUMIDITY (PERCENT)
 HIGHEST    96           500 AM
 LOWEST     33           300 PM
 AVERAGE    65

..........................................................


THE WICHITA MID CONTINENT CLIMATE NORMALS FOR TOMORROW
                         NORMAL    RECORD    YEAR
 MAXIMUM TEMPERATURE (F)   45        67      1946
                                             1896
 MINIMUM TEMPERATURE (F)   25        -4      1919


SUNRISE AND SUNSET
DECEMBER  8 2014......SUNRISE   732 AM CST   SUNSET   511 PM CST
DECEMBER  9 2014......SUNRISE   733 AM CST   SUNSET   511 PM CST


-  INDICATES NEGATIVE NUMBERS.
R  INDICATES RECORD WAS SET OR TIED.
MM INDICATES DATA IS MISSING.
T  INDICATES TRACE AMOUNT.

$$

ES
