000
CDUS43 KICT 072310
CLIICT


CLIMATE REPORT
NATIONAL WEATHER SERVICE WICHITA KS
510 PM CST FRI NOV 7 2014


...................................

...THE WICHITA MID CONTINENT CLIMATE SUMMARY FOR NOVEMBER 7 2014...
VALID TODAY AS OF 0500 PM LOCAL TIME.

CLIMATE NORMAL PERIOD 1981 TO 2010
CLIMATE RECORD PERIOD 1888 TO 2014


WEATHER ITEM   OBSERVED TIME   RECORD YEAR NORMAL DEPARTURE LAST
                VALUE   (LST)  VALUE       VALUE  FROM      YEAR
                                                  NORMAL
..................................................................
TEMPERATURE (F)
 TODAY
  MAXIMUM         71    349 PM  81    1980  61     10       62
  MINIMUM         36    401 AM  18    1991  39     -3       30
  AVERAGE         54                        50      4       46

PRECIPITATION (IN)
  TODAY            0.00          1.91 1918   0.06  -0.06     0.00
  MONTH TO DATE    0.13                      0.40  -0.27     0.30
  SINCE SEP 1      2.01                      6.32  -4.31     5.38
  SINCE JAN 1     23.99                     30.41  -6.42    39.55

SNOWFALL (IN)
  TODAY            0.0           1.0  1889   0.1   -0.1      0.0
  MONTH TO DATE    0.0                       0.1   -0.1      0.0
  SINCE SEP 1      0.0                       0.2   -0.2       T
  SINCE JUL 1      0.0                       0.2   -0.2       T
  SNOW DEPTH       0

DEGREE DAYS
 HEATING
  TODAY           11                        15     -4       19
  MONTH TO DATE   94                        99     -5      103
  SINCE SEP 1    256                       384   -128      356
  SINCE JUL 1    257                       385   -128      357

 COOLING
  TODAY            0                         0      0        0
  MONTH TO DATE    0                         0      0        0
  SINCE SEP 1    353                       257     96      365
  SINCE JAN 1   1849                      1684    165     1778
..................................................................


WIND (MPH)
  HIGHEST WIND SPEED    35   HIGHEST WIND DIRECTION     S (190)
  HIGHEST GUST SPEED    42   HIGHEST GUST DIRECTION     S (190)
  AVERAGE WIND SPEED    15.4


SKY COVER
  POSSIBLE SUNSHINE  MM
  AVERAGE SKY COVER 0.4


WEATHER CONDITIONS
 THE FOLLOWING WEATHER WAS RECORDED TODAY.
  NO SIGNIFICANT WEATHER WAS OBSERVED.


RELATIVE HUMIDITY (PERCENT)
 HIGHEST    70           400 AM
 LOWEST     33          1100 AM
 AVERAGE    52

..........................................................


THE WICHITA MID CONTINENT CLIMATE NORMALS FOR TOMORROW
                         NORMAL    RECORD    YEAR
 MAXIMUM TEMPERATURE (F)   60        86      2006
 MINIMUM TEMPERATURE (F)   38        16      1991


SUNRISE AND SUNSET
NOVEMBER  7 2014......SUNRISE   701 AM CST   SUNSET   525 PM CST
NOVEMBER  8 2014......SUNRISE   702 AM CST   SUNSET   524 PM CST


-  INDICATES NEGATIVE NUMBERS.
R  INDICATES RECORD WAS SET OR TIED.
MM INDICATES DATA IS MISSING.
T  INDICATES TRACE AMOUNT.




$$
