000
CDUS43 KICT 090631
CLIICT


CLIMATE REPORT
NATIONAL WEATHER SERVICE WICHITA KS
1230 AM CST THU NOV 9 2017


...................................

...THE WICHITA EISENHOWER NATIONAL CLIMATE SUMMARY FOR NOVEMBER 8 2017...

CLIMATE NORMAL PERIOD 1981 TO 2010
CLIMATE RECORD PERIOD 1888 TO 2017


WEATHER ITEM   OBSERVED TIME   RECORD YEAR NORMAL DEPARTURE LAST
                VALUE   (LST)  VALUE       VALUE  FROM      YEAR
                                                  NORMAL
..................................................................
TEMPERATURE (F)
 YESTERDAY
  MAXIMUM         53    349 PM  86    2006  60     -7       63
  MINIMUM         28    745 AM  16    1991  38    -10       46
  AVERAGE         41                        49     -8       55

PRECIPITATION (IN)
  YESTERDAY        0.00          2.31 1916   0.06  -0.06      T
  MONTH TO DATE    T                         0.46  -0.46     0.14
  SINCE SEP 1      5.94                      6.38  -0.44    13.48
  SINCE JAN 1     33.29                     30.47   2.82    49.82

SNOWFALL (IN)
  YESTERDAY        0.0           0.3  2011   0.0    0.0      0.0
                                      1889
  MONTH TO DATE    0.0                       0.1   -0.1      0.0
  SINCE SEP 1      0.0                       0.2   -0.2      0.0
  SINCE JUL 1      0.0                       0.2   -0.2      0.0
  SNOW DEPTH       0

DEGREE DAYS
 HEATING
  YESTERDAY       24                        16      8       10
  MONTH TO DATE  158                       115     43       33
  SINCE SEP 1    382                       400    -18      123
  SINCE JUL 1    382                       401    -19      123

 COOLING
  YESTERDAY        0                         0      0        0
  MONTH TO DATE    0                         0      0       11
  SINCE SEP 1    344                       257     87      382
  SINCE JAN 1   1783                      1684     99     2054
..................................................................


WIND (MPH)
  HIGHEST WIND SPEED    10   HIGHEST WIND DIRECTION     N (20)
  HIGHEST GUST SPEED    20   HIGHEST GUST DIRECTION    NE (30)
  AVERAGE WIND SPEED     5.6


SKY COVER
  POSSIBLE SUNSHINE  MM
  AVERAGE SKY COVER 0.3


WEATHER CONDITIONS
 THE FOLLOWING WEATHER WAS RECORDED YESTERDAY.
  NO SIGNIFICANT WEATHER WAS OBSERVED.


RELATIVE HUMIDITY (PERCENT)
 HIGHEST    85           800 AM
 LOWEST     29           300 PM
 AVERAGE    57

..........................................................


THE WICHITA EISENHOWER NATIONAL CLIMATE NORMALS FOR TODAY
                         NORMAL    RECORD    YEAR
 MAXIMUM TEMPERATURE (F)   60        82      2006
 MINIMUM TEMPERATURE (F)   38        21      1950


SUNRISE AND SUNSET
NOVEMBER  9 2017......SUNRISE   704 AM CST   SUNSET   523 PM CST
NOVEMBER 10 2017......SUNRISE   705 AM CST   SUNSET   522 PM CST


-  INDICATES NEGATIVE NUMBERS.
R  INDICATES RECORD WAS SET OR TIED.
MM INDICATES DATA IS MISSING.
T  INDICATES TRACE AMOUNT.




$$
