811
CDUS43 KICT 130633
CLIICT


CLIMATE REPORT
NATIONAL WEATHER SERVICE WICHITA KS
133 AM CDT THU JUL 13 2017


...................................

...THE WICHITA EISENHOWER NATIONAL CLIMATE SUMMARY FOR JULY 12 2017...

CLIMATE NORMAL PERIOD 1981 TO 2010
CLIMATE RECORD PERIOD 1888 TO 2017


WEATHER ITEM   OBSERVED TIME   RECORD YEAR NORMAL DEPARTURE LAST
                VALUE   (LST)  VALUE       VALUE  FROM      YEAR
                                                  NORMAL
..................................................................
TEMPERATURE (F)
 YESTERDAY
  MAXIMUM        101    317 PM 112    1980  92      9       90
  MINIMUM         74    548 AM  56    1975  70      4       70
  AVERAGE         88                        81      7       80

PRECIPITATION (IN)
  YESTERDAY        0.00          2.81 1949   0.11  -0.11     0.05
  MONTH TO DATE    0.23                      1.46  -1.23     7.90
  SINCE JUN 1      4.81                      6.66  -1.85    10.73
  SINCE JAN 1     23.65                     18.52   5.13    26.29

SNOWFALL (IN)
  YESTERDAY        0.0           0.0  2007   0.0    0.0      0.0
  MONTH TO DATE    0.0                       0.0    0.0      0.0
  SINCE JUN 1      0.0                       0.0    0.0      0.0
  SINCE JUL 1      0.0                       0.0    0.0      0.0
  SNOW DEPTH       0

DEGREE DAYS
 HEATING
  YESTERDAY        0                         0      0        0
  MONTH TO DATE    0                         0      0        0
  SINCE JUN 1      0                         6     -6        0
  SINCE JUL 1      0                         0      0        0

 COOLING
  YESTERDAY       23                        16      7       15
  MONTH TO DATE  187                       187      0      213
  SINCE JUN 1    557                       516     41      699
  SINCE JAN 1    713                       652     61      829
..................................................................


WIND (MPH)
  HIGHEST WIND SPEED    23   HIGHEST WIND DIRECTION    SW (210)
  HIGHEST GUST SPEED    28   HIGHEST GUST DIRECTION     S (200)
  AVERAGE WIND SPEED    15.0


SKY COVER
  POSSIBLE SUNSHINE  MM
  AVERAGE SKY COVER 0.2


WEATHER CONDITIONS
 THE FOLLOWING WEATHER WAS RECORDED YESTERDAY.
  NO SIGNIFICANT WEATHER WAS OBSERVED.


RELATIVE HUMIDITY (PERCENT)
 HIGHEST    82           400 AM
 LOWEST     29           200 PM
 AVERAGE    56

..........................................................


THE WICHITA EISENHOWER NATIONAL CLIMATE NORMALS FOR TODAY
                         NORMAL    RECORD    YEAR
 MAXIMUM TEMPERATURE (F)   93       111      1954
 MINIMUM TEMPERATURE (F)   70        51      1975


SUNRISE AND SUNSET
JULY 13 2017..........SUNRISE   619 AM CDT   SUNSET   852 PM CDT
JULY 14 2017..........SUNRISE   620 AM CDT   SUNSET   851 PM CDT


-  INDICATES NEGATIVE NUMBERS.
R  INDICATES RECORD WAS SET OR TIED.
MM INDICATES DATA IS MISSING.
T  INDICATES TRACE AMOUNT.




$$
