000
CDUS43 KICT 050702
CLIICT


CLIMATE REPORT
NATIONAL WEATHER SERVICE WICHITA KS
1256 AM CST THU MAR 5 2015


...................................

...THE WICHITA EISENHOWER NATIONAL CLIMATE SUMMARY FOR MARCH 4 2015...

CLIMATE NORMAL PERIOD 1981 TO 2010
CLIMATE RECORD PERIOD 1888 TO 2015


WEATHER ITEM   OBSERVED TIME   RECORD YEAR NORMAL DEPARTURE LAST
                VALUE   (LST)  VALUE       VALUE  FROM      YEAR
                                                  NORMAL
..................................................................
TEMPERATURE (F)
 YESTERDAY
  MAXIMUM         32   1255 AM  82    1910  54    -22       36
  MINIMUM         16   1123 PM   1    1960  31    -15        8
  AVERAGE         24                        43    -19       22

PRECIPITATION (IN)
  YESTERDAY        0.08          2.26 2004   0.07   0.01     0.00
  MONTH TO DATE    0.14                      0.26  -0.12     0.22
  SINCE MAR 1      0.14                      0.26  -0.12     0.22
  SINCE JAN 1      1.79                      2.27  -0.48     1.21

SNOWFALL (IN)
  YESTERDAY        1.0           3.0  1915   0.1    0.9      0.0
  MONTH TO DATE    1.1                       0.3    0.8      3.2
  SINCE MAR 1      1.1                       0.3    0.8      3.2
  SINCE JUL 1     18.0                      12.7    5.3     22.7
  SNOW DEPTH       1

DEGREE DAYS
 HEATING
  YESTERDAY       41                        22     19       43
  MONTH TO DATE  144                        91     53      196
  SINCE MAR 1    144                        91     53      196
  SINCE JUL 1   3709                      3731    -22     4115

 COOLING
  YESTERDAY        0                         0      0        0
  MONTH TO DATE    0                         0      0        0
  SINCE MAR 1      0                         0      0        0
  SINCE JAN 1      0                         0      0        0
..................................................................


WIND (MPH)
  HIGHEST WIND SPEED    28   HIGHEST WIND DIRECTION     N (20)
  HIGHEST GUST SPEED    35   HIGHEST GUST DIRECTION     N (20)
  AVERAGE WIND SPEED    13.8


SKY COVER
  POSSIBLE SUNSHINE  MM
  AVERAGE SKY COVER 0.9


WEATHER CONDITIONS
 THE FOLLOWING WEATHER WAS RECORDED YESTERDAY.
  SNOW
  LIGHT SNOW
  SLEET
  FOG


RELATIVE HUMIDITY (PERCENT)
 HIGHEST    84           400 AM
 LOWEST     36           600 PM
 AVERAGE    60

..........................................................


THE WICHITA EISENHOWER NATIONAL CLIMATE NORMALS FOR TODAY
                         NORMAL    RECORD    YEAR
 MAXIMUM TEMPERATURE (F)   54        85      2009
 MINIMUM TEMPERATURE (F)   32         3      1960


SUNRISE AND SUNSET
MARCH  5 2015.........SUNRISE   656 AM CST   SUNSET   627 PM CST
MARCH  6 2015.........SUNRISE   654 AM CST   SUNSET   628 PM CST


-  INDICATES NEGATIVE NUMBERS.
R  INDICATES RECORD WAS SET OR TIED.
MM INDICATES DATA IS MISSING.
T  INDICATES TRACE AMOUNT.




$$
