000
CDUS43 KICT 120630
CLIICT

CLIMATE REPORT
NATIONAL WEATHER SERVICE WICHITA KS
1229 AM CST TUE DEC 12 2017


...................................

...THE WICHITA EISENHOWER NATIONAL CLIMATE SUMMARY FOR DECEMBER 11 2017...

CLIMATE NORMAL PERIOD 1981 TO 2010
CLIMATE RECORD PERIOD 1888 TO 2017


WEATHER ITEM   OBSERVED TIME   RECORD YEAR NORMAL DEPARTURE LAST
                VALUE   (LST)  VALUE       VALUE  FROM      YEAR
                                                  NORMAL
..................................................................
TEMPERATURE (F)
 YESTERDAY
  MAXIMUM         67    119 PM  75    1939  44     23       49
  MINIMUM         35    244 AM  -3    1932  25     10       28
  AVERAGE         51                        34     17       39

PRECIPITATION (IN)
  YESTERDAY        0.00          1.11 2007   0.04  -0.04     0.00
  MONTH TO DATE    0.00                      0.48  -0.48     0.37
  SINCE DEC 1      0.00                      0.48  -0.48     0.37
  SINCE JAN 1     33.81                     31.92   1.89    50.31

SNOWFALL (IN)
  YESTERDAY        0.0           3.5  1941   0.1   -0.1      0.0
  MONTH TO DATE    0.0                       1.4   -1.4       T
  SINCE DEC 1      0.0                       1.4   -1.4       T
  SINCE JUL 1      0.0                       2.8   -2.8       T
  SNOW DEPTH       0

DEGREE DAYS
 HEATING
  YESTERDAY       14                        31    -17       26
  MONTH TO DATE  244                       319    -75      331
  SINCE DEC 1    244                       319    -75      331
  SINCE JUL 1    974                      1195   -221      784

 COOLING
  YESTERDAY        0                         0      0        0
  MONTH TO DATE    0                         0      0        0
  SINCE DEC 1      0                         0      0        0
  SINCE JAN 1   1785                      1686     99     2054
..................................................................


WIND (MPH)
  HIGHEST WIND SPEED    33   HIGHEST WIND DIRECTION    NW (320)
  HIGHEST GUST SPEED    40   HIGHEST GUST DIRECTION    NW (330)
  AVERAGE WIND SPEED    17.1


SKY COVER
  POSSIBLE SUNSHINE  MM
  AVERAGE SKY COVER 0.3


WEATHER CONDITIONS
 THE FOLLOWING WEATHER WAS RECORDED YESTERDAY.
  NO SIGNIFICANT WEATHER WAS OBSERVED.


RELATIVE HUMIDITY (PERCENT)
 HIGHEST    60          1100 PM
 LOWEST     13           100 PM
 AVERAGE    37

..........................................................


THE WICHITA EISENHOWER NATIONAL CLIMATE NORMALS FOR TODAY
                         NORMAL    RECORD    YEAR
 MAXIMUM TEMPERATURE (F)   44        73      1889
 MINIMUM TEMPERATURE (F)   24        -4      1932


SUNRISE AND SUNSET
DECEMBER 12 2017......SUNRISE   736 AM CST   SUNSET   512 PM CST
DECEMBER 13 2017......SUNRISE   736 AM CST   SUNSET   512 PM CST


-  INDICATES NEGATIVE NUMBERS.
R  INDICATES RECORD WAS SET OR TIED.
MM INDICATES DATA IS MISSING.
T  INDICATES TRACE AMOUNT.




$$
