000
CDUS43 KICT 210641
CLIICT


CLIMATE REPORT
NATIONAL WEATHER SERVICE WICHITA KS
140 AM CDT SAT OCT 21 2017


...................................

...THE WICHITA EISENHOWER NATIONAL CLIMATE SUMMARY FOR OCTOBER 20 2017...

CLIMATE NORMAL PERIOD 1981 TO 2010
CLIMATE RECORD PERIOD 1888 TO 2017


WEATHER ITEM   OBSERVED TIME   RECORD YEAR NORMAL DEPARTURE LAST
                VALUE   (LST)  VALUE       VALUE  FROM      YEAR
                                                  NORMAL
..................................................................
TEMPERATURE (F)
 YESTERDAY
  MAXIMUM         78    125 PM  92    1979  68     10       64
  MINIMUM         57    539 AM  21    1976  46     11       43
  AVERAGE         68                        57     11       54

PRECIPITATION (IN)
  YESTERDAY        0.00          2.02 1935   0.09  -0.09     0.00
  MONTH TO DATE    3.01                      1.93   1.08     1.12
  SINCE SEP 1      5.35                      5.07   0.28    12.42
  SINCE JAN 1     32.70                     29.16   3.54    48.76

SNOWFALL (IN)
  YESTERDAY        0.0           0.0  2007   0.0    0.0      0.0
  MONTH TO DATE    0.0                       0.0    0.0      0.0
  SINCE SEP 1      0.0                       0.0    0.0      0.0
  SINCE JUL 1      0.0                       0.0    0.0      0.0
  SNOW DEPTH       0

DEGREE DAYS
 HEATING
  YESTERDAY        0                         9     -9       11
  MONTH TO DATE   64                       125    -61       54
  SINCE SEP 1     70                       167    -97       68
  SINCE JUL 1     70                       168    -98       68

 COOLING
  YESTERDAY        3                         1      2        0
  MONTH TO DATE   67                        33     34       68
  SINCE SEP 1    343                       255     88      348
  SINCE JAN 1   1782                      1682    100     2020
..................................................................


WIND (MPH)
  HIGHEST WIND SPEED    36   HIGHEST WIND DIRECTION     S (160)
  HIGHEST GUST SPEED    43   HIGHEST GUST DIRECTION     S (180)
  AVERAGE WIND SPEED    20.7


SKY COVER
  POSSIBLE SUNSHINE  MM
  AVERAGE SKY COVER 0.4


WEATHER CONDITIONS
 THE FOLLOWING WEATHER WAS RECORDED YESTERDAY.
  NO SIGNIFICANT WEATHER WAS OBSERVED.


RELATIVE HUMIDITY (PERCENT)
 HIGHEST    93           200 AM
 LOWEST     54           200 PM
 AVERAGE    74

..........................................................


THE WICHITA EISENHOWER NATIONAL CLIMATE NORMALS FOR TODAY
                         NORMAL    RECORD    YEAR
 MAXIMUM TEMPERATURE (F)   68        89      2012
                                             1978
 MINIMUM TEMPERATURE (F)   45        29      1976


SUNRISE AND SUNSET
OCTOBER 21 2017.......SUNRISE   744 AM CDT   SUNSET   644 PM CDT
OCTOBER 22 2017.......SUNRISE   745 AM CDT   SUNSET   643 PM CDT


-  INDICATES NEGATIVE NUMBERS.
R  INDICATES RECORD WAS SET OR TIED.
MM INDICATES DATA IS MISSING.
T  INDICATES TRACE AMOUNT.




$$
