000
CDUS43 KICT 270621
CLIICT


CLIMATE REPORT
NATIONAL WEATHER SERVICE WICHITA KS
121 AM CDT MON JUL 27 2015


...................................

...THE WICHITA EISENHOWER NATIONAL CLIMATE SUMMARY FOR JULY 26 2015...

CLIMATE NORMAL PERIOD 1981 TO 2010
CLIMATE RECORD PERIOD 1888 TO 2015


WEATHER ITEM   OBSERVED TIME   RECORD YEAR NORMAL DEPARTURE LAST
                VALUE   (LST)  VALUE       VALUE  FROM      YEAR
                                                  NORMAL
..................................................................
TEMPERATURE (F)
 YESTERDAY
  MAXIMUM         96    438 PM 105    2006  93      3      104
                                      1952
                                      1910
  MINIMUM         79    705 AM  57    2004  70      9       75
  AVERAGE         88                        81      7       90

PRECIPITATION (IN)
  YESTERDAY        T             2.13 2013   0.09  -0.09     0.00
  MONTH TO DATE    5.60                      2.84   2.76     2.86
  SINCE JUN 1      7.80                      8.04  -0.24    13.32
  SINCE JAN 1     24.24                     19.90   4.34    19.39

SNOWFALL (IN)
  YESTERDAY        0.0           0.0  2007   0.0    0.0      0.0
  MONTH TO DATE    0.0                       0.0    0.0      0.0
  SINCE JUN 1      0.0                       0.0    0.0      0.0
  SINCE JUL 1      0.0                       0.0    0.0      0.0
  SNOW DEPTH       0

DEGREE DAYS
 HEATING
  YESTERDAY        0                         0      0        0
  MONTH TO DATE    0                         0      0        1
  SINCE JUN 1      0                         6     -6        1
  SINCE JUL 1      0                         0      0        1

 COOLING
  YESTERDAY       23                        16      7       25
  MONTH TO DATE  452                       411     41      331
  SINCE JUN 1    911                       740    171      673
  SINCE JAN 1   1024                       876    148      940
..................................................................


WIND (MPH)
  HIGHEST WIND SPEED    18   HIGHEST WIND DIRECTION    SE (140)
  HIGHEST GUST SPEED    25   HIGHEST GUST DIRECTION    SW (210)
  AVERAGE WIND SPEED     9.5


SKY COVER
  POSSIBLE SUNSHINE  MM
  AVERAGE SKY COVER 0.5


WEATHER CONDITIONS
 THE FOLLOWING WEATHER WAS RECORDED YESTERDAY.
  NO SIGNIFICANT WEATHER WAS OBSERVED.


RELATIVE HUMIDITY (PERCENT)
 HIGHEST    74           100 AM
 LOWEST     42           400 PM
 AVERAGE    58

..........................................................


THE WICHITA EISENHOWER NATIONAL CLIMATE NORMALS FOR TODAY
                         NORMAL    RECORD    YEAR
 MAXIMUM TEMPERATURE (F)   93       111      2011
 MINIMUM TEMPERATURE (F)   70        58      2005
                                             2004
                                             1994


SUNRISE AND SUNSET
JULY 27 2015..........SUNRISE   629 AM CDT   SUNSET   843 PM CDT
JULY 28 2015..........SUNRISE   630 AM CDT   SUNSET   842 PM CDT


-  INDICATES NEGATIVE NUMBERS.
R  INDICATES RECORD WAS SET OR TIED.
MM INDICATES DATA IS MISSING.
T  INDICATES TRACE AMOUNT.




$$
