000
CDUS43 KICT 300651
CLIICT


CLIMATE REPORT
NATIONAL WEATHER SERVICE WICHITA KS
1250 AM CST THU NOV 30 2017


...................................

...THE WICHITA EISENHOWER NATIONAL CLIMATE SUMMARY FOR NOVEMBER 29 2017...

CLIMATE NORMAL PERIOD 1981 TO 2010
CLIMATE RECORD PERIOD 1888 TO 2017


WEATHER ITEM   OBSERVED TIME   RECORD YEAR NORMAL DEPARTURE LAST
                VALUE   (LST)  VALUE       VALUE  FROM      YEAR
                                                  NORMAL
..................................................................
TEMPERATURE (F)
 YESTERDAY
  MAXIMUM         52    433 PM  76    1933  49      3       55
  MINIMUM         38   1153 PM   6    1976  29      9       33
  AVERAGE         45                        39      6       44

PRECIPITATION (IN)
  YESTERDAY        0.40          1.06 1913   0.04   0.36     0.00
  MONTH TO DATE    0.52                      1.39  -0.87     0.26
  SINCE SEP 1      6.46                      7.31  -0.85    13.60
  SINCE JAN 1     33.81                     31.40   2.41    49.94

SNOWFALL (IN)
  YESTERDAY       MM             1.8  1923   0.1   MM        0.0
  MONTH TO DATE    0.0                       1.2   -1.2      0.0
  SINCE SEP 1      0.0                       1.3   -1.3      0.0
  SINCE JUL 1      0.0                       1.3   -1.3      0.0
  SNOW DEPTH       0

DEGREE DAYS
 HEATING
  YESTERDAY       20                        26     -6       21
  MONTH TO DATE  487                       561    -74      336
  SINCE SEP 1    711                       846   -135      426
  SINCE JUL 1    711                       847   -136      426

 COOLING
  YESTERDAY        0                         0      0        0
  MONTH TO DATE    2                         0      2       11
  SINCE SEP 1    346                       257     89      382
  SINCE JAN 1   1785                      1684    101     2054
..................................................................


WIND (MPH)
  HIGHEST WIND SPEED    21   HIGHEST WIND DIRECTION    NE (50)
  HIGHEST GUST SPEED    26   HIGHEST GUST DIRECTION     W (290)
  AVERAGE WIND SPEED     7.5


SKY COVER
  POSSIBLE SUNSHINE  MM
  AVERAGE SKY COVER 0.9


WEATHER CONDITIONS
 THE FOLLOWING WEATHER WAS RECORDED YESTERDAY.
  RAIN
  LIGHT RAIN
  FOG


RELATIVE HUMIDITY (PERCENT)
 HIGHEST    92           900 PM
 LOWEST     50          1100 AM
 AVERAGE    71

..........................................................


THE WICHITA EISENHOWER NATIONAL CLIMATE NORMALS FOR TODAY
                         NORMAL    RECORD    YEAR
 MAXIMUM TEMPERATURE (F)   49        73      1995
 MINIMUM TEMPERATURE (F)   28        10      1964
                                             1896


SUNRISE AND SUNSET
NOVEMBER 30 2017......SUNRISE   725 AM CST   SUNSET   511 PM CST
DECEMBER  1 2017......SUNRISE   726 AM CST   SUNSET   511 PM CST


-  INDICATES NEGATIVE NUMBERS.
R  INDICATES RECORD WAS SET OR TIED.
MM INDICATES DATA IS MISSING.
T  INDICATES TRACE AMOUNT.




$$
