000
CDUS43 KICT 090654
CLIICT


CLIMATE REPORT
NATIONAL WEATHER SERVICE WICHITA KS
153 AM CDT WED APR 9 2014


...................................

...THE WICHITA MID CONTINENT KS CLIMATE SUMMARY FOR APRIL 8 2014...

CLIMATE NORMAL PERIOD 1981 TO 2010
CLIMATE RECORD PERIOD 1888 TO 2014


WEATHER ITEM   OBSERVED TIME   RECORD YEAR NORMAL DEPARTURE LAST
                VALUE   (LST)  VALUE       VALUE  FROM      YEAR
                                                  NORMAL
..................................................................
TEMPERATURE (F)
 YESTERDAY
  MAXIMUM         67    341 PM  89    1905  65      2       74
  MINIMUM         39   1159 PM  22    2007  42     -3       59
  AVERAGE         53                        54     -1       67

PRECIPITATION (IN)
  YESTERDAY        0.00          1.78 1922   0.07  -0.07      T
  MONTH TO DATE    0.41                      0.60  -0.19     0.43
  SINCE MAR 1      0.90                      3.29  -2.39     2.54
  SINCE JAN 1      1.89                      5.30  -3.41     5.56

SNOWFALL (IN)
  YESTERDAY        0.0           3.9  1938   0.0    0.0      0.0
  MONTH TO DATE    0.0                       0.1   -0.1       T
  SINCE MAR 1      3.2                       2.4    0.8      5.3
  SINCE JUL 1     22.7                      14.8    7.9     29.8
  SNOW DEPTH       0

DEGREE DAYS
 HEATING
  YESTERDAY       12                        12      0        0
  MONTH TO DATE  115                       103     12      108
  SINCE MAR 1    792                       680    112      774
  SINCE JUL 1   4711                      4320    391     4045

 COOLING
  YESTERDAY        0                         1     -1        2
  MONTH TO DATE    0                         1     -1        2
  SINCE MAR 1      0                         3     -3        2
  SINCE JAN 1      0                         3     -3        2
..................................................................


WIND (MPH)
  HIGHEST WIND SPEED    30   HIGHEST WIND DIRECTION     N (350)
  HIGHEST GUST SPEED    40   HIGHEST GUST DIRECTION     N (350)
  AVERAGE WIND SPEED    14.7


SKY COVER
  POSSIBLE SUNSHINE  MM
  AVERAGE SKY COVER 0.3


WEATHER CONDITIONS
 THE FOLLOWING WEATHER WAS RECORDED YESTERDAY.
  NO SIGNIFICANT WEATHER WAS OBSERVED.


RELATIVE HUMIDITY (PERCENT)
 HIGHEST    79           600 AM
 LOWEST     19           500 PM
 AVERAGE    49

..........................................................


THE WICHITA MID CONTINENT KS CLIMATE NORMALS FOR TODAY
                         NORMAL    RECORD    YEAR
 MAXIMUM TEMPERATURE (F)   66        91      1930
 MINIMUM TEMPERATURE (F)   42        25      2003


SUNRISE AND SUNSET
APRIL  9 2014.........SUNRISE   703 AM CDT   SUNSET   800 PM CDT
APRIL 10 2014.........SUNRISE   702 AM CDT   SUNSET   801 PM CDT


-  INDICATES NEGATIVE NUMBERS.
R  INDICATES RECORD WAS SET OR TIED.
MM INDICATES DATA IS MISSING.
T  INDICATES TRACE AMOUNT.




$$
