000
CDUS43 KICT 220637
CLIICT


CLIMATE REPORT
NATIONAL WEATHER SERVICE WICHITA KS
136 AM CDT SUN OCT 22 2017


...................................

...THE WICHITA EISENHOWER NATIONAL CLIMATE SUMMARY FOR OCTOBER 21 2017...

CLIMATE NORMAL PERIOD 1981 TO 2010
CLIMATE RECORD PERIOD 1888 TO 2017


WEATHER ITEM   OBSERVED TIME   RECORD YEAR NORMAL DEPARTURE LAST
                VALUE   (LST)  VALUE       VALUE  FROM      YEAR
                                                  NORMAL
..................................................................
TEMPERATURE (F)
 YESTERDAY
  MAXIMUM         76    124 PM  89    2012  68      8       69
                                      1978
  MINIMUM         55   1159 PM  29    1976  45     10       36
  AVERAGE         66                        56     10       53

PRECIPITATION (IN)
  YESTERDAY        0.59          2.38 1900   0.10   0.49     0.00
  MONTH TO DATE    3.60                      2.03   1.57     1.12
  SINCE SEP 1      5.94                      5.17   0.77    12.42
  SINCE JAN 1     33.29                     29.26   4.03    48.76

SNOWFALL (IN)
  YESTERDAY        0.0           0.0  2007   0.0    0.0      0.0
  MONTH TO DATE    0.0                       0.0    0.0      0.0
  SINCE SEP 1      0.0                       0.0    0.0      0.0
  SINCE JUL 1      0.0                       0.0    0.0      0.0
  SNOW DEPTH       0

DEGREE DAYS
 HEATING
  YESTERDAY        0                         9     -9       12
  MONTH TO DATE   64                       134    -70       66
  SINCE SEP 1     70                       176   -106       80
  SINCE JUL 1     70                       177   -107       80

 COOLING
  YESTERDAY        1                         1      0        0
  MONTH TO DATE   68                        34     34       68
  SINCE SEP 1    344                       256     88      348
  SINCE JAN 1   1783                      1683    100     2020
..................................................................


WIND (MPH)
  HIGHEST WIND SPEED    32   HIGHEST WIND DIRECTION     S (190)
  HIGHEST GUST SPEED    41   HIGHEST GUST DIRECTION     S (170)
  AVERAGE WIND SPEED    17.8


SKY COVER
  POSSIBLE SUNSHINE  MM
  AVERAGE SKY COVER 1.0


WEATHER CONDITIONS
 THE FOLLOWING WEATHER WAS RECORDED YESTERDAY.
  THUNDERSTORM
  HEAVY RAIN
  RAIN
  LIGHT RAIN
  FOG


RELATIVE HUMIDITY (PERCENT)
 HIGHEST    87           300 AM
 LOWEST     62          1100 PM
 AVERAGE    75

..........................................................


THE WICHITA EISENHOWER NATIONAL CLIMATE NORMALS FOR TODAY
                         NORMAL    RECORD    YEAR
 MAXIMUM TEMPERATURE (F)   68        87      1899
 MINIMUM TEMPERATURE (F)   45        26      2006


SUNRISE AND SUNSET
OCTOBER 22 2017.......SUNRISE   745 AM CDT   SUNSET   643 PM CDT
OCTOBER 23 2017.......SUNRISE   746 AM CDT   SUNSET   641 PM CDT


-  INDICATES NEGATIVE NUMBERS.
R  INDICATES RECORD WAS SET OR TIED.
MM INDICATES DATA IS MISSING.
T  INDICATES TRACE AMOUNT.




$$
