000
CDUS43 KICT 300629
CLIICT


CLIMATE REPORT
NATIONAL WEATHER SERVICE WICHITA KS
128 AM CDT THU MAR 30 2017


...................................

...THE WICHITA EISENHOWER NATIONAL CLIMATE SUMMARY FOR MARCH 29 2017...

CLIMATE NORMAL PERIOD 1981 TO 2010
CLIMATE RECORD PERIOD 1888 TO 2017


WEATHER ITEM   OBSERVED TIME   RECORD YEAR NORMAL DEPARTURE LAST
                VALUE   (LST)  VALUE       VALUE  FROM      YEAR
                                                  NORMAL
..................................................................
TEMPERATURE (F)
 YESTERDAY
  MAXIMUM         60    210 PM  90    1895  62     -2       70
  MINIMUM         44   1159 PM  16    1894  39      5       49
  AVERAGE         52                        50      2       60

PRECIPITATION (IN)
  YESTERDAY        0.52          1.10 1983   0.10   0.42     0.00
                                      1980
  MONTH TO DATE    3.50                      2.49   1.01     1.53
  SINCE MAR 1      3.50                      2.49   1.01     1.53
  SINCE JAN 1      7.12                      4.50   2.62     2.27

SNOWFALL (IN)
  YESTERDAY        0.0           3.0  1926   0.1   -0.1      0.0
  MONTH TO DATE    T                         2.2   -2.2      3.5
  SINCE MAR 1      T                         2.2   -2.2      3.5
  SINCE JUL 1      2.0                      14.6  -12.6      4.3
  SNOW DEPTH       0

DEGREE DAYS
 HEATING
  YESTERDAY       13                        15     -2        5
  MONTH TO DATE  395                       548   -153      376
  SINCE MAR 1    395                       548   -153      376
  SINCE JUL 1   3239                      4188   -949     3226

 COOLING
  YESTERDAY        0                         0      0        0
  MONTH TO DATE   18                         0     18        3
  SINCE MAR 1     18                         0     18        3
  SINCE JAN 1     18                         0     18        3
..................................................................


WIND (MPH)
  HIGHEST WIND SPEED    32   HIGHEST WIND DIRECTION     N (20)
  HIGHEST GUST SPEED    40   HIGHEST GUST DIRECTION     N (10)
  AVERAGE WIND SPEED    16.3


SKY COVER
  POSSIBLE SUNSHINE  MM
  AVERAGE SKY COVER 1.0


WEATHER CONDITIONS
 THE FOLLOWING WEATHER WAS RECORDED YESTERDAY.
  THUNDERSTORM
  HEAVY RAIN
  RAIN
  LIGHT RAIN
  FOG
  HAZE


RELATIVE HUMIDITY (PERCENT)
 HIGHEST   100          1200 AM
 LOWEST     77           400 PM
 AVERAGE    89

..........................................................


THE WICHITA EISENHOWER NATIONAL CLIMATE NORMALS FOR TODAY
                         NORMAL    RECORD    YEAR
 MAXIMUM TEMPERATURE (F)   63        83      1917
 MINIMUM TEMPERATURE (F)   39        18      1964


SUNRISE AND SUNSET
MARCH 30 2017.........SUNRISE   718 AM CDT   SUNSET   751 PM CDT
MARCH 31 2017.........SUNRISE   716 AM CDT   SUNSET   752 PM CDT


-  INDICATES NEGATIVE NUMBERS.
R  INDICATES RECORD WAS SET OR TIED.
MM INDICATES DATA IS MISSING.
T  INDICATES TRACE AMOUNT.




$$
