000
CDUS43 KICT 280645
CLIICT


CLIMATE REPORT
NATIONAL WEATHER SERVICE WICHITA KS
145 AM CDT THU AUG 28 2014


...................................

...THE WICHITA MID CONTINENT KS CLIMATE SUMMARY FOR AUGUST 27 2014...

CLIMATE NORMAL PERIOD 1981 TO 2010
CLIMATE RECORD PERIOD 1888 TO 2014


WEATHER ITEM   OBSERVED TIME   RECORD YEAR NORMAL DEPARTURE LAST
                VALUE   (LST)  VALUE       VALUE  FROM      YEAR
                                                  NORMAL
..................................................................
TEMPERATURE (F)
 YESTERDAY
  MAXIMUM         92    428 PM 108    2000  90      2       92
  MINIMUM         70    604 AM  48    1967  67      3       68
  AVERAGE         81                        78      3       80

PRECIPITATION (IN)
  YESTERDAY        0.00          3.46 1908   0.12  -0.12     0.00
  MONTH TO DATE    2.12                      3.21  -1.09    10.63
  SINCE JUN 1     15.65                     11.73   3.92    20.15
  SINCE JAN 1     21.72                     23.59  -1.87    34.17

SNOWFALL (IN)
  YESTERDAY        0.0           0.0  2007   0.0    0.0      0.0
  MONTH TO DATE    0.0                       0.0    0.0      0.0
  SINCE JUN 1      0.0                       0.0    0.0      0.0
  SINCE JUL 1      0.0                       0.0    0.0      0.0
  SNOW DEPTH       0

DEGREE DAYS
 HEATING
  YESTERDAY        0                         0      0        0
  MONTH TO DATE    0                         0      0        0
  SINCE JUN 1      1                         6     -5        4
  SINCE JUL 1      1                         0      1        1

 COOLING
  YESTERDAY       16                        14      2       15
  MONTH TO DATE  447                       414     33      333
  SINCE JUN 1   1172                      1240    -68     1194
  SINCE JAN 1   1439                      1376     63     1332
..................................................................


WIND (MPH)
  HIGHEST WIND SPEED    18   HIGHEST WIND DIRECTION    SE (130)
  HIGHEST GUST SPEED    23   HIGHEST GUST DIRECTION    SE (140)
  AVERAGE WIND SPEED     7.1


SKY COVER
  POSSIBLE SUNSHINE  MM
  AVERAGE SKY COVER 0.7


WEATHER CONDITIONS
 THE FOLLOWING WEATHER WAS RECORDED YESTERDAY.
  NO SIGNIFICANT WEATHER WAS OBSERVED.


RELATIVE HUMIDITY (PERCENT)
 HIGHEST    84           600 AM
 LOWEST     41           200 PM
 AVERAGE    63

..........................................................


THE WICHITA MID CONTINENT KS CLIMATE NORMALS FOR TODAY
                         NORMAL    RECORD    YEAR
 MAXIMUM TEMPERATURE (F)   90       107      1984
 MINIMUM TEMPERATURE (F)   67        53      1986
                                             1967
                                             1935


SUNRISE AND SUNSET
AUGUST 28 2014........SUNRISE   656 AM CDT   SUNSET   805 PM CDT
AUGUST 29 2014........SUNRISE   657 AM CDT   SUNSET   803 PM CDT


-  INDICATES NEGATIVE NUMBERS.
R  INDICATES RECORD WAS SET OR TIED.
MM INDICATES DATA IS MISSING.
T  INDICATES TRACE AMOUNT.




$$
