000
CDUS43 KICT 270632
CLIICT


CLIMATE REPORT
NATIONAL WEATHER SERVICE WICHITA KS
132 AM CDT FRI MAR 27 2015


...................................

...THE WICHITA EISENHOWER NATIONAL CLIMATE SUMMARY FOR MARCH 26 2015...

CLIMATE NORMAL PERIOD 1981 TO 2010
CLIMATE RECORD PERIOD 1888 TO 2015


WEATHER ITEM   OBSERVED TIME   RECORD YEAR NORMAL DEPARTURE LAST
                VALUE   (LST)  VALUE       VALUE  FROM      YEAR
                                                  NORMAL
..................................................................
TEMPERATURE (F)
 YESTERDAY
  MAXIMUM         58    608 PM  83    1918  61     -3       52
  MINIMUM         35    644 AM   6    1955  38     -3       34
  AVERAGE         47                        50     -3       43

PRECIPITATION (IN)
  YESTERDAY        T             2.59 1961   0.09  -0.09     0.04
  MONTH TO DATE    0.28                      2.19  -1.91     0.49
  SINCE MAR 1      0.28                      2.19  -1.91     0.49
  SINCE JAN 1      2.05                      4.20  -2.15     1.48

SNOWFALL (IN)
  YESTERDAY       MM             0.5  1916   0.0   MM        0.0
  MONTH TO DATE    1.1                       2.0   -0.9      3.2
  SINCE MAR 1      1.1                       2.0   -0.9      3.2
  SINCE JUL 1     18.0                      14.4    3.6     22.7
  SNOW DEPTH       0

DEGREE DAYS
 HEATING
  YESTERDAY       18                        16      2       22
  MONTH TO DATE  430                       503    -73      627
  SINCE MAR 1    430                       503    -73      627
  SINCE JUL 1   3995                      4143   -148     4546

 COOLING
  YESTERDAY        0                         0      0        0
  MONTH TO DATE    0                         0      0        0
  SINCE MAR 1      0                         0      0        0
  SINCE JAN 1      0                         0      0        0
..................................................................


WIND (MPH)
  HIGHEST WIND SPEED    22   HIGHEST WIND DIRECTION     N (350)
  HIGHEST GUST SPEED    26   HIGHEST GUST DIRECTION     N (350)
  AVERAGE WIND SPEED     9.4


SKY COVER
  POSSIBLE SUNSHINE  MM
  AVERAGE SKY COVER 0.4


WEATHER CONDITIONS
 THE FOLLOWING WEATHER WAS RECORDED YESTERDAY.
  LIGHT RAIN


RELATIVE HUMIDITY (PERCENT)
 HIGHEST    85           500 AM
 LOWEST     36           400 PM
 AVERAGE    61

..........................................................


THE WICHITA EISENHOWER NATIONAL CLIMATE NORMALS FOR TODAY
                         NORMAL    RECORD    YEAR
 MAXIMUM TEMPERATURE (F)   62        90      1895
 MINIMUM TEMPERATURE (F)   38        14      1955


SUNRISE AND SUNSET
MARCH 27 2015.........SUNRISE   723 AM CDT   SUNSET   748 PM CDT
MARCH 28 2015.........SUNRISE   721 AM CDT   SUNSET   749 PM CDT


-  INDICATES NEGATIVE NUMBERS.
R  INDICATES RECORD WAS SET OR TIED.
MM INDICATES DATA IS MISSING.
T  INDICATES TRACE AMOUNT.




$$
