931
CDUS43 KICT 210629
CLIICT


CLIMATE REPORT
NATIONAL WEATHER SERVICE WICHITA KS
1228 AM CST SAT JAN 21 2017


...................................

...THE WICHITA EISENHOWER NATIONAL CLIMATE SUMMARY FOR JANUARY 20 2017...

CLIMATE NORMAL PERIOD 1981 TO 2010
CLIMATE RECORD PERIOD 1888 TO 2017


WEATHER ITEM   OBSERVED TIME   RECORD YEAR NORMAL DEPARTURE LAST
                VALUE   (LST)  VALUE       VALUE  FROM      YEAR
                                                  NORMAL
..................................................................
TEMPERATURE (F)
 YESTERDAY
  MAXIMUM         52    228 PM  71    1906  43      9       28
  MINIMUM         31   1035 PM -12    1962  22      9       22
  AVERAGE         42                        32     10       25

PRECIPITATION (IN)
  YESTERDAY        T             0.50 1897   0.02  -0.02      T
  MONTH TO DATE    2.55                      0.48   2.07     0.18
  SINCE DEC 1      3.21                      1.68   1.53     2.40
  SINCE JAN 1      2.55                      0.48   2.07     0.18

SNOWFALL (IN)
  YESTERDAY       MM             5.2  2007   0.2   MM         T
  MONTH TO DATE    T                         2.2   -2.2      0.1
  SINCE DEC 1      2.0                       6.4   -4.4      0.5
  SINCE JUL 1      2.0                       7.8   -5.8      0.8
  SNOW DEPTH       0

DEGREE DAYS
 HEATING
  YESTERDAY       23                        33    -10       40
  MONTH TO DATE  620                       660    -40      667
  SINCE DEC 1   1607                      1627    -20     1397
  SINCE JUL 1   2060                      2503   -443     1966

 COOLING
  YESTERDAY        0                         0      0        0
  MONTH TO DATE    0                         0      0        0
  SINCE DEC 1      0                         0      0        0
  SINCE JAN 1      0                         0      0        0
..................................................................


WIND (MPH)
  HIGHEST WIND SPEED    21   HIGHEST WIND DIRECTION     S (200)
  HIGHEST GUST SPEED    24   HIGHEST GUST DIRECTION     S (200)
  AVERAGE WIND SPEED     7.6


SKY COVER
  POSSIBLE SUNSHINE  MM
  AVERAGE SKY COVER 0.8


WEATHER CONDITIONS
 THE FOLLOWING WEATHER WAS RECORDED YESTERDAY.
  LIGHT RAIN
  FOG
  FOG W/VISIBILITY <= 1/4 MILE
  HAZE


RELATIVE HUMIDITY (PERCENT)
 HIGHEST   100          1200 AM
 LOWEST     74           400 PM
 AVERAGE    87

..........................................................


THE WICHITA EISENHOWER NATIONAL CLIMATE NORMALS FOR TODAY
                         NORMAL    RECORD    YEAR
 MAXIMUM TEMPERATURE (F)   43        69      1964
 MINIMUM TEMPERATURE (F)   22        -7      1935


SUNRISE AND SUNSET
JANUARY 21 2017.......SUNRISE   741 AM CST   SUNSET   542 PM CST
JANUARY 22 2017.......SUNRISE   740 AM CST   SUNSET   543 PM CST


-  INDICATES NEGATIVE NUMBERS.
R  INDICATES RECORD WAS SET OR TIED.
MM INDICATES DATA IS MISSING.
T  INDICATES TRACE AMOUNT.




$$
