000
CDUS43 KICT 140623
CLIICT

CLIMATE REPORT
NATIONAL WEATHER SERVICE WICHITA KS
1222 AM CST THU DEC 14 2017


...................................

...THE WICHITA EISENHOWER NATIONAL CLIMATE SUMMARY FOR DECEMBER 13 2017...

CLIMATE NORMAL PERIOD 1981 TO 2010
CLIMATE RECORD PERIOD 1888 TO 2017


WEATHER ITEM   OBSERVED TIME   RECORD YEAR NORMAL DEPARTURE LAST
                VALUE   (LST)  VALUE       VALUE  FROM      YEAR
                                                  NORMAL
..................................................................
TEMPERATURE (F)
 YESTERDAY
  MAXIMUM         66    242 PM  75    1921  44     22       31
  MINIMUM         27    621 AM  -2    1961  24      3       18
                                      1917
  AVERAGE         47                        34     13       25

PRECIPITATION (IN)
  YESTERDAY        0.00          1.01 2015   0.04  -0.04     0.00
  MONTH TO DATE    0.00                      0.56  -0.56     0.37
  SINCE DEC 1      0.00                      0.56  -0.56     0.37
  SINCE JAN 1     33.81                     32.00   1.81    50.31

SNOWFALL (IN)
  YESTERDAY        0.0           4.5  1945   0.1   -0.1      0.0
  MONTH TO DATE    0.0                       1.7   -1.7       T
  SINCE DEC 1      0.0                       1.7   -1.7       T
  SINCE JUL 1      0.0                       3.1   -3.1       T
  SNOW DEPTH       0

DEGREE DAYS
 HEATING
  YESTERDAY       18                        31    -13       40
  MONTH TO DATE  287                       381    -94      408
  SINCE DEC 1    287                       381    -94      408
  SINCE JUL 1   1017                      1257   -240      861

 COOLING
  YESTERDAY        0                         0      0        0
  MONTH TO DATE    0                         0      0        0
  SINCE DEC 1      0                         0      0        0
  SINCE JAN 1   1785                      1686     99     2054
..................................................................


WIND (MPH)
  HIGHEST WIND SPEED    29   HIGHEST WIND DIRECTION     N (340)
  HIGHEST GUST SPEED    37   HIGHEST GUST DIRECTION    NW (330)
  AVERAGE WIND SPEED    11.7


SKY COVER
  POSSIBLE SUNSHINE  MM
  AVERAGE SKY COVER 0.2


WEATHER CONDITIONS
 THE FOLLOWING WEATHER WAS RECORDED YESTERDAY.
  NO SIGNIFICANT WEATHER WAS OBSERVED.


RELATIVE HUMIDITY (PERCENT)
 HIGHEST    78           300 AM
 LOWEST     18           200 PM
 AVERAGE    48

..........................................................


THE WICHITA EISENHOWER NATIONAL CLIMATE NORMALS FOR TODAY
                         NORMAL    RECORD    YEAR
 MAXIMUM TEMPERATURE (F)   43        70      1948
 MINIMUM TEMPERATURE (F)   24        -6      1901


SUNRISE AND SUNSET
DECEMBER 14 2017......SUNRISE   737 AM CST   SUNSET   512 PM CST
DECEMBER 15 2017......SUNRISE   738 AM CST   SUNSET   512 PM CST


-  INDICATES NEGATIVE NUMBERS.
R  INDICATES RECORD WAS SET OR TIED.
MM INDICATES DATA IS MISSING.
T  INDICATES TRACE AMOUNT.




$$
