600
CDUS43 KICT 100640
CLIICT


CLIMATE REPORT
NATIONAL WEATHER SERVICE WICHITA KS
1239 AM CST SAT DEC 10 2016


...................................

...THE WICHITA EISENHOWER NATIONAL CLIMATE SUMMARY FOR DECEMBER 9 2016...

CLIMATE NORMAL PERIOD 1981 TO 2010
CLIMATE RECORD PERIOD 1888 TO 2016


WEATHER ITEM   OBSERVED TIME   RECORD YEAR NORMAL DEPARTURE LAST
                VALUE   (LST)  VALUE       VALUE  FROM      YEAR
                                                  NORMAL
..................................................................
TEMPERATURE (F)
 YESTERDAY
  MAXIMUM         29    344 PM  67    1946  45    -16       66
                                      1896
  MINIMUM         12    128 AM  -4    1919  25    -13       33
  AVERAGE         21                        35    -14       50

PRECIPITATION (IN)
  YESTERDAY        0.00          1.79 1911   0.04  -0.04     0.00
  MONTH TO DATE    0.37                      0.39  -0.02     0.00
  SINCE DEC 1      0.37                      0.39  -0.02     0.00
  SINCE JAN 1     50.31                     31.83  18.48    39.80

SNOWFALL (IN)
  YESTERDAY        0.0           3.4  1947   0.1   -0.1      0.0
  MONTH TO DATE    T                         1.1   -1.1      0.0
  SINCE DEC 1      T                         1.1   -1.1      0.0
  SINCE JUL 1      T                         2.5   -2.5      0.3
  SNOW DEPTH       0

DEGREE DAYS
 HEATING
  YESTERDAY       44                        30     14       15
  MONTH TO DATE  273                       258     15      189
  SINCE DEC 1    273                       258     15      189
  SINCE JUL 1    726                      1134   -408      758

 COOLING
  YESTERDAY        0                         0      0        0
  MONTH TO DATE    0                         0      0        0
  SINCE DEC 1      0                         0      0        0
  SINCE JAN 1   2054                      1686    368     1907
..................................................................


WIND (MPH)
  HIGHEST WIND SPEED    18   HIGHEST WIND DIRECTION     S (170)
  HIGHEST GUST SPEED    22   HIGHEST GUST DIRECTION     S (170)
  AVERAGE WIND SPEED     7.4


SKY COVER
  POSSIBLE SUNSHINE  MM
  AVERAGE SKY COVER 0.7


WEATHER CONDITIONS
 THE FOLLOWING WEATHER WAS RECORDED YESTERDAY.
  NO SIGNIFICANT WEATHER WAS OBSERVED.


RELATIVE HUMIDITY (PERCENT)
 HIGHEST    84           100 AM
 LOWEST     46           300 PM
 AVERAGE    65

..........................................................


THE WICHITA EISENHOWER NATIONAL CLIMATE NORMALS FOR TODAY
                         NORMAL    RECORD    YEAR
 MAXIMUM TEMPERATURE (F)   44        72      1890
 MINIMUM TEMPERATURE (F)   25        -3      1919


SUNRISE AND SUNSET
DECEMBER 10 2016......SUNRISE   734 AM CST   SUNSET   511 PM CST
DECEMBER 11 2016......SUNRISE   735 AM CST   SUNSET   511 PM CST


-  INDICATES NEGATIVE NUMBERS.
R  INDICATES RECORD WAS SET OR TIED.
MM INDICATES DATA IS MISSING.
T  INDICATES TRACE AMOUNT.




$$
