000
CDUS43 KICT 180635
CLIICT


CLIMATE REPORT
NATIONAL WEATHER SERVICE WICHITA KS
1235 AM CST THU DEC 18 2014


...................................

...THE WICHITA MID CONTINENT KS CLIMATE SUMMARY FOR DECEMBER 17 2014...

CLIMATE NORMAL PERIOD 1981 TO 2010
CLIMATE RECORD PERIOD 1888 TO 2014


WEATHER ITEM   OBSERVED TIME   RECORD YEAR NORMAL DEPARTURE LAST
                VALUE   (LST)  VALUE       VALUE  FROM      YEAR
                                                  NORMAL
..................................................................
TEMPERATURE (F)
 YESTERDAY
  MAXIMUM         34    306 PM  72    1939  43     -9       57
  MINIMUM         29    819 AM   1    1901  24      5       24
  AVERAGE         32                        33     -1       41

PRECIPITATION (IN)
  YESTERDAY        0.25          0.52 2005   0.04   0.21     0.00
  MONTH TO DATE    1.06                      0.72   0.34      T
  SINCE DEC 1      1.06                      0.72   0.34      T
  SINCE JAN 1     25.37                     32.16  -6.79    39.85

SNOWFALL (IN)
  YESTERDAY        2.0           5.5  2005   0.1    1.9      0.0
  MONTH TO DATE    2.0                       2.3   -0.3       T
  SINCE DEC 1      2.0                       2.3   -0.3       T
  SINCE JUL 1      3.8                       3.7    0.1       T
  SNOW DEPTH       0

DEGREE DAYS
 HEATING
  YESTERDAY       33                        32      1       24
  MONTH TO DATE  397                       508   -111      582
  SINCE DEC 1    397                       508   -111      582
  SINCE JUL 1   1277                      1384   -107     1467

 COOLING
  YESTERDAY        0                         0      0        0
  MONTH TO DATE    0                         0      0        0
  SINCE DEC 1      0                         0      0        0
  SINCE JAN 1   1849                      1686    163     1778
..................................................................


WIND (MPH)
  HIGHEST WIND SPEED    14   HIGHEST WIND DIRECTION     E (80)
  HIGHEST GUST SPEED    16   HIGHEST GUST DIRECTION     E (80)
  AVERAGE WIND SPEED     8.2


SKY COVER
  POSSIBLE SUNSHINE  MM
  AVERAGE SKY COVER 1.0


WEATHER CONDITIONS
 THE FOLLOWING WEATHER WAS RECORDED YESTERDAY.
  LT FREEZING RAIN
  HEAVY SNOW
  SNOW
  LIGHT SNOW
  SLEET
  FOG
  FOG W/VISIBILITY <= 1/4 MILE


RELATIVE HUMIDITY (PERCENT)
 HIGHEST    92           600 PM
 LOWEST     69          1200 AM
 AVERAGE    81

..........................................................


THE WICHITA MID CONTINENT KS CLIMATE NORMALS FOR TODAY
                         NORMAL    RECORD    YEAR
 MAXIMUM TEMPERATURE (F)   42        68      2001
                                             1889
 MINIMUM TEMPERATURE (F)   23        -4      1983


SUNRISE AND SUNSET
DECEMBER 18 2014......SUNRISE   739 AM CST   SUNSET   513 PM CST
DECEMBER 19 2014......SUNRISE   740 AM CST   SUNSET   514 PM CST


-  INDICATES NEGATIVE NUMBERS.
R  INDICATES RECORD WAS SET OR TIED.
MM INDICATES DATA IS MISSING.
T  INDICATES TRACE AMOUNT.




$$
