000
CDUS43 KICT 152306
CLIICT


CLIMATE REPORT
NATIONAL WEATHER SERVICE WICHITA KS
506 PM CST WED NOV 15 2017


...................................

...THE WICHITA EISENHOWER NATIONAL CLIMATE SUMMARY FOR NOVEMBER 15 2017...
VALID TODAY AS OF 0500 PM LOCAL TIME.

CLIMATE NORMAL PERIOD 1981 TO 2010
CLIMATE RECORD PERIOD 1888 TO 2017


WEATHER ITEM   OBSERVED TIME   RECORD YEAR NORMAL DEPARTURE LAST
                VALUE   (LST)  VALUE       VALUE  FROM      YEAR
                                                  NORMAL
..................................................................
TEMPERATURE (F)
 TODAY
  MAXIMUM         61    315 PM  77    2016  57      4       77
                                      1952
  MINIMUM         48    819 AM  10    1940  35     13       39
  AVERAGE         55                        46      9       58

PRECIPITATION (IN)
  TODAY            T             2.83 1964   0.04  -0.04     0.00
  MONTH TO DATE    0.12                      0.82  -0.70     0.14
  SINCE SEP 1      6.06                      6.74  -0.68    13.48
  SINCE JAN 1     33.41                     30.83   2.58    49.82

SNOWFALL (IN)
  TODAY            0.0           3.0  1937   0.1   -0.1      0.0
  MONTH TO DATE    0.0                       0.3   -0.3      0.0
  SINCE SEP 1      0.0                       0.4   -0.4      0.0
  SINCE JUL 1      0.0                       0.4   -0.4      0.0
  SNOW DEPTH       0

DEGREE DAYS
 HEATING
  TODAY           10                        19     -9        7
  MONTH TO DATE  267                       239     28      121
  SINCE SEP 1    491                       524    -33      211
  SINCE JUL 1    491                       525    -34      211

 COOLING
  TODAY            0                         0      0        0
  MONTH TO DATE    0                         0      0       11
  SINCE SEP 1    344                       257     87      382
  SINCE JAN 1   1783                      1684     99     2054
..................................................................


WIND (MPH)
  HIGHEST WIND SPEED    30   HIGHEST WIND DIRECTION     N (340)
  HIGHEST GUST SPEED    36   HIGHEST GUST DIRECTION     N (360)
  AVERAGE WIND SPEED    12.9


SKY COVER
  POSSIBLE SUNSHINE  MM
  AVERAGE SKY COVER 0.5


WEATHER CONDITIONS
 THE FOLLOWING WEATHER WAS RECORDED TODAY.
  FOG


RELATIVE HUMIDITY (PERCENT)
 HIGHEST   100          1200 AM
 LOWEST     36           300 PM
 AVERAGE    68

..........................................................


THE WICHITA EISENHOWER NATIONAL CLIMATE NORMALS FOR TOMORROW
                         NORMAL    RECORD    YEAR
 MAXIMUM TEMPERATURE (F)   56        84      2016
 MINIMUM TEMPERATURE (F)   34        10      1955


SUNRISE AND SUNSET
NOVEMBER 15 2017......SUNRISE   710 AM CST   SUNSET   518 PM CST
NOVEMBER 16 2017......SUNRISE   711 AM CST   SUNSET   518 PM CST


-  INDICATES NEGATIVE NUMBERS.
R  INDICATES RECORD WAS SET OR TIED.
MM INDICATES DATA IS MISSING.
T  INDICATES TRACE AMOUNT.




$$
